Last updated on 2025-02-23 15:49:41 CET.
Flavor | Version | Tinstall | Tcheck | Ttotal | Status | Flags |
---|---|---|---|---|---|---|
r-devel-linux-x86_64-debian-clang | 1.1.3-2 | 3064.49 | 87.15 | 3151.64 | OK | |
r-devel-linux-x86_64-debian-gcc | 1.2.0 | 2719.75 | 69.45 | 2789.20 | OK | |
r-devel-linux-x86_64-fedora-clang | 1.2.0 | 5880.55 | WARN | |||
r-devel-linux-x86_64-fedora-gcc | 1.2.0 | 7961.08 | OK | |||
r-devel-macos-arm64 | 1.1.3-2 | 1239.00 | OK | |||
r-devel-macos-x86_64 | 1.2.0 | 854.00 | OK | |||
r-devel-windows-x86_64 | 1.1.3-2 | 3248.00 | 403.00 | 3651.00 | OK | |
r-patched-linux-x86_64 | 1.2.0 | 3678.34 | 83.72 | 3762.06 | OK | |
r-release-linux-x86_64 | 1.2.0 | 3667.33 | 85.31 | 3752.64 | OK | |
r-release-macos-arm64 | 1.1.3-2 | 1224.00 | NOTE | |||
r-release-macos-x86_64 | 1.2.0 | 984.00 | NOTE | |||
r-release-windows-x86_64 | 1.1.3-2 | 3020.00 | 369.00 | 3389.00 | NOTE | |
r-oldrel-macos-arm64 | 1.1.3-1 | 956.00 | NOTE | |||
r-oldrel-macos-x86_64 | 1.2.0 | 1040.00 | NOTE | |||
r-oldrel-windows-x86_64 | 1.2.0 | 2542.00 | 443.00 | 2985.00 | NOTE |
Version: 1.2.0
Check: whether package can be installed
Result: WARN
Found the following significant warnings:
../inst/include/cpp11/R.hpp:54:31: warning: identifier '_xl' preceded by whitespace in a literal operator declaration is deprecated [-Wdeprecated-literal-operator]
../inst/include/cpp11/named_arg.hpp:44:29: warning: identifier '_nm' preceded by whitespace in a literal operator declaration is deprecated [-Wdeprecated-literal-operator]
duckdb/third_party/fmt/include/fmt/format.h:551:33: warning: identifier '_u' preceded by whitespace in a literal operator declaration is deprecated [-Wdeprecated-literal-operator]
duckdb/third_party/fmt/include/fmt/format.h:3345:56: warning: identifier '_format' preceded by whitespace in a literal operator declaration is deprecated [-Wdeprecated-literal-operator]
duckdb/third_party/fmt/include/fmt/format.h:3349:59: warning: identifier '_format' preceded by whitespace in a literal operator declaration is deprecated [-Wdeprecated-literal-operator]
duckdb/third_party/fmt/include/fmt/format.h:3365:50: warning: identifier '_a' preceded by whitespace in a literal operator declaration is deprecated [-Wdeprecated-literal-operator]
duckdb/third_party/fmt/include/fmt/format.h:3369:53: warning: identifier '_a' preceded by whitespace in a literal operator declaration is deprecated [-Wdeprecated-literal-operator]
duckdb/third_party/httplib/httplib.hpp:3422:43: warning: identifier '_t' preceded by whitespace in a literal operator declaration is deprecated [-Wdeprecated-literal-operator]
duckdb/third_party/httplib/httplib.hpp:3437:26: warning: identifier '_t' preceded by whitespace in a literal operator declaration is deprecated [-Wdeprecated-literal-operator]
duckdb/third_party/httplib/httplib.hpp:3495:26: warning: identifier '_t' preceded by whitespace in a literal operator declaration is deprecated [-Wdeprecated-literal-operator]
See ‘/data/gannet/ripley/R/packages/tests-clang/duckdb.Rcheck/00install.out’ for details.
* used C++ compiler: ‘clang version 20.1.0-rc2’
Flavor: r-devel-linux-x86_64-fedora-clang
Version: 1.1.3-2
Check: installed package size
Result: NOTE
installed size is 49.4Mb
sub-directories of 1Mb or more:
libs 48.6Mb
Flavors: r-release-macos-arm64, r-release-windows-x86_64
Version: 1.2.0
Check: installed package size
Result: NOTE
installed size is 51.0Mb
sub-directories of 1Mb or more:
libs 50.3Mb
Flavors: r-release-macos-x86_64, r-oldrel-macos-x86_64, r-oldrel-windows-x86_64
Version: 1.1.3-1
Check: installed package size
Result: NOTE
installed size is 49.3Mb
sub-directories of 1Mb or more:
libs 48.6Mb
Flavor: r-oldrel-macos-arm64
These binaries (installable software) and packages are in development.
They may not be fully stable and should be used with caution. We make no claims about them.
Health stats visible at Monitor.