Last updated on 2024-05-02 04:00:15 CEST.
Flavor | Version | Tinstall | Tcheck | Ttotal | Status | Flags |
---|---|---|---|---|---|---|
r-devel-linux-x86_64-debian-clang | 0.4.4 | 9.02 | 200.36 | 209.38 | NOTE | |
r-devel-linux-x86_64-debian-gcc | 0.4.4 | 7.23 | 145.01 | 152.24 | NOTE | |
r-devel-linux-x86_64-fedora-clang | 0.4.4 | 258.45 | NOTE | |||
r-devel-linux-x86_64-fedora-gcc | 0.4.4 | 257.18 | NOTE | |||
r-devel-windows-x86_64 | 0.4.4 | 12.00 | 182.00 | 194.00 | NOTE | |
r-patched-linux-x86_64 | 0.4.4 | 9.52 | 191.83 | 201.35 | NOTE | |
r-release-linux-x86_64 | 0.4.4 | 7.37 | 190.30 | 197.67 | NOTE | |
r-release-macos-arm64 | 0.4.4 | 79.00 | NOTE | |||
r-release-windows-x86_64 | 0.4.4 | 12.00 | 188.00 | 200.00 | NOTE | |
r-oldrel-macos-arm64 | 0.4.4 | 86.00 | OK | |||
r-oldrel-macos-x86_64 | 0.4.4 | 185.00 | OK | |||
r-oldrel-windows-x86_64 | 0.4.4 | 13.00 | 235.00 | 248.00 | OK |
Version: 0.4.4
Check: Rd files
Result: NOTE
checkRd: (-1) count_subgroup.Rd:29: Lost braces; missing escapes or markup?
29 | {.subgroup} for the subgroup column name and \{.name\} for the subgroup
| ^
checkRd: (-1) p_count_subgroup.Rd:29: Lost braces; missing escapes or markup?
29 | {.subgroup} for the subgroup column name and \{.name\} for the subgroup
| ^
Flavors: r-devel-linux-x86_64-debian-clang, r-devel-linux-x86_64-debian-gcc, r-devel-linux-x86_64-fedora-clang, r-devel-linux-x86_64-fedora-gcc, r-devel-windows-x86_64, r-patched-linux-x86_64, r-release-linux-x86_64, r-release-macos-arm64, r-release-windows-x86_64
Version: 0.4.4
Check: HTML version of manual
Result: NOTE
Found the following HTML validation problems:
p_mutate.html:56:1 (p_mutate.Rd:17): Warning: trimming empty <dt>
p_rename.html:56:1 (p_rename.Rd:17): Warning: trimming empty <dt>
p_select.html:56:1 (p_select.Rd:17): Warning: trimming empty <dt>
p_transmute.html:56:1 (p_transmute.Rd:17): Warning: trimming empty <dt>
p_ungroup.html:56:1 (p_ungroup.Rd:21): Warning: trimming empty <dt>
Flavors: r-devel-linux-x86_64-debian-clang, r-devel-linux-x86_64-debian-gcc, r-devel-linux-x86_64-fedora-clang, r-devel-linux-x86_64-fedora-gcc, r-devel-windows-x86_64, r-patched-linux-x86_64, r-release-linux-x86_64, r-release-windows-x86_64
Version: 0.4.4
Check: Rd cross-references
Result: NOTE
Undeclared package ‘vctrs’ in Rd xrefs
Flavor: r-devel-linux-x86_64-fedora-clang
These binaries (installable software) and packages are in development.
They may not be fully stable and should be used with caution. We make no claims about them.
Health stats visible at Monitor.