Last updated on 2025-02-23 19:51:03 CET.
Flavor | Version | Tinstall | Tcheck | Ttotal | Status | Flags |
---|---|---|---|---|---|---|
r-devel-linux-x86_64-debian-clang | 0.0.2 | 2.81 | 27.14 | 29.95 | ERROR | |
r-devel-linux-x86_64-debian-gcc | 0.0.2 | 1.92 | 21.59 | 23.51 | ERROR | |
r-devel-linux-x86_64-fedora-clang | 0.0.2 | 47.85 | ERROR | |||
r-devel-linux-x86_64-fedora-gcc | 0.0.2 | 57.44 | ERROR | |||
r-devel-macos-arm64 | 0.0.2 | 35.00 | OK | |||
r-devel-macos-x86_64 | 0.0.2 | 55.00 | OK | |||
r-devel-windows-x86_64 | 0.0.2 | 5.00 | 60.00 | 65.00 | ERROR | |
r-patched-linux-x86_64 | 0.0.2 | 2.54 | 25.72 | 28.26 | ERROR | |
r-release-linux-x86_64 | 0.0.2 | 2.01 | 26.04 | 28.05 | ERROR | |
r-release-macos-arm64 | 0.0.2 | 32.00 | OK | |||
r-release-macos-x86_64 | 0.0.2 | 48.00 | OK | |||
r-release-windows-x86_64 | 0.0.2 | 5.00 | 50.00 | 55.00 | ERROR | |
r-oldrel-macos-arm64 | 0.0.2 | 35.00 | OK | |||
r-oldrel-macos-x86_64 | 0.0.2 | 63.00 | OK | |||
r-oldrel-windows-x86_64 | 0.0.2 | 5.00 | 53.00 | 58.00 | ERROR |
Version: 0.0.2
Check: examples
Result: ERROR
Running examples in ‘dtmapi-Ex.R’ failed
The error most likely occurred in:
> base::assign(".ptime", proc.time(), pos = "CheckExEnv")
> ### Name: get_idp_admin1_data
> ### Title: Fetch IDP Admin1 Data
> ### Aliases: get_idp_admin1_data
>
> ### ** Examples
>
> # Fetch IDP data at Admin Level 1
> idp_admin1_df <- get_idp_admin1_data(CountryName='Sudan', Admin1Name="Blue Nile")
Error in value[[3L]](cond) :
API request failed: HTTP 500 Internal Server Error.
Calls: get_idp_admin1_data ... tryCatch -> tryCatchList -> tryCatchOne -> <Anonymous>
Execution halted
Flavors: r-devel-linux-x86_64-debian-clang, r-devel-linux-x86_64-debian-gcc, r-patched-linux-x86_64, r-release-linux-x86_64
Version: 0.0.2
Check: re-building of vignette outputs
Result: ERROR
Error(s) in re-building vignettes:
...
--- re-building ‘introduction.Rmd’ using rmarkdown
Quitting from lines 88-93 [get_idp_admin1] (introduction.Rmd)
Error: processing vignette 'introduction.Rmd' failed with diagnostics:
API request failed: HTTP 500 Internal Server Error.
--- failed re-building ‘introduction.Rmd’
SUMMARY: processing the following file failed:
‘introduction.Rmd’
Error: Vignette re-building failed.
Execution halted
Flavors: r-devel-linux-x86_64-debian-clang, r-devel-linux-x86_64-debian-gcc, r-patched-linux-x86_64, r-release-linux-x86_64
Version: 0.0.2
Check: examples
Result: ERROR
Running examples in ‘dtmapi-Ex.R’ failed
The error most likely occurred in:
> ### Name: get_idp_admin1_data
> ### Title: Fetch IDP Admin1 Data
> ### Aliases: get_idp_admin1_data
>
> ### ** Examples
>
> # Fetch IDP data at Admin Level 1
> idp_admin1_df <- get_idp_admin1_data(CountryName='Sudan', Admin1Name="Blue Nile")
Error in value[[3L]](cond) :
API request failed: HTTP 500 Internal Server Error.
Calls: get_idp_admin1_data ... tryCatch -> tryCatchList -> tryCatchOne -> <Anonymous>
Execution halted
Flavors: r-devel-linux-x86_64-fedora-clang, r-devel-linux-x86_64-fedora-gcc, r-devel-windows-x86_64, r-release-windows-x86_64, r-oldrel-windows-x86_64
Version: 0.0.2
Check: re-building of vignette outputs
Result: ERROR
Error(s) in re-building vignettes:
--- re-building ‘introduction.Rmd’ using rmarkdown
Quitting from lines 88-93 [get_idp_admin1] (introduction.Rmd)
Error: processing vignette 'introduction.Rmd' failed with diagnostics:
API request failed: HTTP 500 Internal Server Error.
--- failed re-building ‘introduction.Rmd’
SUMMARY: processing the following file failed:
‘introduction.Rmd’
Error: Vignette re-building failed.
Execution halted
Flavors: r-devel-linux-x86_64-fedora-clang, r-devel-linux-x86_64-fedora-gcc, r-devel-windows-x86_64, r-release-windows-x86_64, r-oldrel-windows-x86_64
These binaries (installable software) and packages are in development.
They may not be fully stable and should be used with caution. We make no claims about them.
Health stats visible at Monitor.