Last updated on 2025-02-23 15:49:41 CET.
Flavor | Version | Tinstall | Tcheck | Ttotal | Status | Flags |
---|---|---|---|---|---|---|
r-devel-linux-x86_64-debian-clang | 2.3.3 | 11.61 | 92.52 | 104.13 | NOTE | |
r-devel-linux-x86_64-debian-gcc | 2.3.3 | 8.20 | 66.36 | 74.56 | NOTE | |
r-devel-linux-x86_64-fedora-clang | 2.3.3 | 164.43 | NOTE | |||
r-devel-linux-x86_64-fedora-gcc | 2.3.3 | 150.33 | NOTE | |||
r-devel-macos-arm64 | 2.3.3 | 47.00 | NOTE | |||
r-devel-macos-x86_64 | 2.3.3 | 106.00 | NOTE | |||
r-devel-windows-x86_64 | 2.3.3 | 13.00 | 107.00 | 120.00 | NOTE | |
r-patched-linux-x86_64 | 2.3.3 | 14.80 | 83.57 | 98.37 | NOTE | |
r-release-linux-x86_64 | 2.3.3 | 9.38 | 84.26 | 93.64 | NOTE | |
r-release-macos-arm64 | 2.3.3 | 46.00 | NOTE | |||
r-release-macos-x86_64 | 2.3.3 | 69.00 | NOTE | |||
r-release-windows-x86_64 | 2.3.3 | 13.00 | 102.00 | 115.00 | NOTE | |
r-oldrel-macos-arm64 | 2.3.3 | 51.00 | OK | |||
r-oldrel-macos-x86_64 | 2.3.3 | 80.00 | OK | |||
r-oldrel-windows-x86_64 | 2.3.3 | 16.00 | 127.00 | 143.00 | OK |
Version: 2.3.3
Check: Rd files
Result: NOTE
checkRd: (-1) dsm_varprop.Rd:67: Lost braces
67 | parameter uncertainty. See Wood, Pya & S{\"a}fken (2016) for more
| ^
checkRd: (-1) dsm_varprop.Rd:100: Lost braces
100 | Wood, S.N., Pya, N. and S{\"a}fken, B. (2016) Smoothing parameter and model
| ^
Flavors: r-devel-linux-x86_64-debian-clang, r-devel-linux-x86_64-debian-gcc, r-devel-linux-x86_64-fedora-clang, r-devel-linux-x86_64-fedora-gcc, r-devel-macos-arm64, r-devel-macos-x86_64, r-devel-windows-x86_64, r-patched-linux-x86_64, r-release-linux-x86_64, r-release-macos-arm64, r-release-macos-x86_64, r-release-windows-x86_64
Version: 2.3.3
Check: Rd cross-references
Result: NOTE
Found the following Rd file(s) with Rd \link{} targets missing package
anchors:
check.cols.Rd: mrds
dsm.cor.Rd: residuals.gam
dsm_cor.Rd: residuals.gam
dsm_varprop.Rd: gamObject
Please provide package anchors for all Rd \link{} targets not in the
package itself and the base packages.
Flavors: r-devel-linux-x86_64-debian-clang, r-devel-linux-x86_64-debian-gcc, r-devel-windows-x86_64
These binaries (installable software) and packages are in development.
They may not be fully stable and should be used with caution. We make no claims about them.
Health stats visible at Monitor.