Last updated on 2024-05-02 01:56:56 CEST.
Flavor | Version | Tinstall | Tcheck | Ttotal | Status | Flags |
---|---|---|---|---|---|---|
r-devel-linux-x86_64-debian-clang | 2.3.3 | 13.67 | 115.59 | 129.26 | NOTE | |
r-devel-linux-x86_64-debian-gcc | 2.3.3 | 8.83 | 84.02 | 92.85 | NOTE | |
r-devel-linux-x86_64-fedora-clang | 2.3.3 | 163.74 | NOTE | |||
r-devel-linux-x86_64-fedora-gcc | 2.3.3 | 148.21 | NOTE | |||
r-devel-windows-x86_64 | 2.3.3 | 11.00 | 104.00 | 115.00 | NOTE | |
r-patched-linux-x86_64 | 2.3.3 | 19.02 | 106.79 | 125.81 | NOTE | |
r-release-linux-x86_64 | 2.3.3 | 8.37 | 109.12 | 117.49 | NOTE | |
r-release-macos-arm64 | 2.3.3 | 46.00 | NOTE | |||
r-release-windows-x86_64 | 2.3.3 | 12.00 | 105.00 | 117.00 | NOTE | |
r-oldrel-macos-arm64 | 2.3.3 | 51.00 | OK | |||
r-oldrel-macos-x86_64 | 2.3.3 | 80.00 | OK | |||
r-oldrel-windows-x86_64 | 2.3.3 | 16.00 | 127.00 | 143.00 | OK |
Version: 2.3.3
Check: Rd files
Result: NOTE
checkRd: (-1) dsm_varprop.Rd:67: Lost braces
67 | parameter uncertainty. See Wood, Pya & S{\"a}fken (2016) for more
| ^
checkRd: (-1) dsm_varprop.Rd:100: Lost braces
100 | Wood, S.N., Pya, N. and S{\"a}fken, B. (2016) Smoothing parameter and model
| ^
Flavors: r-devel-linux-x86_64-debian-clang, r-devel-linux-x86_64-debian-gcc, r-devel-linux-x86_64-fedora-clang, r-devel-linux-x86_64-fedora-gcc, r-devel-windows-x86_64, r-patched-linux-x86_64, r-release-linux-x86_64, r-release-macos-arm64, r-release-windows-x86_64
These binaries (installable software) and packages are in development.
They may not be fully stable and should be used with caution. We make no claims about them.
Health stats visible at Monitor.