Last updated on 2025-10-30 19:53:23 CET.
| Flavor | Version | Tinstall | Tcheck | Ttotal | Status | Flags | 
|---|---|---|---|---|---|---|
| r-devel-linux-x86_64-debian-clang | 1.1.0 | 79.19 | 61.36 | 140.55 | NOTE | |
| r-devel-linux-x86_64-debian-gcc | 1.1.0 | 52.74 | 46.23 | 98.97 | NOTE | |
| r-devel-linux-x86_64-fedora-clang | 1.1.0 | 192.00 | 82.31 | 274.31 | NOTE | |
| r-devel-linux-x86_64-fedora-gcc | 1.1.0 | 165.00 | 63.76 | 228.76 | NOTE | |
| r-devel-windows-x86_64 | 1.1.0 | 100.00 | 93.00 | 193.00 | NOTE | |
| r-patched-linux-x86_64 | 1.1.0 | 75.36 | 57.44 | 132.80 | NOTE | |
| r-release-linux-x86_64 | 1.1.0 | 73.39 | 58.13 | 131.52 | NOTE | |
| r-release-macos-arm64 | 1.1.0 | 39.00 | 37.00 | 76.00 | NOTE | |
| r-release-macos-x86_64 | 1.1.0 | 33.00 | 83.00 | 116.00 | NOTE | |
| r-release-windows-x86_64 | 1.1.0 | 104.00 | 92.00 | 196.00 | NOTE | |
| r-oldrel-macos-arm64 | 1.1.0 | 32.00 | 28.00 | 60.00 | NOTE | |
| r-oldrel-macos-x86_64 | 1.1.0 | 27.00 | 43.00 | 70.00 | NOTE | |
| r-oldrel-windows-x86_64 | 1.1.0 | 121.00 | 120.00 | 241.00 | NOTE | 
Version: 1.1.0
Check: CRAN incoming feasibility
Result: NOTE
  Maintainer: ‘Loris Michel <michel@stat.math.ethz.ch>’
  
  No Authors@R field in DESCRIPTION.
  Please add one, modifying
    Authors@R: c(person(given = "Loris",
                        family = "Michel",
                        role = c("aut", "cre"),
                        email = "michel@stat.math.ethz.ch"),
                 person(given = "Domagoj",
                        family = "Cevid",
                        role = "aut"))
  as necessary.
  
  The Description field contains
    Cevid & Michel & Meinshausen & Buhlmann (2020) <arXiv:2005.14458>.
  Please refer to arXiv e-prints via their arXiv DOI <doi:10.48550/arXiv.YYMM.NNNNN>.
Flavors: r-devel-linux-x86_64-debian-clang, r-devel-linux-x86_64-debian-gcc
Version: 1.1.0
Check: C++ specification
Result: NOTE
    Specified C++11: please drop specification unless essential
Flavors: r-devel-linux-x86_64-debian-clang, r-devel-linux-x86_64-debian-gcc, r-devel-linux-x86_64-fedora-clang, r-devel-linux-x86_64-fedora-gcc, r-devel-windows-x86_64, r-patched-linux-x86_64, r-release-linux-x86_64, r-release-macos-arm64, r-release-macos-x86_64, r-release-windows-x86_64, r-oldrel-macos-arm64, r-oldrel-macos-x86_64, r-oldrel-windows-x86_64
Version: 1.1.0
Check: Rd files
Result: NOTE
  checkRd: (-1) predict.drf.Rd:30-31: Lost braces in \itemize; meant \describe ?
  checkRd: (-1) predict.drf.Rd:32-33: Lost braces in \itemize; meant \describe ?
  checkRd: (-1) predict.drf.Rd:34-35: Lost braces in \itemize; meant \describe ?
  checkRd: (-1) predict.drf.Rd:36-37: Lost braces in \itemize; meant \describe ?
  checkRd: (-1) predict.drf.Rd:38-39: Lost braces in \itemize; meant \describe ?
  checkRd: (-1) predict.drf.Rd:40-41: Lost braces in \itemize; meant \describe ?
  checkRd: (-1) predict.drf.Rd:42-43: Lost braces in \itemize; meant \describe ?
  checkRd: (-1) predict.drf.Rd:44: Lost braces in \itemize; meant \describe ?
Flavors: r-devel-linux-x86_64-debian-clang, r-devel-linux-x86_64-debian-gcc, r-devel-linux-x86_64-fedora-clang, r-devel-linux-x86_64-fedora-gcc, r-devel-windows-x86_64, r-patched-linux-x86_64, r-release-linux-x86_64, r-release-macos-arm64, r-release-macos-x86_64, r-release-windows-x86_64, r-oldrel-macos-arm64, r-oldrel-macos-x86_64, r-oldrel-windows-x86_64
Version: 1.1.0
Check: installed package size
Result: NOTE
    installed size is  6.2Mb
    sub-directories of 1Mb or more:
      libs   6.0Mb
Flavors: r-oldrel-macos-arm64, r-oldrel-macos-x86_64
Version: 1.1.0
Check: for GNU extensions in Makefiles
Result: NOTE
  GNU make is a SystemRequirements.
Flavors: r-oldrel-macos-arm64, r-oldrel-macos-x86_64, r-oldrel-windows-x86_64
These binaries (installable software) and packages are in development.
They may not be fully stable and should be used with caution. We make no claims about them.
Health stats visible at Monitor.