Last updated on 2025-10-09 13:49:40 CEST.
Flavor | Version | Tinstall | Tcheck | Ttotal | Status | Flags |
---|---|---|---|---|---|---|
r-devel-linux-x86_64-debian-clang | 1.2.3 | 11.53 | 214.57 | 226.10 | OK | |
r-devel-linux-x86_64-debian-gcc | 1.2.3 | 8.23 | 137.36 | 145.59 | OK | |
r-devel-linux-x86_64-fedora-clang | 1.2.3 | 367.47 | ERROR | |||
r-devel-linux-x86_64-fedora-gcc | 1.2.3 | 374.50 | ERROR | |||
r-devel-windows-x86_64 | 1.2.3 | 15.00 | 200.00 | 215.00 | OK | |
r-patched-linux-x86_64 | 1.2.3 | 12.58 | 204.41 | 216.99 | OK | |
r-release-linux-x86_64 | 1.2.3 | 11.00 | 204.74 | 215.74 | OK | |
r-release-macos-arm64 | 1.2.3 | 93.00 | OK | |||
r-release-macos-x86_64 | 1.2.3 | 223.00 | OK | |||
r-release-windows-x86_64 | 1.2.3 | 13.00 | 196.00 | 209.00 | OK | |
r-oldrel-macos-arm64 | 1.2.3 | 94.00 | OK | |||
r-oldrel-macos-x86_64 | 1.2.3 | 264.00 | OK | |||
r-oldrel-windows-x86_64 | 1.2.3 | 18.00 | 266.00 | 284.00 | OK |
Version: 1.2.3
Check: tests
Result: ERROR
Running ‘tinytest.R’ [96s/188s]
Running the tests in ‘tests/tinytest.R’ failed.
Complete output:
> if (requireNamespace("tinytest", quietly = TRUE)) {
+ tinytest::test_package("douconca")
+ }
test_FS_divFenv_f2cFALSE.R.... 0 tests
test_FS_divFenv_f2cFALSE.R.... 0 tests
test_FS_divFenv_f2cFALSE.R.... 0 tests
test_FS_divFenv_f2cFALSE.R.... 0 tests
test_FS_divFenv_f2cFALSE.R.... 0 tests
test_FS_divFenv_f2cFALSE.R.... 0 tests
test_FS_divFenv_f2cFALSE.R.... 0 tests
test_FS_divFenv_f2cFALSE.R.... 0 tests
test_FS_divFenv_f2cFALSE.R.... 0 tests
test_FS_divFenv_f2cFALSE.R.... 0 tests
test_FS_divFenv_f2cFALSE.R.... 1 tests <1b>[0;32mOK<1b>[0m
test_FS_divFenv_f2cFALSE.R.... 1 tests <1b>[0;32mOK<1b>[0m
test_FS_divFenv_f2cFALSE.R.... 1 tests <1b>[0;32mOK<1b>[0m
test_FS_divFenv_f2cFALSE.R.... 1 tests <1b>[0;32mOK<1b>[0m
test_FS_divFenv_f2cFALSE.R.... 1 tests <1b>[0;32mOK<1b>[0m
test_FS_divFenv_f2cFALSE.R.... 1 tests <1b>[0;32mOK<1b>[0m
test_FS_divFenv_f2cFALSE.R.... 1 tests <1b>[0;32mOK<1b>[0m
test_FS_divFenv_f2cFALSE.R.... 1 tests <1b>[0;32mOK<1b>[0m
test_FS_divFenv_f2cFALSE.R.... 1 tests <1b>[0;32mOK<1b>[0m
test_FS_divFenv_f2cFALSE.R.... 1 tests <1b>[0;32mOK<1b>[0m
test_FS_divFenv_f2cFALSE.R.... 1 tests <1b>[0;32mOK<1b>[0m
test_FS_divFenv_f2cFALSE.R.... 1 tests <1b>[0;32mOK<1b>[0m
test_FS_divFenv_f2cFALSE.R.... 1 tests <1b>[0;32mOK<1b>[0m
test_FS_divFenv_f2cFALSE.R.... 1 tests <1b>[0;32mOK<1b>[0m
test_FS_divFenv_f2cFALSE.R.... 1 tests <1b>[0;32mOK<1b>[0m
test_FS_divFenv_f2cFALSE.R.... 1 tests <1b>[0;32mOK<1b>[0m
test_FS_divFenv_f2cFALSE.R.... 1 tests <1b>[0;32mOK<1b>[0m
test_FS_divFenv_f2cFALSE.R.... 2 tests <1b>[0;32mOK<1b>[0m
test_FS_divFenv_f2cFALSE.R.... 3 tests <1b>[0;32mOK<1b>[0m <1b>[0;34m17.4s<1b>[0m
test_FS_divFenv_f2cTRUE.R..... 0 tests
test_FS_divFenv_f2cTRUE.R..... 0 tests
test_FS_divFenv_f2cTRUE.R..... 0 tests
test_FS_divFenv_f2cTRUE.R..... 0 tests
test_FS_divFenv_f2cTRUE.R..... 0 tests
test_FS_divFenv_f2cTRUE.R..... 0 tests
test_FS_divFenv_f2cTRUE.R..... 0 tests
test_FS_divFenv_f2cTRUE.R..... 0 tests
test_FS_divFenv_f2cTRUE.R..... 0 tests
test_FS_divFenv_f2cTRUE.R..... 1 tests <1b>[0;32mOK<1b>[0m
test_FS_divFenv_f2cTRUE.R..... 1 tests <1b>[0;32mOK<1b>[0m
test_FS_divFenv_f2cTRUE.R..... 1 tests <1b>[0;32mOK<1b>[0m
test_FS_divFenv_f2cTRUE.R..... 1 tests <1b>[0;32mOK<1b>[0m
test_FS_divFenv_f2cTRUE.R..... 1 tests <1b>[0;32mOK<1b>[0m
test_FS_divFenv_f2cTRUE.R..... 1 tests <1b>[0;32mOK<1b>[0m
test_FS_divFenv_f2cTRUE.R..... 1 tests <1b>[0;32mOK<1b>[0m
test_FS_divFenv_f2cTRUE.R..... 1 tests <1b>[0;32mOK<1b>[0m
test_FS_divFenv_f2cTRUE.R..... 1 tests <1b>[0;32mOK<1b>[0m
test_FS_divFenv_f2cTRUE.R..... 1 tests <1b>[0;32mOK<1b>[0m
test_FS_divFenv_f2cTRUE.R..... 1 tests <1b>[0;32mOK<1b>[0m
test_FS_divFenv_f2cTRUE.R..... 1 tests <1b>[0;32mOK<1b>[0m
test_FS_divFenv_f2cTRUE.R..... 1 tests <1b>[0;32mOK<1b>[0m
test_FS_divFenv_f2cTRUE.R..... 1 tests <1b>[0;32mOK<1b>[0m
test_FS_divFenv_f2cTRUE.R..... 1 tests <1b>[0;32mOK<1b>[0m
test_FS_divFenv_f2cTRUE.R..... 1 tests <1b>[0;32mOK<1b>[0m
test_FS_divFenv_f2cTRUE.R..... 1 tests <1b>[0;32mOK<1b>[0m
test_FS_divFenv_f2cTRUE.R..... 2 tests <1b>[0;32mOK<1b>[0m
test_FS_divFenv_f2cTRUE.R..... 3 tests <1b>[0;32mOK<1b>[0m <1b>[0;34m22.4s<1b>[0m
test_FS_divFtraits.R.......... 0 tests
test_FS_divFtraits.R.......... 0 tests
test_FS_divFtraits.R.......... 0 tests
test_FS_divFtraits.R.......... 0 tests
test_FS_divFtraits.R.......... 0 tests
test_FS_divFtraits.R.......... 0 tests
test_FS_divFtraits.R.......... 0 tests
test_FS_divFtraits.R.......... 0 tests
test_FS_divFtraits.R.......... 0 tests
test_FS_divFtraits.R.......... 0 tests
test_FS_divFtraits.R.......... 0 tests
test_FS_divFtraits.R.......... 0 tests
test_FS_divFtraits.R.......... 0 tests
test_FS_divFtraits.R.......... 0 tests
test_FS_divFtraits.R.......... 0 tests
test_FS_divFtraits.R.......... 0 tests
test_FS_divFtraits.R.......... 0 tests
test_FS_divFtraits.R.......... 0 tests
test_FS_divFtraits.R.......... 0 tests
test_FS_divFtraits.R.......... 0 tests
test_FS_divFtraits.R.......... 0 tests
test_FS_divFtraits.R.......... 0 tests
test_FS_divFtraits.R.......... 0 tests
test_FS_divFtraits.R.......... 1 tests <1b>[0;32mOK<1b>[0m
test_FS_divFtraits.R.......... 2 tests <1b>[0;32mOK<1b>[0m <1b>[0;34m9.2s<1b>[0m
test_FS_divTenv_f2cFALSE.R.... 0 tests
test_FS_divTenv_f2cFALSE.R.... 0 tests
test_FS_divTenv_f2cFALSE.R.... 0 tests
test_FS_divTenv_f2cFALSE.R.... 0 tests
test_FS_divTenv_f2cFALSE.R.... 0 tests
test_FS_divTenv_f2cFALSE.R.... 0 tests
test_FS_divTenv_f2cFALSE.R.... 0 tests
test_FS_divTenv_f2cFALSE.R.... 0 tests
test_FS_divTenv_f2cFALSE.R.... 0 tests
test_FS_divTenv_f2cFALSE.R.... 1 tests <1b>[0;32mOK<1b>[0m
test_FS_divTenv_f2cFALSE.R.... 1 tests <1b>[0;32mOK<1b>[0m
test_FS_divTenv_f2cFALSE.R.... 1 tests <1b>[0;32mOK<1b>[0m
test_FS_divTenv_f2cFALSE.R.... 1 tests <1b>[0;32mOK<1b>[0m
test_FS_divTenv_f2cFALSE.R.... 1 tests <1b>[0;32mOK<1b>[0m
test_FS_divTenv_f2cFALSE.R.... 1 tests <1b>[0;32mOK<1b>[0m
test_FS_divTenv_f2cFALSE.R.... 1 tests <1b>[0;32mOK<1b>[0m
test_FS_divTenv_f2cFALSE.R.... 1 tests <1b>[0;32mOK<1b>[0m
test_FS_divTenv_f2cFALSE.R.... 1 tests <1b>[0;32mOK<1b>[0m
test_FS_divTenv_f2cFALSE.R.... 1 tests <1b>[0;32mOK<1b>[0m
test_FS_divTenv_f2cFALSE.R.... 1 tests <1b>[0;32mOK<1b>[0m
test_FS_divTenv_f2cFALSE.R.... 1 tests <1b>[0;32mOK<1b>[0m
test_FS_divTenv_f2cFALSE.R.... 1 tests <1b>[0;32mOK<1b>[0m
test_FS_divTenv_f2cFALSE.R.... 1 tests <1b>[0;32mOK<1b>[0m
test_FS_divTenv_f2cFALSE.R.... 1 tests <1b>[0;32mOK<1b>[0m
test_FS_divTenv_f2cFALSE.R.... 1 tests <1b>[0;32mOK<1b>[0m
test_FS_divTenv_f2cFALSE.R.... 1 tests <1b>[0;32mOK<1b>[0m
test_FS_divTenv_f2cFALSE.R.... 2 tests <1b>[0;32mOK<1b>[0m
test_FS_divTenv_f2cFALSE.R.... 3 tests <1b>[0;32mOK<1b>[0m <1b>[0;34m3.8s<1b>[0m
test_FS_divTtraits.R.......... 0 tests
test_FS_divTtraits.R.......... 0 tests
test_FS_divTtraits.R.......... 0 tests
test_FS_divTtraits.R.......... 0 tests
test_FS_divTtraits.R.......... 0 tests
test_FS_divTtraits.R.......... 0 tests
test_FS_divTtraits.R.......... 0 tests
test_FS_divTtraits.R.......... 0 tests
test_FS_divTtraits.R.......... 0 tests
test_FS_divTtraits.R.......... 0 tests
test_FS_divTtraits.R.......... 0 tests
test_FS_divTtraits.R.......... 0 tests
test_FS_divTtraits.R.......... 0 tests
test_FS_divTtraits.R.......... 0 tests
test_FS_divTtraits.R.......... 0 tests
test_FS_divTtraits.R.......... 0 tests
test_FS_divTtraits.R.......... 0 tests
test_FS_divTtraits.R.......... 0 tests
test_FS_divTtraits.R.......... 0 tests
test_FS_divTtraits.R.......... 0 tests
test_FS_divTtraits.R.......... 0 tests
test_FS_divTtraits.R.......... 0 tests
test_FS_divTtraits.R.......... 0 tests
test_FS_divTtraits.R.......... 1 tests <1b>[0;32mOK<1b>[0m
test_FS_divTtraits.R.......... 2 tests <1b>[0;32mOK<1b>[0m <1b>[0;34m12.6s<1b>[0m
test_anova.dcca.R............. 0 tests
test_anova.dcca.R............. 0 tests
test_anova.dcca.R............. 0 tests
test_anova.dcca.R............. 0 tests
test_anova.dcca.R............. 0 tests
test_anova.dcca.R............. 0 tests
test_anova.dcca.R............. 0 tests
test_anova.dcca.R............. 0 tests
test_anova.dcca.R............. 0 tests
test_anova.dcca.R............. 1 tests <1b>[0;32mOK<1b>[0m
test_anova.dcca.R............. 1 tests <1b>[0;32mOK<1b>[0m
test_anova.dcca.R............. 2 tests <1b>[0;32mOK<1b>[0m
test_anova.dcca.R............. 3 tests <1b>[0;32mOK<1b>[0m
test_anova.dcca.R............. 3 tests <1b>[0;32mOK<1b>[0m
test_anova.dcca.R............. 3 tests <1b>[0;32mOK<1b>[0m
test_anova.dcca.R............. 3 tests <1b>[0;32mOK<1b>[0m
test_anova.dcca.R............. 4 tests <1b>[0;32mOK<1b>[0m
test_anova.dcca.R............. 4 tests <1b>[0;32mOK<1b>[0m
test_anova.dcca.R............. 5 tests <1b>[0;32mOK<1b>[0m
test_anova.dcca.R............. 5 tests <1b>[0;32mOK<1b>[0m
test_anova.dcca.R............. 5 tests <1b>[0;32mOK<1b>[0m
test_anova.dcca.R............. 6 tests <1b>[0;32mOK<1b>[0m
test_anova.dcca.R............. 7 tests <1b>[0;32mOK<1b>[0m
test_anova.dcca.R............. 7 tests <1b>[0;32mOK<1b>[0m
test_anova.dcca.R............. 7 tests <1b>[0;32mOK<1b>[0m
test_anova.dcca.R............. 7 tests <1b>[0;32mOK<1b>[0m
test_anova.dcca.R............. 7 tests <1b>[0;32mOK<1b>[0m
test_anova.dcca.R............. 8 tests <1b>[0;32mOK<1b>[0m
test_anova.dcca.R............. 8 tests <1b>[0;32mOK<1b>[0m
test_anova.dcca.R............. 9 tests <1b>[0;32mOK<1b>[0m
test_anova.dcca.R............. 9 tests <1b>[0;32mOK<1b>[0m
test_anova.dcca.R............. 9 tests <1b>[0;32mOK<1b>[0m
test_anova.dcca.R............. 9 tests <1b>[0;32mOK<1b>[0m
test_anova.dcca.R............. 10 tests <1b>[0;32mOK<1b>[0m
test_anova.dcca.R............. 10 tests <1b>[0;32mOK<1b>[0m
test_anova.dcca.R............. 10 tests <1b>[0;32mOK<1b>[0m
test_anova.dcca.R............. 10 tests <1b>[0;32mOK<1b>[0m
test_anova.dcca.R............. 10 tests <1b>[0;32mOK<1b>[0m
test_anova.dcca.R............. 11 tests <1b>[0;32mOK<1b>[0m <1b>[0;34m13.2s<1b>[0m
test_anova.dccav.R............ 0 tests
test_anova.dccav.R............ 0 tests
test_anova.dccav.R............ 0 tests
test_anova.dccav.R............ 0 tests
test_anova.dccav.R............ 0 tests
test_anova.dccav.R............ 0 tests
test_anova.dccav.R............ 0 tests
test_anova.dccav.R............ 0 tests
test_anova.dccav.R............ 0 tests
test_anova.dccav.R............ 1 tests <1b>[0;32mOK<1b>[0m
test_anova.dccav.R............ 1 tests <1b>[0;32mOK<1b>[0m
test_anova.dccav.R............ 2 tests <1b>[0;32mOK<1b>[0m
test_anova.dccav.R............ 3 tests <1b>[0;32mOK<1b>[0m
test_anova.dccav.R............ 3 tests <1b>[0;32mOK<1b>[0m
test_anova.dccav.R............ 3 tests <1b>[0;32mOK<1b>[0m
test_anova.dccav.R............ 3 tests <1b>[0;32mOK<1b>[0m
test_anova.dccav.R............ 4 tests <1b>[0;32mOK<1b>[0m
test_anova.dccav.R............ 4 tests <1b>[0;32mOK<1b>[0m
test_anova.dccav.R............ 5 tests <1b>[0;32mOK<1b>[0m
test_anova.dccav.R............ 5 tests <1b>[0;32mOK<1b>[0m
test_anova.dccav.R............ 5 tests <1b>[0;32mOK<1b>[0m
test_anova.dccav.R............ 6 tests <1b>[0;32mOK<1b>[0m
Some constraints or conditions were aliased because they were redundant. This
can happen if terms are constant or linearly dependent (collinear): 'A11'
test_anova.dccav.R............ 7 tests <1b>[0;32mOK<1b>[0m
test_anova.dccav.R............ 7 tests <1b>[0;32mOK<1b>[0m
test_anova.dccav.R............ 7 tests <1b>[0;32mOK<1b>[0m
test_anova.dccav.R............ 7 tests <1b>[0;32mOK<1b>[0m
test_anova.dccav.R............ 7 tests <1b>[0;32mOK<1b>[0m
test_anova.dccav.R............ 8 tests <1b>[0;32mOK<1b>[0m
test_anova.dccav.R............ 8 tests <1b>[0;32mOK<1b>[0m
test_anova.dccav.R............ 9 tests <1b>[0;32mOK<1b>[0m
test_anova.dccav.R............ 9 tests <1b>[0;32mOK<1b>[0m
test_anova.dccav.R............ 9 tests <1b>[0;32mOK<1b>[0m
test_anova.dccav.R............ 9 tests <1b>[0;32mOK<1b>[0m
test_anova.dccav.R............ 10 tests <1b>[0;32mOK<1b>[0m
test_anova.dccav.R............ 10 tests <1b>[0;32mOK<1b>[0m
test_anova.dccav.R............ 10 tests <1b>[0;32mOK<1b>[0m
test_anova.dccav.R............ 10 tests <1b>[0;32mOK<1b>[0m
test_anova.dccav.R............ 10 tests <1b>[0;32mOK<1b>[0m
test_anova.dccav.R............ 11 tests <1b>[0;32mOK<1b>[0m <1b>[0;34m8.9s<1b>[0m
test_cca0.R................... 0 tests
test_cca0.R................... 0 tests
test_cca0.R................... 0 tests
test_cca0.R................... 0 tests
test_cca0.R................... 1 tests <1b>[0;32mOK<1b>[0m
test_cca0.R................... 1 tests <1b>[0;32mOK<1b>[0m
test_cca0.R................... 1 tests <1b>[0;32mOK<1b>[0m
test_cca0.R................... 2 tests <1b>[0;32mOK<1b>[0m
test_cca0.R................... 3 tests <1b>[0;32mOK<1b>[0m
test_cca0.R................... 4 tests <1b>[0;32mOK<1b>[0m
test_cca0.R................... 5 tests <1b>[0;32mOK<1b>[0m
test_cca0.R................... 6 tests <1b>[0;32mOK<1b>[0m
test_cca0.R................... 7 tests <1b>[0;32mOK<1b>[0m
test_cca0.R................... 8 tests <1b>[0;32mOK<1b>[0m
test_cca0.R................... 8 tests <1b>[0;32mOK<1b>[0m
test_cca0.R................... 8 tests <1b>[0;32mOK<1b>[0m
test_cca0.R................... 8 tests <1b>[0;32mOK<1b>[0m
test_cca0.R................... 9 tests <1b>[0;32mOK<1b>[0m
test_cca0.R................... 10 tests <1b>[0;32mOK<1b>[0m
test_cca0.R................... 11 tests <1b>[0;32mOK<1b>[0m
test_cca0.R................... 11 tests <1b>[0;32mOK<1b>[0m
test_cca0.R................... 12 tests <1b>[0;32mOK<1b>[0m <1b>[0;34m9.5s<1b>[0m
test_dcca.R................... 0 tests
test_dcca.R................... 0 tests
test_dcca.R................... 0 tests
test_dcca.R................... 0 tests
test_dcca.R................... 0 tests
test_dcca.R................... 0 tests
test_dcca.R................... 0 tests
test_dcca.R................... 0 tests
test_dcca.R................... 1 tests <1b>[0;32mOK<1b>[0m
test_dcca.R................... 1 tests <1b>[0;32mOK<1b>[0m
test_dcca.R................... 1 tests <1b>[0;32mOK<1b>[0m
test_dcca.R................... 2 tests <1b>[0;32mOK<1b>[0m
test_dcca.R................... 2 tests <1b>[0;32mOK<1b>[0m
test_dcca.R................... 3 tests <1b>[0;32mOK<1b>[0m
test_dcca.R................... 4 tests <1b>[0;32mOK<1b>[0m
test_dcca.R................... 4 tests <1b>[0;32mOK<1b>[0m
test_dcca.R................... 4 tests <1b>[0;32mOK<1b>[0m
test_dcca.R................... 4 tests <1b>[0;32mOK<1b>[0m
test_dcca.R................... 5 tests <1b>[0;32mOK<1b>[0m
test_dcca.R................... 5 tests <1b>[0;32mOK<1b>[0m
test_dcca.R................... 6 tests <1b>[0;32mOK<1b>[0m
test_dcca.R................... 6 tests <1b>[0;32mOK<1b>[0m
test_dcca.R................... 6 tests <1b>[0;32mOK<1b>[0m
test_dcca.R................... 7 tests <1b>[0;32mOK<1b>[0m
test_dcca.R................... 7 tests <1b>[0;32mOK<1b>[0m
test_dcca.R................... 7 tests <1b>[0;32mOK<1b>[0m
test_dcca.R................... 7 tests <1b>[0;32mOK<1b>[0m
test_dcca.R................... 7 tests <1b>[0;32mOK<1b>[0m
test_dcca.R................... 8 tests <1b>[0;32mOK<1b>[0m
test_dcca.R................... 8 tests <1b>[0;32mOK<1b>[0m
test_dcca.R................... 8 tests <1b>[0;32mOK<1b>[0m
test_dcca.R................... 9 tests <1b>[0;32mOK<1b>[0m
test_dcca.R................... 10 tests <1b>[0;32mOK<1b>[0m
test_dcca.R................... 11 tests <1b>[0;32mOK<1b>[0m
test_dcca.R................... 11 tests <1b>[0;32mOK<1b>[0m
test_dcca.R................... 11 tests <1b>[0;32mOK<1b>[0m
test_dcca.R................... 12 tests <1b>[0;32mOK<1b>[0m
test_dcca.R................... 12 tests <1b>[0;32mOK<1b>[0m
test_dcca.R................... 12 tests <1b>[0;32mOK<1b>[0m
test_dcca.R................... 12 tests <1b>[0;32mOK<1b>[0m
test_dcca.R................... 12 tests <1b>[0;32mOK<1b>[0m
test_dcca.R................... 13 tests <1b>[0;32mOK<1b>[0m
test_dcca.R................... 14 tests <1b>[0;32mOK<1b>[0m
test_dcca.R................... 15 tests <1b>[0;32mOK<1b>[0m
test_dcca.R................... 16 tests <1b>[0;32mOK<1b>[0m
test_dcca.R................... 17 tests <1b>[0;32mOK<1b>[0m
test_dcca.R................... 18 tests <1b>[0;32mOK<1b>[0m
test_dcca.R................... 19 tests <1b>[0;32mOK<1b>[0m
test_dcca.R................... 19 tests <1b>[0;32mOK<1b>[0m
test_dcca.R................... 19 tests <1b>[0;32mOK<1b>[0m
test_dcca.R................... 20 tests <1b>[0;32mOK<1b>[0m
test_dcca.R................... 21 tests <1b>[0;32mOK<1b>[0m
test_dcca.R................... 22 tests <1b>[0;32mOK<1b>[0m
test_dcca.R................... 23 tests <1b>[0;32mOK<1b>[0m
test_dcca.R................... 24 tests <1b>[0;32mOK<1b>[0m
test_dcca.R................... 25 tests <1b>[0;32mOK<1b>[0m
test_dcca.R................... 26 tests <1b>[0;32mOK<1b>[0m
test_dcca.R................... 27 tests <1b>[0;32mOK<1b>[0m
test_dcca.R................... 28 tests <1b>[0;32mOK<1b>[0m
test_dcca.R................... 29 tests <1b>[0;32mOK<1b>[0m
test_dcca.R................... 30 tests <1b>[0;32mOK<1b>[0m Error in if (nrow(data) == ncol(Yw)) TRUE else if (nrow(data) == nrow(Yw)) FALSE else NA :
argument is of length zero
[1] "Error in if (nrow(data) == ncol(Yw)) TRUE else if (nrow(data) == nrow(Yw)) FALSE else NA : \n argument is of length zero\n"
attr(,"class")
[1] "try-error"
attr(,"condition")
<simpleError in if (nrow(data) == ncol(Yw)) TRUE else if (nrow(data) == nrow(Yw)) FALSE else NA: argument is of length zero>
test_dcca.R................... 31 tests <1b>[0;32mOK<1b>[0m
test_dcca.R................... 32 tests <1b>[0;32mOK<1b>[0m
test_dcca.R................... 32 tests <1b>[0;32mOK<1b>[0m
test_dcca.R................... 33 tests <1b>[0;32mOK<1b>[0m
test_dcca.R................... 34 tests <1b>[0;32mOK<1b>[0m
test_dcca.R................... 35 tests <1b>[0;32mOK<1b>[0m
test_dcca.R................... 36 tests <1b>[0;32mOK<1b>[0m
test_dcca.R................... 37 tests <1b>[0;32mOK<1b>[0m
test_dcca.R................... 37 tests <1b>[0;32mOK<1b>[0m
test_dcca.R................... 38 tests <1b>[0;32mOK<1b>[0m
test_dcca.R................... 40 tests <1b>[0;32mOK<1b>[0m
test_dcca.R................... 41 tests <1b>[0;32mOK<1b>[0m
test_dcca.R................... 41 tests <1b>[0;32mOK<1b>[0m
test_dcca.R................... 41 tests <1b>[0;32mOK<1b>[0m
test_dcca.R................... 41 tests <1b>[0;32mOK<1b>[0m
test_dcca.R................... 41 tests <1b>[0;32mOK<1b>[0m
test_dcca.R................... 41 tests <1b>[0;32mOK<1b>[0m
test_dcca.R................... 41 tests <1b>[0;32mOK<1b>[0m
test_dcca.R................... 41 tests <1b>[0;32mOK<1b>[0m
test_dcca.R................... 42 tests <1b>[0;32mOK<1b>[0m
test_dcca.R................... 42 tests <1b>[0;32mOK<1b>[0m
test_dcca.R................... 42 tests <1b>[0;32mOK<1b>[0m
test_dcca.R................... 42 tests <1b>[0;32mOK<1b>[0m
test_dcca.R................... 42 tests <1b>[0;32mOK<1b>[0m
test_dcca.R................... 42 tests <1b>[0;32mOK<1b>[0m
test_dcca.R................... 43 tests <1b>[0;32mOK<1b>[0m
test_dcca.R................... 44 tests <1b>[0;32mOK<1b>[0m <1b>[0;34m21.7s<1b>[0m
test_dccav.R.................. 0 tests
test_dccav.R.................. 0 tests
test_dccav.R.................. 0 tests
test_dccav.R.................. 0 tests
test_dccav.R.................. 0 tests
test_dccav.R.................. 0 tests
test_dccav.R.................. 0 tests
test_dccav.R.................. 0 tests
test_dccav.R.................. 1 tests <1b>[0;32mOK<1b>[0m
test_dccav.R.................. 1 tests <1b>[0;32mOK<1b>[0m
test_dccav.R.................. 1 tests <1b>[0;32mOK<1b>[0m
test_dccav.R.................. 2 tests <1b>[0;32mOK<1b>[0m
test_dccav.R.................. 2 tests <1b>[0;32mOK<1b>[0m
test_dccav.R.................. 3 tests <1b>[0;32mOK<1b>[0m
test_dccav.R.................. 4 tests <1b>[0;32mOK<1b>[0m
test_dccav.R.................. 4 tests <1b>[0;32mOK<1b>[0m
test_dccav.R.................. 4 tests <1b>[0;32mOK<1b>[0m
test_dccav.R.................. 4 tests <1b>[0;32mOK<1b>[0m
test_dccav.R.................. 5 tests <1b>[0;32mOK<1b>[0m
test_dccav.R.................. 5 tests <1b>[0;32mOK<1b>[0m
test_dccav.R.................. 6 tests <1b>[0;32mOK<1b>[0m
test_dccav.R.................. 6 tests <1b>[0;32mOK<1b>[0m
test_dccav.R.................. 6 tests <1b>[0;32mOK<1b>[0m
test_dccav.R.................. 7 tests <1b>[0;32mOK<1b>[0m
test_dccav.R.................. 7 tests <1b>[0;32mOK<1b>[0m
test_dccav.R.................. 7 tests <1b>[0;32mOK<1b>[0m
test_dccav.R.................. 7 tests <1b>[0;32mOK<1b>[0m
test_dccav.R.................. 7 tests <1b>[0;32mOK<1b>[0m
test_dccav.R.................. 8 tests <1b>[0;32mOK<1b>[0m
test_dccav.R.................. 8 tests <1b>[0;32mOK<1b>[0m
test_dccav.R.................. 8 tests <1b>[0;32mOK<1b>[0m
test_dccav.R.................. 9 tests <1b>[0;32mOK<1b>[0m
test_dccav.R.................. 10 tests <1b>[0;32mOK<1b>[0m
test_dccav.R.................. 11 tests <1b>[0;32mOK<1b>[0m
test_dccav.R.................. 11 tests <1b>[0;32mOK<1b>[0m
test_dccav.R.................. 11 tests <1b>[0;32mOK<1b>[0m
test_dccav.R.................. 12 tests <1b>[0;32mOK<1b>[0m
test_dccav.R.................. 12 tests <1b>[0;32mOK<1b>[0m
test_dccav.R.................. 12 tests <1b>[0;32mOK<1b>[0m
test_dccav.R.................. 12 tests <1b>[0;32mOK<1b>[0m
Some constraints or conditions were aliased because they were redundant. This
can happen if terms are constant or linearly dependent (collinear): 'A11'
test_dccav.R.................. 12 tests <1b>[0;32mOK<1b>[0m
test_dccav.R.................. 13 tests <1b>[0;32mOK<1b>[0m
test_dccav.R.................. 14 tests <1b>[0;32mOK<1b>[0m
test_dccav.R.................. 15 tests <1b>[0;32mOK<1b>[0m
test_dccav.R.................. 16 tests <1b>[0;32mOK<1b>[0m
test_dccav.R.................. 17 tests <1b>[0;32mOK<1b>[0m
test_dccav.R.................. 18 tests <1b>[0;32mOK<1b>[0m
test_dccav.R.................. 19 tests <1b>[0;32mOK<1b>[0m
test_dccav.R.................. 19 tests <1b>[0;32mOK<1b>[0m
test_dccav.R.................. 19 tests <1b>[0;32mOK<1b>[0m
test_dccav.R.................. 20 tests <1b>[0;32mOK<1b>[0m
test_dccav.R.................. 21 tests <1b>[0;32mOK<1b>[0m
test_dccav.R.................. 22 tests <1b>[0;32mOK<1b>[0m
test_dccav.R.................. 23 tests <1b>[0;32mOK<1b>[0m
test_dccav.R.................. 24 tests <1b>[0;32mOK<1b>[0m
test_dccav.R.................. 25 tests <1b>[0;32mOK<1b>[0m
test_dccav.R.................. 26 tests <1b>[0;32mOK<1b>[0m
test_dccav.R.................. 27 tests <1b>[0;32mOK<1b>[0m
The model is overfitted with no unconstrained (residual) component
test_dccav.R.................. 28 tests <1b>[0;32mOK<1b>[0m
test_dccav.R.................. 29 tests <1b>[0;32mOK<1b>[0m
test_dccav.R.................. 30 tests <1b>[0;32mOK<1b>[0m Error in if (nrow(data) == ncol(Yw)) TRUE else if (nrow(data) == nrow(Yw)) FALSE else NA :
argument is of length zero
[1] "Error in if (nrow(data) == ncol(Yw)) TRUE else if (nrow(data) == nrow(Yw)) FALSE else NA : \n argument is of length zero\n"
attr(,"class")
[1] "try-error"
attr(,"condition")
<simpleError in if (nrow(data) == ncol(Yw)) TRUE else if (nrow(data) == nrow(Yw)) FALSE else NA: argument is of length zero>
test_dccav.R.................. 31 tests <1b>[0;32mOK<1b>[0m
test_dccav.R.................. 32 tests <1b>[0;32mOK<1b>[0m
Some constraints or conditions were aliased because they were redundant. This
can happen if terms are constant or linearly dependent (collinear): 'A1'
The model is overfitted with no unconstrained (residual) component
test_dccav.R.................. 32 tests <1b>[0;32mOK<1b>[0m
test_dccav.R.................. 33 tests <1b>[0;32mOK<1b>[0m
test_dccav.R.................. 34 tests <1b>[0;32mOK<1b>[0m
test_dccav.R.................. 35 tests <1b>[0;32mOK<1b>[0m
test_dccav.R.................. 36 tests <1b>[0;32mOK<1b>[0m
test_dccav.R.................. 37 tests <1b>[0;32mOK<1b>[0m
test_dccav.R.................. 37 tests <1b>[0;32mOK<1b>[0m
test_dccav.R.................. 38 tests <1b>[0;32mOK<1b>[0m
test_dccav.R.................. 40 tests <1b>[0;32mOK<1b>[0m
test_dccav.R.................. 41 tests <1b>[0;32mOK<1b>[0m
test_dccav.R.................. 41 tests <1b>[0;32mOK<1b>[0m
test_dccav.R.................. 41 tests <1b>[0;32mOK<1b>[0m
test_dccav.R.................. 41 tests <1b>[0;32mOK<1b>[0m
test_dccav.R.................. 41 tests <1b>[0;32mOK<1b>[0m
test_dccav.R.................. 41 tests <1b>[0;32mOK<1b>[0m
test_dccav.R.................. 41 tests <1b>[0;32mOK<1b>[0m
test_dccav.R.................. 41 tests <1b>[0;32mOK<1b>[0m
test_dccav.R.................. 41 tests <1b>[0;32mOK<1b>[0m
test_dccav.R.................. 42 tests <1b>[0;32mOK<1b>[0m
test_dccav.R.................. 42 tests <1b>[0;32mOK<1b>[0m
test_dccav.R.................. 42 tests <1b>[0;32mOK<1b>[0m
test_dccav.R.................. 42 tests <1b>[0;32mOK<1b>[0m
test_dccav.R.................. 42 tests <1b>[0;32mOK<1b>[0m
test_dccav.R.................. 42 tests <1b>[0;32mOK<1b>[0m
test_dccav.R.................. 43 tests <1b>[0;31m1 fails<1b>[0m
test_dccav.R.................. 44 tests <1b>[0;31m1 fails<1b>[0m <1b>[0;34m12.8s<1b>[0m
test_fCWMSNC.R................ 0 tests
test_fCWMSNC.R................ 0 tests
test_fCWMSNC.R................ 0 tests
test_fCWMSNC.R................ 0 tests
test_fCWMSNC.R................ 0 tests
test_fCWMSNC.R................ 0 tests
test_fCWMSNC.R................ 0 tests
test_fCWMSNC.R................ 0 tests
test_fCWMSNC.R................ 1 tests <1b>[0;32mOK<1b>[0m
test_fCWMSNC.R................ 2 tests <1b>[0;32mOK<1b>[0m
test_fCWMSNC.R................ 2 tests <1b>[0;32mOK<1b>[0m
test_fCWMSNC.R................ 2 tests <1b>[0;32mOK<1b>[0m
test_fCWMSNC.R................ 3 tests <1b>[0;32mOK<1b>[0m
test_fCWMSNC.R................ 3 tests <1b>[0;32mOK<1b>[0m
test_fCWMSNC.R................ 4 tests <1b>[0;32mOK<1b>[0m
test_fCWMSNC.R................ 5 tests <1b>[0;32mOK<1b>[0m
test_fCWMSNC.R................ 5 tests <1b>[0;32mOK<1b>[0m
test_fCWMSNC.R................ 5 tests <1b>[0;32mOK<1b>[0m
test_fCWMSNC.R................ 5 tests <1b>[0;32mOK<1b>[0m
test_fCWMSNC.R................ 6 tests <1b>[0;32mOK<1b>[0m
test_fCWMSNC.R................ 7 tests <1b>[0;32mOK<1b>[0m
test_fCWMSNC.R................ 8 tests <1b>[0;32mOK<1b>[0m
test_fCWMSNC.R................ 8 tests <1b>[0;32mOK<1b>[0m
test_fCWMSNC.R................ 8 tests <1b>[0;32mOK<1b>[0m
test_fCWMSNC.R................ 9 tests <1b>[0;32mOK<1b>[0m
test_fCWMSNC.R................ 10 tests <1b>[0;32mOK<1b>[0m
test_fCWMSNC.R................ 11 tests <1b>[0;32mOK<1b>[0m
test_fCWMSNC.R................ 11 tests <1b>[0;32mOK<1b>[0m
test_fCWMSNC.R................ 11 tests <1b>[0;32mOK<1b>[0m
test_fCWMSNC.R................ 12 tests <1b>[0;32mOK<1b>[0m
test_fCWMSNC.R................ 13 tests <1b>[0;32mOK<1b>[0m
test_fCWMSNC.R................ 14 tests <1b>[0;32mOK<1b>[0m
test_fCWMSNC.R................ 14 tests <1b>[0;32mOK<1b>[0m
test_fCWMSNC.R................ 14 tests <1b>[0;32mOK<1b>[0m
test_fCWMSNC.R................ 14 tests <1b>[0;32mOK<1b>[0m
test_fCWMSNC.R................ 14 tests <1b>[0;32mOK<1b>[0m
test_fCWMSNC.R................ 14 tests <1b>[0;32mOK<1b>[0m
test_fCWMSNC.R................ 14 tests <1b>[0;32mOK<1b>[0m
test_fCWMSNC.R................ 15 tests <1b>[0;32mOK<1b>[0m
test_fCWMSNC.R................ 16 tests <1b>[0;32mOK<1b>[0m
test_fCWMSNC.R................ 16 tests <1b>[0;32mOK<1b>[0m
test_fCWMSNC.R................ 17 tests <1b>[0;32mOK<1b>[0m
test_fCWMSNC.R................ 17 tests <1b>[0;32mOK<1b>[0m
test_fCWMSNC.R................ 17 tests <1b>[0;32mOK<1b>[0m
test_fCWMSNC.R................ 18 tests <1b>[0;32mOK<1b>[0m
test_fCWMSNC.R................ 18 tests <1b>[0;32mOK<1b>[0m
test_fCWMSNC.R................ 18 tests <1b>[0;32mOK<1b>[0m
test_fCWMSNC.R................ 18 tests <1b>[0;32mOK<1b>[0m
test_fCWMSNC.R................ 19 tests <1b>[0;32mOK<1b>[0m
test_fCWMSNC.R................ 19 tests <1b>[0;32mOK<1b>[0m
test_fCWMSNC.R................ 19 tests <1b>[0;32mOK<1b>[0m
test_fCWMSNC.R................ 19 tests <1b>[0;32mOK<1b>[0m
test_fCWMSNC.R................ 19 tests <1b>[0;32mOK<1b>[0m
test_fCWMSNC.R................ 20 tests <1b>[0;32mOK<1b>[0m
test_fCWMSNC.R................ 21 tests <1b>[0;32mOK<1b>[0m
test_fCWMSNC.R................ 21 tests <1b>[0;32mOK<1b>[0m
test_fCWMSNC.R................ 21 tests <1b>[0;32mOK<1b>[0m
test_fCWMSNC.R................ 21 tests <1b>[0;32mOK<1b>[0m
test_fCWMSNC.R................ 21 tests <1b>[0;32mOK<1b>[0m
test_fCWMSNC.R................ 22 tests <1b>[0;32mOK<1b>[0m
test_fCWMSNC.R................ 23 tests <1b>[0;32mOK<1b>[0m
test_fCWMSNC.R................ 24 tests <1b>[0;32mOK<1b>[0m
test_fCWMSNC.R................ 25 tests <1b>[0;32mOK<1b>[0m
test_fCWMSNC.R................ 25 tests <1b>[0;32mOK<1b>[0m
test_fCWMSNC.R................ 25 tests <1b>[0;32mOK<1b>[0m
test_fCWMSNC.R................ 25 tests <1b>[0;32mOK<1b>[0m
test_fCWMSNC.R................ 26 tests <1b>[0;32mOK<1b>[0m
test_fCWMSNC.R................ 26 tests <1b>[0;32mOK<1b>[0m
test_fCWMSNC.R................ 26 tests <1b>[0;32mOK<1b>[0m
test_fCWMSNC.R................ 27 tests <1b>[0;32mOK<1b>[0m
test_fCWMSNC.R................ 27 tests <1b>[0;32mOK<1b>[0m
test_fCWMSNC.R................ 27 tests <1b>[0;32mOK<1b>[0m
test_fCWMSNC.R................ 28 tests <1b>[0;32mOK<1b>[0m <1b>[0;34m1.9s<1b>[0m
test_fCWMSNCv.R............... 0 tests
test_fCWMSNCv.R............... 0 tests
test_fCWMSNCv.R............... 0 tests
test_fCWMSNCv.R............... 0 tests
test_fCWMSNCv.R............... 0 tests
test_fCWMSNCv.R............... 0 tests
test_fCWMSNCv.R............... 0 tests
test_fCWMSNCv.R............... 0 tests
test_fCWMSNCv.R............... 1 tests <1b>[0;32mOK<1b>[0m
test_fCWMSNCv.R............... 2 tests <1b>[0;32mOK<1b>[0m
test_fCWMSNCv.R............... 2 tests <1b>[0;32mOK<1b>[0m
test_fCWMSNCv.R............... 2 tests <1b>[0;32mOK<1b>[0m
test_fCWMSNCv.R............... 3 tests <1b>[0;32mOK<1b>[0m
test_fCWMSNCv.R............... 3 tests <1b>[0;32mOK<1b>[0m
test_fCWMSNCv.R............... 4 tests <1b>[0;32mOK<1b>[0m
test_fCWMSNCv.R............... 5 tests <1b>[0;32mOK<1b>[0m
test_fCWMSNCv.R............... 5 tests <1b>[0;32mOK<1b>[0m
test_fCWMSNCv.R............... 5 tests <1b>[0;32mOK<1b>[0m
test_fCWMSNCv.R............... 5 tests <1b>[0;32mOK<1b>[0m
test_fCWMSNCv.R............... 6 tests <1b>[0;32mOK<1b>[0m
test_fCWMSNCv.R............... 7 tests <1b>[0;32mOK<1b>[0m
test_fCWMSNCv.R............... 8 tests <1b>[0;32mOK<1b>[0m
test_fCWMSNCv.R............... 8 tests <1b>[0;32mOK<1b>[0m
test_fCWMSNCv.R............... 8 tests <1b>[0;32mOK<1b>[0m
test_fCWMSNCv.R............... 9 tests <1b>[0;32mOK<1b>[0m
test_fCWMSNCv.R............... 10 tests <1b>[0;32mOK<1b>[0m
test_fCWMSNCv.R............... 10 tests <1b>[0;32mOK<1b>[0m
test_fCWMSNCv.R............... 10 tests <1b>[0;32mOK<1b>[0m
test_fCWMSNCv.R............... 11 tests <1b>[0;32mOK<1b>[0m
test_fCWMSNCv.R............... 12 tests <1b>[0;32mOK<1b>[0m
test_fCWMSNCv.R............... 13 tests <1b>[0;32mOK<1b>[0m
test_fCWMSNCv.R............... 13 tests <1b>[0;32mOK<1b>[0m
test_fCWMSNCv.R............... 13 tests <1b>[0;32mOK<1b>[0m
test_fCWMSNCv.R............... 13 tests <1b>[0;32mOK<1b>[0m
test_fCWMSNCv.R............... 13 tests <1b>[0;32mOK<1b>[0m
test_fCWMSNCv.R............... 13 tests <1b>[0;32mOK<1b>[0m
test_fCWMSNCv.R............... 13 tests <1b>[0;32mOK<1b>[0m
test_fCWMSNCv.R............... 14 tests <1b>[0;32mOK<1b>[0m
test_fCWMSNCv.R............... 15 tests <1b>[0;32mOK<1b>[0m
test_fCWMSNCv.R............... 15 tests <1b>[0;32mOK<1b>[0m
test_fCWMSNCv.R............... 16 tests <1b>[0;32mOK<1b>[0m
test_fCWMSNCv.R............... 16 tests <1b>[0;32mOK<1b>[0m
test_fCWMSNCv.R............... 16 tests <1b>[0;32mOK<1b>[0m
test_fCWMSNCv.R............... 17 tests <1b>[0;32mOK<1b>[0m
test_fCWMSNCv.R............... 17 tests <1b>[0;32mOK<1b>[0m
test_fCWMSNCv.R............... 17 tests <1b>[0;32mOK<1b>[0m
test_fCWMSNCv.R............... 17 tests <1b>[0;32mOK<1b>[0m
test_fCWMSNCv.R............... 18 tests <1b>[0;32mOK<1b>[0m
test_fCWMSNCv.R............... 18 tests <1b>[0;32mOK<1b>[0m
test_fCWMSNCv.R............... 18 tests <1b>[0;32mOK<1b>[0m
test_fCWMSNCv.R............... 18 tests <1b>[0;32mOK<1b>[0m
test_fCWMSNCv.R............... 18 tests <1b>[0;32mOK<1b>[0m
test_fCWMSNCv.R............... 19 tests <1b>[0;32mOK<1b>[0m
test_fCWMSNCv.R............... 20 tests <1b>[0;32mOK<1b>[0m
test_fCWMSNCv.R............... 20 tests <1b>[0;32mOK<1b>[0m
test_fCWMSNCv.R............... 20 tests <1b>[0;32mOK<1b>[0m
test_fCWMSNCv.R............... 20 tests <1b>[0;32mOK<1b>[0m
test_fCWMSNCv.R............... 20 tests <1b>[0;32mOK<1b>[0m
test_fCWMSNCv.R............... 21 tests <1b>[0;32mOK<1b>[0m
test_fCWMSNCv.R............... 22 tests <1b>[0;32mOK<1b>[0m
test_fCWMSNCv.R............... 23 tests <1b>[0;32mOK<1b>[0m
test_fCWMSNCv.R............... 24 tests <1b>[0;32mOK<1b>[0m
test_fCWMSNCv.R............... 24 tests <1b>[0;32mOK<1b>[0m
test_fCWMSNCv.R............... 24 tests <1b>[0;32mOK<1b>[0m
test_fCWMSNCv.R............... 24 tests <1b>[0;32mOK<1b>[0m
test_fCWMSNCv.R............... 25 tests <1b>[0;32mOK<1b>[0m
test_fCWMSNCv.R............... 25 tests <1b>[0;32mOK<1b>[0m
test_fCWMSNCv.R............... 25 tests <1b>[0;32mOK<1b>[0m
test_fCWMSNCv.R............... 26 tests <1b>[0;32mOK<1b>[0m
test_fCWMSNCv.R............... 26 tests <1b>[0;32mOK<1b>[0m
test_fCWMSNCv.R............... 26 tests <1b>[0;32mOK<1b>[0m
test_fCWMSNCv.R............... 27 tests <1b>[0;32mOK<1b>[0m <1b>[0;34m2.2s<1b>[0m
test_ipf2N2.R................. 0 tests
test_ipf2N2.R................. 0 tests
test_ipf2N2.R................. 0 tests
test_ipf2N2.R................. 0 tests
test_ipf2N2.R................. 1 tests <1b>[0;32mOK<1b>[0m
test_ipf2N2.R................. 2 tests <1b>[0;32mOK<1b>[0m
test_ipf2N2.R................. 3 tests <1b>[0;32mOK<1b>[0m
test_ipf2N2.R................. 3 tests <1b>[0;32mOK<1b>[0m
test_ipf2N2.R................. 4 tests <1b>[0;32mOK<1b>[0m
test_ipf2N2.R................. 5 tests <1b>[0;32mOK<1b>[0m
test_ipf2N2.R................. 6 tests <1b>[0;32mOK<1b>[0m
test_ipf2N2.R................. 6 tests <1b>[0;32mOK<1b>[0m
test_ipf2N2.R................. 7 tests <1b>[0;32mOK<1b>[0m
test_ipf2N2.R................. 7 tests <1b>[0;32mOK<1b>[0m
test_ipf2N2.R................. 7 tests <1b>[0;32mOK<1b>[0m
test_ipf2N2.R................. 8 tests <1b>[0;32mOK<1b>[0m
test_ipf2N2.R................. 8 tests <1b>[0;32mOK<1b>[0m
test_ipf2N2.R................. 8 tests <1b>[0;32mOK<1b>[0m
test_ipf2N2.R................. 9 tests <1b>[0;32mOK<1b>[0m
test_ipf2N2.R................. 10 tests <1b>[0;32mOK<1b>[0m
test_ipf2N2.R................. 10 tests <1b>[0;32mOK<1b>[0m
test_ipf2N2.R................. 11 tests <1b>[0;32mOK<1b>[0m
test_ipf2N2.R................. 12 tests <1b>[0;32mOK<1b>[0m
test_ipf2N2.R................. 12 tests <1b>[0;32mOK<1b>[0m
test_ipf2N2.R................. 12 tests <1b>[0;32mOK<1b>[0m
test_ipf2N2.R................. 13 tests <1b>[0;32mOK<1b>[0m
test_ipf2N2.R................. 14 tests <1b>[0;32mOK<1b>[0m
test_ipf2N2.R................. 14 tests <1b>[0;32mOK<1b>[0m
test_ipf2N2.R................. 15 tests <1b>[0;32mOK<1b>[0m
test_ipf2N2.R................. 15 tests <1b>[0;32mOK<1b>[0m
test_ipf2N2.R................. 15 tests <1b>[0;32mOK<1b>[0m
test_ipf2N2.R................. 16 tests <1b>[0;32mOK<1b>[0m
test_ipf2N2.R................. 16 tests <1b>[0;32mOK<1b>[0m
test_ipf2N2.R................. 17 tests <1b>[0;32mOK<1b>[0m
test_ipf2N2.R................. 17 tests <1b>[0;32mOK<1b>[0m Argument divideBySiteTotals set to FALSE, as species totals are proportional to N2(N-N2).
You can overrule this by specifying divideBySiteTotals explicitly.
test_ipf2N2.R................. 17 tests <1b>[0;32mOK<1b>[0m
test_ipf2N2.R................. 18 tests <1b>[0;32mOK<1b>[0m <1b>[0;34m0.3s<1b>[0m
test_plot.dcca.R.............. 0 tests
test_plot.dcca.R.............. 0 tests
test_plot.dcca.R.............. 0 tests
test_plot.dcca.R.............. 0 tests
test_plot.dcca.R.............. 0 tests
test_plot.dcca.R.............. 0 tests
test_plot.dcca.R.............. 0 tests
test_plot.dcca.R.............. 1 tests <1b>[0;32mOK<1b>[0m
test_plot.dcca.R.............. 1 tests <1b>[0;32mOK<1b>[0m
test_plot.dcca.R.............. 2 tests <1b>[0;32mOK<1b>[0m
test_plot.dcca.R.............. 3 tests <1b>[0;32mOK<1b>[0m
test_plot.dcca.R.............. 4 tests <1b>[0;32mOK<1b>[0m
test_plot.dcca.R.............. 5 tests <1b>[0;32mOK<1b>[0m
test_plot.dcca.R.............. 6 tests <1b>[0;32mOK<1b>[0m
test_plot.dcca.R.............. 7 tests <1b>[0;32mOK<1b>[0m
test_plot.dcca.R.............. 8 tests <1b>[0;32mOK<1b>[0m
test_plot.dcca.R.............. 9 tests <1b>[0;32mOK<1b>[0m
test_plot.dcca.R.............. 9 tests <1b>[0;32mOK<1b>[0m
test_plot.dcca.R.............. 10 tests <1b>[0;32mOK<1b>[0m
test_plot.dcca.R.............. 11 tests <1b>[0;32mOK<1b>[0m
test_plot.dcca.R.............. 11 tests <1b>[0;32mOK<1b>[0m
test_plot.dcca.R.............. 11 tests <1b>[0;32mOK<1b>[0m
test_plot.dcca.R.............. 12 tests <1b>[0;32mOK<1b>[0m
test_plot.dcca.R.............. 13 tests <1b>[0;32mOK<1b>[0m
test_plot.dcca.R.............. 14 tests <1b>[0;32mOK<1b>[0m
test_plot.dcca.R.............. 15 tests <1b>[0;32mOK<1b>[0m
test_plot.dcca.R.............. 15 tests <1b>[0;32mOK<1b>[0m
test_plot.dcca.R.............. 15 tests <1b>[0;32mOK<1b>[0m
test_plot.dcca.R.............. 15 tests <1b>[0;32mOK<1b>[0m
test_plot.dcca.R.............. 15 tests <1b>[0;32mOK<1b>[0m
test_plot.dcca.R.............. 15 tests <1b>[0;32mOK<1b>[0m
test_plot.dcca.R.............. 15 tests <1b>[0;32mOK<1b>[0m
test_plot.dcca.R.............. 15 tests <1b>[0;32mOK<1b>[0m
test_plot.dcca.R.............. 15 tests <1b>[0;32mOK<1b>[0m
test_plot.dcca.R.............. 15 tests <1b>[0;32mOK<1b>[0m
test_plot.dcca.R.............. 16 tests <1b>[0;32mOK<1b>[0m <1b>[0;34m32.7s<1b>[0m
test_predict.dcca.R........... 0 tests
test_predict.dcca.R........... 0 tests
test_predict.dcca.R........... 0 tests
test_predict.dcca.R........... 0 tests
test_predict.dcca.R........... 0 tests
test_predict.dcca.R........... 0 tests
test_predict.dcca.R........... 0 tests
test_predict.dcca.R........... 0 tests
test_predict.dcca.R........... 0 tests
test_predict.dcca.R........... 0 tests
test_predict.dcca.R........... 0 tests
test_predict.dcca.R........... 1 tests <1b>[0;32mOK<1b>[0m
test_predict.dcca.R........... 1 tests <1b>[0;32mOK<1b>[0m
test_predict.dcca.R........... 1 tests <1b>[0;32mOK<1b>[0m
test_predict.dcca.R........... 2 tests <1b>[0;32mOK<1b>[0m
test_predict.dcca.R........... 2 tests <1b>[0;32mOK<1b>[0m
test_predict.dcca.R........... 2 tests <1b>[0;32mOK<1b>[0m
test_predict.dcca.R........... 3 tests <1b>[0;32mOK<1b>[0m
test_predict.dcca.R........... 3 tests <1b>[0;32mOK<1b>[0m
test_predict.dcca.R........... 3 tests <1b>[0;32mOK<1b>[0m
test_predict.dcca.R........... 3 tests <1b>[0;32mOK<1b>[0m
test_predict.dcca.R........... 4 tests <1b>[0;32mOK<1b>[0m
test_predict.dcca.R........... 4 tests <1b>[0;32mOK<1b>[0m
test_predict.dcca.R........... 4 tests <1b>[0;32mOK<1b>[0m
test_predict.dcca.R........... 4 tests <1b>[0;32mOK<1b>[0m
test_predict.dcca.R........... 4 tests <1b>[0;32mOK<1b>[0m
test_predict.dcca.R........... 4 tests <1b>[0;32mOK<1b>[0m
test_predict.dcca.R........... 4 tests <1b>[0;32mOK<1b>[0m
test_predict.dcca.R........... 5 tests <1b>[0;32mOK<1b>[0m
test_predict.dcca.R........... 6 tests <1b>[0;32mOK<1b>[0m
test_predict.dcca.R........... 7 tests <1b>[0;32mOK<1b>[0m
test_predict.dcca.R........... 8 tests <1b>[0;32mOK<1b>[0m
test_predict.dcca.R........... 9 tests <1b>[0;32mOK<1b>[0m
test_predict.dcca.R........... 10 tests <1b>[0;32mOK<1b>[0m
test_predict.dcca.R........... 11 tests <1b>[0;32mOK<1b>[0m
test_predict.dcca.R........... 11 tests <1b>[0;32mOK<1b>[0m
test_predict.dcca.R........... 11 tests <1b>[0;32mOK<1b>[0m
test_predict.dcca.R........... 11 tests <1b>[0;32mOK<1b>[0m
test_predict.dcca.R........... 11 tests <1b>[0;32mOK<1b>[0m
test_predict.dcca.R........... 12 tests <1b>[0;32mOK<1b>[0m
test_predict.dcca.R........... 12 tests <1b>[0;32mOK<1b>[0m
test_predict.dcca.R........... 12 tests <1b>[0;32mOK<1b>[0m
test_predict.dcca.R........... 12 tests <1b>[0;32mOK<1b>[0m
test_predict.dcca.R........... 13 tests <1b>[0;32mOK<1b>[0m
test_predict.dcca.R........... 14 tests <1b>[0;32mOK<1b>[0m
test_predict.dcca.R........... 15 tests <1b>[0;32mOK<1b>[0m
test_predict.dcca.R........... 16 tests <1b>[0;32mOK<1b>[0m
test_predict.dcca.R........... 17 tests <1b>[0;32mOK<1b>[0m
test_predict.dcca.R........... 17 tests <1b>[0;32mOK<1b>[0m
test_predict.dcca.R........... 17 tests <1b>[0;32mOK<1b>[0m
test_predict.dcca.R........... 17 tests <1b>[0;32mOK<1b>[0m
test_predict.dcca.R........... 17 tests <1b>[0;32mOK<1b>[0m
test_predict.dcca.R........... 17 tests <1b>[0;32mOK<1b>[0m
test_predict.dcca.R........... 18 tests <1b>[0;32mOK<1b>[0m
test_predict.dcca.R........... 19 tests <1b>[0;32mOK<1b>[0m
test_predict.dcca.R........... 20 tests <1b>[0;32mOK<1b>[0m
test_predict.dcca.R........... 21 tests <1b>[0;32mOK<1b>[0m
test_predict.dcca.R........... 22 tests <1b>[0;32mOK<1b>[0m
test_predict.dcca.R........... 23 tests <1b>[0;32mOK<1b>[0m
test_predict.dcca.R........... 24 tests <1b>[0;32mOK<1b>[0m
test_predict.dcca.R........... 25 tests <1b>[0;32mOK<1b>[0m
test_predict.dcca.R........... 25 tests <1b>[0;32mOK<1b>[0m
test_predict.dcca.R........... 25 tests <1b>[0;32mOK<1b>[0m
test_predict.dcca.R........... 25 tests <1b>[0;32mOK<1b>[0m
test_predict.dcca.R........... 26 tests <1b>[0;32mOK<1b>[0m
test_predict.dcca.R........... 27 tests <1b>[0;32mOK<1b>[0m
test_predict.dcca.R........... 27 tests <1b>[0;32mOK<1b>[0m
test_predict.dcca.R........... 27 tests <1b>[0;32mOK<1b>[0m
test_predict.dcca.R........... 28 tests <1b>[0;32mOK<1b>[0m
test_predict.dcca.R........... 29 tests <1b>[0;32mOK<1b>[0m
test_predict.dcca.R........... 30 tests <1b>[0;32mOK<1b>[0m
test_predict.dcca.R........... 30 tests <1b>[0;32mOK<1b>[0m
test_predict.dcca.R........... 30 tests <1b>[0;32mOK<1b>[0m
test_predict.dcca.R........... 31 tests <1b>[0;32mOK<1b>[0m
test_predict.dcca.R........... 31 tests <1b>[0;32mOK<1b>[0m
test_predict.dcca.R........... 32 tests <1b>[0;32mOK<1b>[0m
test_predict.dcca.R........... 32 tests <1b>[0;32mOK<1b>[0m
test_predict.dcca.R........... 32 tests <1b>[0;32mOK<1b>[0m
test_predict.dcca.R........... 32 tests <1b>[0;32mOK<1b>[0m
test_predict.dcca.R........... 33 tests <1b>[0;32mOK<1b>[0m
test_predict.dcca.R........... 33 tests <1b>[0;32mOK<1b>[0m
test_predict.dcca.R........... 33 tests <1b>[0;32mOK<1b>[0m
test_predict.dcca.R........... 34 tests <1b>[0;32mOK<1b>[0m
test_predict.dcca.R........... 34 tests <1b>[0;32mOK<1b>[0m
test_predict.dcca.R........... 34 tests <1b>[0;32mOK<1b>[0m
test_predict.dcca.R........... 35 tests <1b>[0;32mOK<1b>[0m
test_predict.dcca.R........... 35 tests <1b>[0;32mOK<1b>[0m
test_predict.dcca.R........... 35 tests <1b>[0;32mOK<1b>[0m
test_predict.dcca.R........... 36 tests <1b>[0;32mOK<1b>[0m
test_predict.dcca.R........... 37 tests <1b>[0;32mOK<1b>[0m
test_predict.dcca.R........... 37 tests <1b>[0;32mOK<1b>[0m
test_predict.dcca.R........... 37 tests <1b>[0;32mOK<1b>[0m
test_predict.dcca.R........... 38 tests <1b>[0;32mOK<1b>[0m
test_predict.dcca.R........... 38 tests <1b>[0;32mOK<1b>[0m
test_predict.dcca.R........... 39 tests <1b>[0;32mOK<1b>[0m
test_predict.dcca.R........... 40 tests <1b>[0;32mOK<1b>[0m
test_predict.dcca.R........... 40 tests <1b>[0;32mOK<1b>[0m
test_predict.dcca.R........... 40 tests <1b>[0;32mOK<1b>[0m
test_predict.dcca.R........... 41 tests <1b>[0;32mOK<1b>[0m
test_predict.dcca.R........... 41 tests <1b>[0;32mOK<1b>[0m
test_predict.dcca.R........... 41 tests <1b>[0;32mOK<1b>[0m
test_predict.dcca.R........... 41 tests <1b>[0;32mOK<1b>[0m
test_predict.dcca.R........... 41 tests <1b>[0;32mOK<1b>[0m
test_predict.dcca.R........... 42 tests <1b>[0;32mOK<1b>[0m
test_predict.dcca.R........... 42 tests <1b>[0;32mOK<1b>[0m
test_predict.dcca.R........... 42 tests <1b>[0;32mOK<1b>[0m
test_predict.dcca.R........... 43 tests <1b>[0;32mOK<1b>[0m
test_predict.dcca.R........... 44 tests <1b>[0;32mOK<1b>[0m <1b>[0;34m2.5s<1b>[0m
test_predict.dccav.R.......... 0 tests
test_predict.dccav.R.......... 0 tests
test_predict.dccav.R.......... 0 tests
test_predict.dccav.R.......... 0 tests
test_predict.dccav.R.......... 0 tests
test_predict.dccav.R.......... 0 tests
test_predict.dccav.R.......... 0 tests
test_predict.dccav.R.......... 0 tests
test_predict.dccav.R.......... 0 tests
test_predict.dccav.R.......... 0 tests
test_predict.dccav.R.......... 0 tests
test_predict.dccav.R.......... 1 tests <1b>[0;32mOK<1b>[0m
test_predict.dccav.R.......... 1 tests <1b>[0;32mOK<1b>[0m
test_predict.dccav.R.......... 1 tests <1b>[0;32mOK<1b>[0m
test_predict.dccav.R.......... 2 tests <1b>[0;32mOK<1b>[0m
test_predict.dccav.R.......... 2 tests <1b>[0;32mOK<1b>[0m
test_predict.dccav.R.......... 2 tests <1b>[0;32mOK<1b>[0m
test_predict.dccav.R.......... 3 tests <1b>[0;32mOK<1b>[0m
test_predict.dccav.R.......... 3 tests <1b>[0;32mOK<1b>[0m
test_predict.dccav.R.......... 3 tests <1b>[0;32mOK<1b>[0m
test_predict.dccav.R.......... 3 tests <1b>[0;32mOK<1b>[0m
test_predict.dccav.R.......... 4 tests <1b>[0;32mOK<1b>[0m
test_predict.dccav.R.......... 4 tests <1b>[0;32mOK<1b>[0m
test_predict.dccav.R.......... 4 tests <1b>[0;32mOK<1b>[0m
test_predict.dccav.R.......... 4 tests <1b>[0;32mOK<1b>[0m
test_predict.dccav.R.......... 4 tests <1b>[0;32mOK<1b>[0m
test_predict.dccav.R.......... 4 tests <1b>[0;32mOK<1b>[0m
test_predict.dccav.R.......... 4 tests <1b>[0;32mOK<1b>[0m
test_predict.dccav.R.......... 5 tests <1b>[0;32mOK<1b>[0m
test_predict.dccav.R.......... 6 tests <1b>[0;32mOK<1b>[0m
test_predict.dccav.R.......... 7 tests <1b>[0;32mOK<1b>[0m
test_predict.dccav.R.......... 8 tests <1b>[0;32mOK<1b>[0m
test_predict.dccav.R.......... 9 tests <1b>[0;32mOK<1b>[0m
test_predict.dccav.R.......... 10 tests <1b>[0;32mOK<1b>[0m
test_predict.dccav.R.......... 11 tests <1b>[0;32mOK<1b>[0m
test_predict.dccav.R.......... 11 tests <1b>[0;32mOK<1b>[0m
test_predict.dccav.R.......... 11 tests <1b>[0;32mOK<1b>[0m
test_predict.dccav.R.......... 11 tests <1b>[0;32mOK<1b>[0m
test_predict.dccav.R.......... 11 tests <1b>[0;32mOK<1b>[0m
test_predict.dccav.R.......... 12 tests <1b>[0;32mOK<1b>[0m
test_predict.dccav.R.......... 12 tests <1b>[0;32mOK<1b>[0m
test_predict.dccav.R.......... 12 tests <1b>[0;32mOK<1b>[0m
test_predict.dccav.R.......... 12 tests <1b>[0;32mOK<1b>[0m
test_predict.dccav.R.......... 13 tests <1b>[0;32mOK<1b>[0m
test_predict.dccav.R.......... 14 tests <1b>[0;32mOK<1b>[0m
test_predict.dccav.R.......... 15 tests <1b>[0;32mOK<1b>[0m
test_predict.dccav.R.......... 16 tests <1b>[0;32mOK<1b>[0m
test_predict.dccav.R.......... 17 tests <1b>[0;32mOK<1b>[0m
test_predict.dccav.R.......... 17 tests <1b>[0;32mOK<1b>[0m
test_predict.dccav.R.......... 17 tests <1b>[0;32mOK<1b>[0m
test_predict.dccav.R.......... 17 tests <1b>[0;32mOK<1b>[0m
test_predict.dccav.R.......... 17 tests <1b>[0;32mOK<1b>[0m
test_predict.dccav.R.......... 17 tests <1b>[0;32mOK<1b>[0m
test_predict.dccav.R.......... 18 tests <1b>[0;32mOK<1b>[0m
test_predict.dccav.R.......... 19 tests <1b>[0;32mOK<1b>[0m
test_predict.dccav.R.......... 20 tests <1b>[0;32mOK<1b>[0m
test_predict.dccav.R.......... 21 tests <1b>[0;32mOK<1b>[0m
test_predict.dccav.R.......... 22 tests <1b>[0;32mOK<1b>[0m
test_predict.dccav.R.......... 23 tests <1b>[0;32mOK<1b>[0m
test_predict.dccav.R.......... 24 tests <1b>[0;32mOK<1b>[0m
test_predict.dccav.R.......... 25 tests <1b>[0;32mOK<1b>[0m
test_predict.dccav.R.......... 25 tests <1b>[0;32mOK<1b>[0m
test_predict.dccav.R.......... 25 tests <1b>[0;32mOK<1b>[0m
test_predict.dccav.R.......... 25 tests <1b>[0;32mOK<1b>[0m
test_predict.dccav.R.......... 26 tests <1b>[0;32mOK<1b>[0m
test_predict.dccav.R.......... 27 tests <1b>[0;32mOK<1b>[0m
test_predict.dccav.R.......... 27 tests <1b>[0;32mOK<1b>[0m
test_predict.dccav.R.......... 27 tests <1b>[0;32mOK<1b>[0m
test_predict.dccav.R.......... 28 tests <1b>[0;32mOK<1b>[0m
test_predict.dccav.R.......... 29 tests <1b>[0;32mOK<1b>[0m
test_predict.dccav.R.......... 30 tests <1b>[0;32mOK<1b>[0m
test_predict.dccav.R.......... 30 tests <1b>[0;32mOK<1b>[0m
test_predict.dccav.R.......... 30 tests <1b>[0;32mOK<1b>[0m
test_predict.dccav.R.......... 31 tests <1b>[0;32mOK<1b>[0m
test_predict.dccav.R.......... 31 tests <1b>[0;32mOK<1b>[0m
test_predict.dccav.R.......... 32 tests <1b>[0;32mOK<1b>[0m
test_predict.dccav.R.......... 32 tests <1b>[0;32mOK<1b>[0m
The model is overfitted with no unconstrained (residual) component
test_predict.dccav.R.......... 33 tests <1b>[0;32mOK<1b>[0m
test_predict.dccav.R.......... 33 tests <1b>[0;32mOK<1b>[0m
test_predict.dccav.R.......... 34 tests <1b>[0;32mOK<1b>[0m
test_predict.dccav.R.......... 34 tests <1b>[0;32mOK<1b>[0m
test_predict.dccav.R.......... 35 tests <1b>[0;32mOK<1b>[0m
test_predict.dccav.R.......... 35 tests <1b>[0;32mOK<1b>[0m
test_predict.dccav.R.......... 35 tests <1b>[0;32mOK<1b>[0m
test_predict.dccav.R.......... 36 tests <1b>[0;32mOK<1b>[0m
test_predict.dccav.R.......... 36 tests <1b>[0;32mOK<1b>[0m
test_predict.dccav.R.......... 36 tests <1b>[0;32mOK<1b>[0m
test_predict.dccav.R.......... 37 tests <1b>[0;32mOK<1b>[0m
test_predict.dccav.R.......... 37 tests <1b>[0;32mOK<1b>[0m
The model is overfitted with no unconstrained (residual) component
test_predict.dccav.R.......... 38 tests <1b>[0;32mOK<1b>[0m
test_predict.dccav.R.......... 39 tests <1b>[0;32mOK<1b>[0m
test_predict.dccav.R.......... 40 tests <1b>[0;32mOK<1b>[0m
test_predict.dccav.R.......... 40 tests <1b>[0;32mOK<1b>[0m
test_predict.dccav.R.......... 40 tests <1b>[0;32mOK<1b>[0m
test_predict.dccav.R.......... 41 tests <1b>[0;32mOK<1b>[0m
test_predict.dccav.R.......... 41 tests <1b>[0;32mOK<1b>[0m
test_predict.dccav.R.......... 42 tests <1b>[0;32mOK<1b>[0m
test_predict.dccav.R.......... 43 tests <1b>[0;32mOK<1b>[0m
test_predict.dccav.R.......... 43 tests <1b>[0;32mOK<1b>[0m
test_predict.dccav.R.......... 43 tests <1b>[0;32mOK<1b>[0m
test_predict.dccav.R.......... 44 tests <1b>[0;32mOK<1b>[0m
test_predict.dccav.R.......... 44 tests <1b>[0;32mOK<1b>[0m
test_predict.dccav.R.......... 44 tests <1b>[0;32mOK<1b>[0m
test_predict.dccav.R.......... 44 tests <1b>[0;32mOK<1b>[0m
Some constraints or conditions were aliased because they were redundant. This
can happen if terms are constant or linearly dependent (collinear): 'A11'
test_predict.dccav.R.......... 44 tests <1b>[0;32mOK<1b>[0m
test_predict.dccav.R.......... 45 tests <1b>[0;32mOK<1b>[0m
test_predict.dccav.R.......... 45 tests <1b>[0;32mOK<1b>[0m
test_predict.dccav.R.......... 45 tests <1b>[0;32mOK<1b>[0m
test_predict.dccav.R.......... 46 tests <1b>[0;32mOK<1b>[0m
test_predict.dccav.R.......... 47 tests <1b>[0;32mOK<1b>[0m <1b>[0;34m2.4s<1b>[0m
test_wrda.R................... 0 tests
test_wrda.R................... 0 tests
test_wrda.R................... 0 tests
test_wrda.R................... 0 tests
test_wrda.R................... 0 tests
test_wrda.R................... 0 tests
test_wrda.R................... 0 tests
test_wrda.R................... 0 tests
test_wrda.R................... 1 tests <1b>[0;32mOK<1b>[0m
test_wrda.R................... 1 tests <1b>[0;32mOK<1b>[0m
test_wrda.R................... 2 tests <1b>[0;32mOK<1b>[0m
test_wrda.R................... 3 tests <1b>[0;32mOK<1b>[0m
test_wrda.R................... 4 tests <1b>[0;32mOK<1b>[0m
test_wrda.R................... 4 tests <1b>[0;32mOK<1b>[0m
test_wrda.R................... 4 tests <1b>[0;32mOK<1b>[0m
test_wrda.R................... 5 tests <1b>[0;32mOK<1b>[0m
test_wrda.R................... 5 tests <1b>[0;32mOK<1b>[0m
test_wrda.R................... 6 tests <1b>[0;32mOK<1b>[0m
test_wrda.R................... 7 tests <1b>[0;32mOK<1b>[0m
test_wrda.R................... 8 tests <1b>[0;32mOK<1b>[0m
test_wrda.R................... 8 tests <1b>[0;32mOK<1b>[0m
test_wrda.R................... 8 tests <1b>[0;32mOK<1b>[0m
test_wrda.R................... 8 tests <1b>[0;32mOK<1b>[0m
test_wrda.R................... 9 tests <1b>[0;32mOK<1b>[0m
test_wrda.R................... 10 tests <1b>[0;32mOK<1b>[0m
test_wrda.R................... 10 tests <1b>[0;32mOK<1b>[0m
test_wrda.R................... 10 tests <1b>[0;32mOK<1b>[0m
test_wrda.R................... 10 tests <1b>[0;32mOK<1b>[0m
test_wrda.R................... 10 tests <1b>[0;32mOK<1b>[0m
test_wrda.R................... 10 tests <1b>[0;32mOK<1b>[0m
test_wrda.R................... 11 tests <1b>[0;32mOK<1b>[0m
test_wrda.R................... 12 tests <1b>[0;32mOK<1b>[0m
test_wrda.R................... 13 tests <1b>[0;32mOK<1b>[0m
test_wrda.R................... 14 tests <1b>[0;32mOK<1b>[0m
test_wrda.R................... 14 tests <1b>[0;32mOK<1b>[0m
test_wrda.R................... 15 tests <1b>[0;32mOK<1b>[0m
test_wrda.R................... 16 tests <1b>[0;32mOK<1b>[0m
test_wrda.R................... 17 tests <1b>[0;32mOK<1b>[0m
test_wrda.R................... 17 tests <1b>[0;32mOK<1b>[0m
test_wrda.R................... 18 tests <1b>[0;32mOK<1b>[0m <1b>[0;34m8.0s<1b>[0m
----- FAILED[data]: test_dccav.R<320--322>
call| expect_equivalent(unlist(an_ecol_max[3, , drop = TRUE]), c(1,
call| 0.007899116, 0.964, 0.964, 0.964), tolerance = 1e-07)
diff| Mean relative difference: 0.02057827
Error: 1 out of 333 tests failed
In addition: Warning messages:
1: In set_newdata(object, newdata1, type = "envFromTraits", means_mis = attr(reg, :
newdata does not contain the predictor variables
Height,Lifespan,Seedmass
These are set at their mean values and,
for factors, at the reference level
The current formula is
~ Seedmass + SLA + Height + LDMC + Lifespan
2: In set_newdata(object, newdata1, type = "envFromTraits", means_mis = attr(reg, :
newdata does not contain the predictor variables
Height,Lifespan,Seedmass
These are set at their mean values and,
for factors, at the reference level
The current formula is
~ Seedmass + SLA + Height + LDMC + Lifespan
3: In set_newdata(object, newdata1, type = "envFromTraits", means_mis = attr(reg, :
newdata does not contain the predictor variables
Height,Lifespan,Seedmass
These are set at their mean values and,
for factors, at the reference level
The current formula is
~ Seedmass + SLA + Height + LDMC + Lifespan
4: In set_newdata(object, newdata1, type = "envFromTraits", means_mis = attr(reg, :
newdata does not contain the predictor variables
Height,Lifespan,Seedmass
These are set at their mean values and,
for factors, at the reference level
The current formula is
~ Seedmass + SLA + Height + LDMC + Lifespan
5: In qt((1 - level)/2, df) : NaNs produced
6: In max(ids, na.rm = TRUE) :
no non-missing arguments to max; returning -Inf
7: Collinearity detected in CWM-model.
VIF and t-ratio's not available (NA).
8: Collinearity detected in SNC-model.
VIF and t-ratio's not available (NA).
9: Collinearity detected in CWM-model.
VIF and t-ratio's not available (NA).
10: Collinearity detected in SNC-model.
VIF and t-ratio's not available (NA).
Execution halted
Flavor: r-devel-linux-x86_64-fedora-clang
Version: 1.2.3
Check: tests
Result: ERROR
Running ‘tinytest.R’ [95s/216s]
Running the tests in ‘tests/tinytest.R’ failed.
Complete output:
> if (requireNamespace("tinytest", quietly = TRUE)) {
+ tinytest::test_package("douconca")
+ }
test_FS_divFenv_f2cFALSE.R.... 0 tests
test_FS_divFenv_f2cFALSE.R.... 0 tests
test_FS_divFenv_f2cFALSE.R.... 0 tests
test_FS_divFenv_f2cFALSE.R.... 0 tests
test_FS_divFenv_f2cFALSE.R.... 0 tests
test_FS_divFenv_f2cFALSE.R.... 0 tests
test_FS_divFenv_f2cFALSE.R.... 0 tests
test_FS_divFenv_f2cFALSE.R.... 0 tests
test_FS_divFenv_f2cFALSE.R.... 0 tests
test_FS_divFenv_f2cFALSE.R.... 0 tests
test_FS_divFenv_f2cFALSE.R.... 1 tests <1b>[0;32mOK<1b>[0m
test_FS_divFenv_f2cFALSE.R.... 1 tests <1b>[0;32mOK<1b>[0m
test_FS_divFenv_f2cFALSE.R.... 1 tests <1b>[0;32mOK<1b>[0m
test_FS_divFenv_f2cFALSE.R.... 1 tests <1b>[0;32mOK<1b>[0m
test_FS_divFenv_f2cFALSE.R.... 1 tests <1b>[0;32mOK<1b>[0m
test_FS_divFenv_f2cFALSE.R.... 1 tests <1b>[0;32mOK<1b>[0m
test_FS_divFenv_f2cFALSE.R.... 1 tests <1b>[0;32mOK<1b>[0m
test_FS_divFenv_f2cFALSE.R.... 1 tests <1b>[0;32mOK<1b>[0m
test_FS_divFenv_f2cFALSE.R.... 1 tests <1b>[0;32mOK<1b>[0m
test_FS_divFenv_f2cFALSE.R.... 1 tests <1b>[0;32mOK<1b>[0m
test_FS_divFenv_f2cFALSE.R.... 1 tests <1b>[0;32mOK<1b>[0m
test_FS_divFenv_f2cFALSE.R.... 1 tests <1b>[0;32mOK<1b>[0m
test_FS_divFenv_f2cFALSE.R.... 1 tests <1b>[0;32mOK<1b>[0m
test_FS_divFenv_f2cFALSE.R.... 1 tests <1b>[0;32mOK<1b>[0m
test_FS_divFenv_f2cFALSE.R.... 1 tests <1b>[0;32mOK<1b>[0m
test_FS_divFenv_f2cFALSE.R.... 1 tests <1b>[0;32mOK<1b>[0m
test_FS_divFenv_f2cFALSE.R.... 1 tests <1b>[0;32mOK<1b>[0m
test_FS_divFenv_f2cFALSE.R.... 2 tests <1b>[0;32mOK<1b>[0m
test_FS_divFenv_f2cFALSE.R.... 3 tests <1b>[0;32mOK<1b>[0m <1b>[0;34m16.0s<1b>[0m
test_FS_divFenv_f2cTRUE.R..... 0 tests
test_FS_divFenv_f2cTRUE.R..... 0 tests
test_FS_divFenv_f2cTRUE.R..... 0 tests
test_FS_divFenv_f2cTRUE.R..... 0 tests
test_FS_divFenv_f2cTRUE.R..... 0 tests
test_FS_divFenv_f2cTRUE.R..... 0 tests
test_FS_divFenv_f2cTRUE.R..... 0 tests
test_FS_divFenv_f2cTRUE.R..... 0 tests
test_FS_divFenv_f2cTRUE.R..... 0 tests
test_FS_divFenv_f2cTRUE.R..... 1 tests <1b>[0;32mOK<1b>[0m
test_FS_divFenv_f2cTRUE.R..... 1 tests <1b>[0;32mOK<1b>[0m
test_FS_divFenv_f2cTRUE.R..... 1 tests <1b>[0;32mOK<1b>[0m
test_FS_divFenv_f2cTRUE.R..... 1 tests <1b>[0;32mOK<1b>[0m
test_FS_divFenv_f2cTRUE.R..... 1 tests <1b>[0;32mOK<1b>[0m
test_FS_divFenv_f2cTRUE.R..... 1 tests <1b>[0;32mOK<1b>[0m
test_FS_divFenv_f2cTRUE.R..... 1 tests <1b>[0;32mOK<1b>[0m
test_FS_divFenv_f2cTRUE.R..... 1 tests <1b>[0;32mOK<1b>[0m
test_FS_divFenv_f2cTRUE.R..... 1 tests <1b>[0;32mOK<1b>[0m
test_FS_divFenv_f2cTRUE.R..... 1 tests <1b>[0;32mOK<1b>[0m
test_FS_divFenv_f2cTRUE.R..... 1 tests <1b>[0;32mOK<1b>[0m
test_FS_divFenv_f2cTRUE.R..... 1 tests <1b>[0;32mOK<1b>[0m
test_FS_divFenv_f2cTRUE.R..... 1 tests <1b>[0;32mOK<1b>[0m
test_FS_divFenv_f2cTRUE.R..... 1 tests <1b>[0;32mOK<1b>[0m
test_FS_divFenv_f2cTRUE.R..... 1 tests <1b>[0;32mOK<1b>[0m
test_FS_divFenv_f2cTRUE.R..... 1 tests <1b>[0;32mOK<1b>[0m
test_FS_divFenv_f2cTRUE.R..... 1 tests <1b>[0;32mOK<1b>[0m
test_FS_divFenv_f2cTRUE.R..... 2 tests <1b>[0;32mOK<1b>[0m
test_FS_divFenv_f2cTRUE.R..... 3 tests <1b>[0;32mOK<1b>[0m <1b>[0;34m24.5s<1b>[0m
test_FS_divFtraits.R.......... 0 tests
test_FS_divFtraits.R.......... 0 tests
test_FS_divFtraits.R.......... 0 tests
test_FS_divFtraits.R.......... 0 tests
test_FS_divFtraits.R.......... 0 tests
test_FS_divFtraits.R.......... 0 tests
test_FS_divFtraits.R.......... 0 tests
test_FS_divFtraits.R.......... 0 tests
test_FS_divFtraits.R.......... 0 tests
test_FS_divFtraits.R.......... 0 tests
test_FS_divFtraits.R.......... 0 tests
test_FS_divFtraits.R.......... 0 tests
test_FS_divFtraits.R.......... 0 tests
test_FS_divFtraits.R.......... 0 tests
test_FS_divFtraits.R.......... 0 tests
test_FS_divFtraits.R.......... 0 tests
test_FS_divFtraits.R.......... 0 tests
test_FS_divFtraits.R.......... 0 tests
test_FS_divFtraits.R.......... 0 tests
test_FS_divFtraits.R.......... 0 tests
test_FS_divFtraits.R.......... 0 tests
test_FS_divFtraits.R.......... 0 tests
test_FS_divFtraits.R.......... 0 tests
test_FS_divFtraits.R.......... 1 tests <1b>[0;32mOK<1b>[0m
test_FS_divFtraits.R.......... 2 tests <1b>[0;32mOK<1b>[0m <1b>[0;34m10.9s<1b>[0m
test_FS_divTenv_f2cFALSE.R.... 0 tests
test_FS_divTenv_f2cFALSE.R.... 0 tests
test_FS_divTenv_f2cFALSE.R.... 0 tests
test_FS_divTenv_f2cFALSE.R.... 0 tests
test_FS_divTenv_f2cFALSE.R.... 0 tests
test_FS_divTenv_f2cFALSE.R.... 0 tests
test_FS_divTenv_f2cFALSE.R.... 0 tests
test_FS_divTenv_f2cFALSE.R.... 0 tests
test_FS_divTenv_f2cFALSE.R.... 0 tests
test_FS_divTenv_f2cFALSE.R.... 1 tests <1b>[0;32mOK<1b>[0m
test_FS_divTenv_f2cFALSE.R.... 1 tests <1b>[0;32mOK<1b>[0m
test_FS_divTenv_f2cFALSE.R.... 1 tests <1b>[0;32mOK<1b>[0m
test_FS_divTenv_f2cFALSE.R.... 1 tests <1b>[0;32mOK<1b>[0m
test_FS_divTenv_f2cFALSE.R.... 1 tests <1b>[0;32mOK<1b>[0m
test_FS_divTenv_f2cFALSE.R.... 1 tests <1b>[0;32mOK<1b>[0m
test_FS_divTenv_f2cFALSE.R.... 1 tests <1b>[0;32mOK<1b>[0m
test_FS_divTenv_f2cFALSE.R.... 1 tests <1b>[0;32mOK<1b>[0m
test_FS_divTenv_f2cFALSE.R.... 1 tests <1b>[0;32mOK<1b>[0m
test_FS_divTenv_f2cFALSE.R.... 1 tests <1b>[0;32mOK<1b>[0m
test_FS_divTenv_f2cFALSE.R.... 1 tests <1b>[0;32mOK<1b>[0m
test_FS_divTenv_f2cFALSE.R.... 1 tests <1b>[0;32mOK<1b>[0m
test_FS_divTenv_f2cFALSE.R.... 1 tests <1b>[0;32mOK<1b>[0m
test_FS_divTenv_f2cFALSE.R.... 1 tests <1b>[0;32mOK<1b>[0m
test_FS_divTenv_f2cFALSE.R.... 1 tests <1b>[0;32mOK<1b>[0m
test_FS_divTenv_f2cFALSE.R.... 1 tests <1b>[0;32mOK<1b>[0m
test_FS_divTenv_f2cFALSE.R.... 1 tests <1b>[0;32mOK<1b>[0m
test_FS_divTenv_f2cFALSE.R.... 2 tests <1b>[0;32mOK<1b>[0m
test_FS_divTenv_f2cFALSE.R.... 3 tests <1b>[0;32mOK<1b>[0m <1b>[0;34m2.8s<1b>[0m
test_FS_divTtraits.R.......... 0 tests
test_FS_divTtraits.R.......... 0 tests
test_FS_divTtraits.R.......... 0 tests
test_FS_divTtraits.R.......... 0 tests
test_FS_divTtraits.R.......... 0 tests
test_FS_divTtraits.R.......... 0 tests
test_FS_divTtraits.R.......... 0 tests
test_FS_divTtraits.R.......... 0 tests
test_FS_divTtraits.R.......... 0 tests
test_FS_divTtraits.R.......... 0 tests
test_FS_divTtraits.R.......... 0 tests
test_FS_divTtraits.R.......... 0 tests
test_FS_divTtraits.R.......... 0 tests
test_FS_divTtraits.R.......... 0 tests
test_FS_divTtraits.R.......... 0 tests
test_FS_divTtraits.R.......... 0 tests
test_FS_divTtraits.R.......... 0 tests
test_FS_divTtraits.R.......... 0 tests
test_FS_divTtraits.R.......... 0 tests
test_FS_divTtraits.R.......... 0 tests
test_FS_divTtraits.R.......... 0 tests
test_FS_divTtraits.R.......... 0 tests
test_FS_divTtraits.R.......... 0 tests
test_FS_divTtraits.R.......... 1 tests <1b>[0;32mOK<1b>[0m
test_FS_divTtraits.R.......... 2 tests <1b>[0;32mOK<1b>[0m <1b>[0;34m9.3s<1b>[0m
test_anova.dcca.R............. 0 tests
test_anova.dcca.R............. 0 tests
test_anova.dcca.R............. 0 tests
test_anova.dcca.R............. 0 tests
test_anova.dcca.R............. 0 tests
test_anova.dcca.R............. 0 tests
test_anova.dcca.R............. 0 tests
test_anova.dcca.R............. 0 tests
test_anova.dcca.R............. 0 tests
test_anova.dcca.R............. 1 tests <1b>[0;32mOK<1b>[0m
test_anova.dcca.R............. 1 tests <1b>[0;32mOK<1b>[0m
test_anova.dcca.R............. 2 tests <1b>[0;32mOK<1b>[0m
test_anova.dcca.R............. 3 tests <1b>[0;32mOK<1b>[0m
test_anova.dcca.R............. 3 tests <1b>[0;32mOK<1b>[0m
test_anova.dcca.R............. 3 tests <1b>[0;32mOK<1b>[0m
test_anova.dcca.R............. 3 tests <1b>[0;32mOK<1b>[0m
test_anova.dcca.R............. 4 tests <1b>[0;32mOK<1b>[0m
test_anova.dcca.R............. 4 tests <1b>[0;32mOK<1b>[0m
test_anova.dcca.R............. 5 tests <1b>[0;32mOK<1b>[0m
test_anova.dcca.R............. 5 tests <1b>[0;32mOK<1b>[0m
test_anova.dcca.R............. 5 tests <1b>[0;32mOK<1b>[0m
test_anova.dcca.R............. 6 tests <1b>[0;32mOK<1b>[0m
test_anova.dcca.R............. 7 tests <1b>[0;32mOK<1b>[0m
test_anova.dcca.R............. 7 tests <1b>[0;32mOK<1b>[0m
test_anova.dcca.R............. 7 tests <1b>[0;32mOK<1b>[0m
test_anova.dcca.R............. 7 tests <1b>[0;32mOK<1b>[0m
test_anova.dcca.R............. 7 tests <1b>[0;32mOK<1b>[0m
test_anova.dcca.R............. 8 tests <1b>[0;32mOK<1b>[0m
test_anova.dcca.R............. 8 tests <1b>[0;32mOK<1b>[0m
test_anova.dcca.R............. 9 tests <1b>[0;32mOK<1b>[0m
test_anova.dcca.R............. 9 tests <1b>[0;32mOK<1b>[0m
test_anova.dcca.R............. 9 tests <1b>[0;32mOK<1b>[0m
test_anova.dcca.R............. 9 tests <1b>[0;32mOK<1b>[0m
test_anova.dcca.R............. 10 tests <1b>[0;32mOK<1b>[0m
test_anova.dcca.R............. 10 tests <1b>[0;32mOK<1b>[0m
test_anova.dcca.R............. 10 tests <1b>[0;32mOK<1b>[0m
test_anova.dcca.R............. 10 tests <1b>[0;32mOK<1b>[0m
test_anova.dcca.R............. 10 tests <1b>[0;32mOK<1b>[0m
test_anova.dcca.R............. 11 tests <1b>[0;32mOK<1b>[0m <1b>[0;34m11.1s<1b>[0m
test_anova.dccav.R............ 0 tests
test_anova.dccav.R............ 0 tests
test_anova.dccav.R............ 0 tests
test_anova.dccav.R............ 0 tests
test_anova.dccav.R............ 0 tests
test_anova.dccav.R............ 0 tests
test_anova.dccav.R............ 0 tests
test_anova.dccav.R............ 0 tests
test_anova.dccav.R............ 0 tests
test_anova.dccav.R............ 1 tests <1b>[0;32mOK<1b>[0m
test_anova.dccav.R............ 1 tests <1b>[0;32mOK<1b>[0m
test_anova.dccav.R............ 2 tests <1b>[0;32mOK<1b>[0m
test_anova.dccav.R............ 3 tests <1b>[0;32mOK<1b>[0m
test_anova.dccav.R............ 3 tests <1b>[0;32mOK<1b>[0m
test_anova.dccav.R............ 3 tests <1b>[0;32mOK<1b>[0m
test_anova.dccav.R............ 3 tests <1b>[0;32mOK<1b>[0m
test_anova.dccav.R............ 4 tests <1b>[0;32mOK<1b>[0m
test_anova.dccav.R............ 4 tests <1b>[0;32mOK<1b>[0m
test_anova.dccav.R............ 5 tests <1b>[0;32mOK<1b>[0m
test_anova.dccav.R............ 5 tests <1b>[0;32mOK<1b>[0m
test_anova.dccav.R............ 5 tests <1b>[0;32mOK<1b>[0m
test_anova.dccav.R............ 6 tests <1b>[0;32mOK<1b>[0m
Some constraints or conditions were aliased because they were redundant. This
can happen if terms are constant or linearly dependent (collinear): 'A11'
test_anova.dccav.R............ 7 tests <1b>[0;32mOK<1b>[0m
test_anova.dccav.R............ 7 tests <1b>[0;32mOK<1b>[0m
test_anova.dccav.R............ 7 tests <1b>[0;32mOK<1b>[0m
test_anova.dccav.R............ 7 tests <1b>[0;32mOK<1b>[0m
test_anova.dccav.R............ 7 tests <1b>[0;32mOK<1b>[0m
test_anova.dccav.R............ 8 tests <1b>[0;32mOK<1b>[0m
test_anova.dccav.R............ 8 tests <1b>[0;32mOK<1b>[0m
test_anova.dccav.R............ 9 tests <1b>[0;32mOK<1b>[0m
test_anova.dccav.R............ 9 tests <1b>[0;32mOK<1b>[0m
test_anova.dccav.R............ 9 tests <1b>[0;32mOK<1b>[0m
test_anova.dccav.R............ 9 tests <1b>[0;32mOK<1b>[0m
test_anova.dccav.R............ 10 tests <1b>[0;32mOK<1b>[0m
test_anova.dccav.R............ 10 tests <1b>[0;32mOK<1b>[0m
test_anova.dccav.R............ 10 tests <1b>[0;32mOK<1b>[0m
test_anova.dccav.R............ 10 tests <1b>[0;32mOK<1b>[0m
test_anova.dccav.R............ 10 tests <1b>[0;32mOK<1b>[0m
test_anova.dccav.R............ 11 tests <1b>[0;32mOK<1b>[0m <1b>[0;34m12.4s<1b>[0m
test_cca0.R................... 0 tests
test_cca0.R................... 0 tests
test_cca0.R................... 0 tests
test_cca0.R................... 0 tests
test_cca0.R................... 1 tests <1b>[0;32mOK<1b>[0m
test_cca0.R................... 1 tests <1b>[0;32mOK<1b>[0m
test_cca0.R................... 1 tests <1b>[0;32mOK<1b>[0m
test_cca0.R................... 2 tests <1b>[0;32mOK<1b>[0m
test_cca0.R................... 3 tests <1b>[0;32mOK<1b>[0m
test_cca0.R................... 4 tests <1b>[0;32mOK<1b>[0m
test_cca0.R................... 5 tests <1b>[0;32mOK<1b>[0m
test_cca0.R................... 6 tests <1b>[0;32mOK<1b>[0m
test_cca0.R................... 7 tests <1b>[0;32mOK<1b>[0m
test_cca0.R................... 8 tests <1b>[0;32mOK<1b>[0m
test_cca0.R................... 8 tests <1b>[0;32mOK<1b>[0m
test_cca0.R................... 8 tests <1b>[0;32mOK<1b>[0m
test_cca0.R................... 8 tests <1b>[0;32mOK<1b>[0m
test_cca0.R................... 9 tests <1b>[0;32mOK<1b>[0m
test_cca0.R................... 10 tests <1b>[0;32mOK<1b>[0m
test_cca0.R................... 11 tests <1b>[0;32mOK<1b>[0m
test_cca0.R................... 11 tests <1b>[0;32mOK<1b>[0m
test_cca0.R................... 12 tests <1b>[0;32mOK<1b>[0m <1b>[0;34m13.6s<1b>[0m
test_dcca.R................... 0 tests
test_dcca.R................... 0 tests
test_dcca.R................... 0 tests
test_dcca.R................... 0 tests
test_dcca.R................... 0 tests
test_dcca.R................... 0 tests
test_dcca.R................... 0 tests
test_dcca.R................... 0 tests
test_dcca.R................... 1 tests <1b>[0;32mOK<1b>[0m
test_dcca.R................... 1 tests <1b>[0;32mOK<1b>[0m
test_dcca.R................... 1 tests <1b>[0;32mOK<1b>[0m
test_dcca.R................... 2 tests <1b>[0;32mOK<1b>[0m
test_dcca.R................... 2 tests <1b>[0;32mOK<1b>[0m
test_dcca.R................... 3 tests <1b>[0;32mOK<1b>[0m
test_dcca.R................... 4 tests <1b>[0;32mOK<1b>[0m
test_dcca.R................... 4 tests <1b>[0;32mOK<1b>[0m
test_dcca.R................... 4 tests <1b>[0;32mOK<1b>[0m
test_dcca.R................... 4 tests <1b>[0;32mOK<1b>[0m
test_dcca.R................... 5 tests <1b>[0;32mOK<1b>[0m
test_dcca.R................... 5 tests <1b>[0;32mOK<1b>[0m
test_dcca.R................... 6 tests <1b>[0;32mOK<1b>[0m
test_dcca.R................... 6 tests <1b>[0;32mOK<1b>[0m
test_dcca.R................... 6 tests <1b>[0;32mOK<1b>[0m
test_dcca.R................... 7 tests <1b>[0;32mOK<1b>[0m
test_dcca.R................... 7 tests <1b>[0;32mOK<1b>[0m
test_dcca.R................... 7 tests <1b>[0;32mOK<1b>[0m
test_dcca.R................... 7 tests <1b>[0;32mOK<1b>[0m
test_dcca.R................... 7 tests <1b>[0;32mOK<1b>[0m
test_dcca.R................... 8 tests <1b>[0;32mOK<1b>[0m
test_dcca.R................... 8 tests <1b>[0;32mOK<1b>[0m
test_dcca.R................... 8 tests <1b>[0;32mOK<1b>[0m
test_dcca.R................... 9 tests <1b>[0;32mOK<1b>[0m
test_dcca.R................... 10 tests <1b>[0;32mOK<1b>[0m
test_dcca.R................... 11 tests <1b>[0;32mOK<1b>[0m
test_dcca.R................... 11 tests <1b>[0;32mOK<1b>[0m
test_dcca.R................... 11 tests <1b>[0;32mOK<1b>[0m
test_dcca.R................... 12 tests <1b>[0;32mOK<1b>[0m
test_dcca.R................... 12 tests <1b>[0;32mOK<1b>[0m
test_dcca.R................... 12 tests <1b>[0;32mOK<1b>[0m
test_dcca.R................... 12 tests <1b>[0;32mOK<1b>[0m
test_dcca.R................... 12 tests <1b>[0;32mOK<1b>[0m
test_dcca.R................... 13 tests <1b>[0;32mOK<1b>[0m
test_dcca.R................... 14 tests <1b>[0;32mOK<1b>[0m
test_dcca.R................... 15 tests <1b>[0;32mOK<1b>[0m
test_dcca.R................... 16 tests <1b>[0;32mOK<1b>[0m
test_dcca.R................... 17 tests <1b>[0;32mOK<1b>[0m
test_dcca.R................... 18 tests <1b>[0;32mOK<1b>[0m
test_dcca.R................... 19 tests <1b>[0;32mOK<1b>[0m
test_dcca.R................... 19 tests <1b>[0;32mOK<1b>[0m
test_dcca.R................... 19 tests <1b>[0;32mOK<1b>[0m
test_dcca.R................... 20 tests <1b>[0;32mOK<1b>[0m
test_dcca.R................... 21 tests <1b>[0;32mOK<1b>[0m
test_dcca.R................... 22 tests <1b>[0;32mOK<1b>[0m
test_dcca.R................... 23 tests <1b>[0;32mOK<1b>[0m
test_dcca.R................... 24 tests <1b>[0;32mOK<1b>[0m
test_dcca.R................... 25 tests <1b>[0;32mOK<1b>[0m
test_dcca.R................... 26 tests <1b>[0;32mOK<1b>[0m
test_dcca.R................... 27 tests <1b>[0;32mOK<1b>[0m
test_dcca.R................... 28 tests <1b>[0;32mOK<1b>[0m
test_dcca.R................... 29 tests <1b>[0;32mOK<1b>[0m
test_dcca.R................... 30 tests <1b>[0;32mOK<1b>[0m Error in if (nrow(data) == ncol(Yw)) TRUE else if (nrow(data) == nrow(Yw)) FALSE else NA :
argument is of length zero
[1] "Error in if (nrow(data) == ncol(Yw)) TRUE else if (nrow(data) == nrow(Yw)) FALSE else NA : \n argument is of length zero\n"
attr(,"class")
[1] "try-error"
attr(,"condition")
<simpleError in if (nrow(data) == ncol(Yw)) TRUE else if (nrow(data) == nrow(Yw)) FALSE else NA: argument is of length zero>
test_dcca.R................... 31 tests <1b>[0;32mOK<1b>[0m
test_dcca.R................... 32 tests <1b>[0;32mOK<1b>[0m
test_dcca.R................... 32 tests <1b>[0;32mOK<1b>[0m
test_dcca.R................... 33 tests <1b>[0;32mOK<1b>[0m
test_dcca.R................... 34 tests <1b>[0;32mOK<1b>[0m
test_dcca.R................... 35 tests <1b>[0;32mOK<1b>[0m
test_dcca.R................... 36 tests <1b>[0;32mOK<1b>[0m
test_dcca.R................... 37 tests <1b>[0;32mOK<1b>[0m
test_dcca.R................... 37 tests <1b>[0;32mOK<1b>[0m
test_dcca.R................... 38 tests <1b>[0;32mOK<1b>[0m
test_dcca.R................... 40 tests <1b>[0;32mOK<1b>[0m
test_dcca.R................... 41 tests <1b>[0;32mOK<1b>[0m
test_dcca.R................... 41 tests <1b>[0;32mOK<1b>[0m
test_dcca.R................... 41 tests <1b>[0;32mOK<1b>[0m
test_dcca.R................... 41 tests <1b>[0;32mOK<1b>[0m
test_dcca.R................... 41 tests <1b>[0;32mOK<1b>[0m
test_dcca.R................... 41 tests <1b>[0;32mOK<1b>[0m
test_dcca.R................... 41 tests <1b>[0;32mOK<1b>[0m
test_dcca.R................... 41 tests <1b>[0;32mOK<1b>[0m
test_dcca.R................... 42 tests <1b>[0;32mOK<1b>[0m
test_dcca.R................... 42 tests <1b>[0;32mOK<1b>[0m
test_dcca.R................... 42 tests <1b>[0;32mOK<1b>[0m
test_dcca.R................... 42 tests <1b>[0;32mOK<1b>[0m
test_dcca.R................... 42 tests <1b>[0;32mOK<1b>[0m
test_dcca.R................... 42 tests <1b>[0;32mOK<1b>[0m
test_dcca.R................... 43 tests <1b>[0;32mOK<1b>[0m
test_dcca.R................... 44 tests <1b>[0;32mOK<1b>[0m <1b>[0;34m19.6s<1b>[0m
test_dccav.R.................. 0 tests
test_dccav.R.................. 0 tests
test_dccav.R.................. 0 tests
test_dccav.R.................. 0 tests
test_dccav.R.................. 0 tests
test_dccav.R.................. 0 tests
test_dccav.R.................. 0 tests
test_dccav.R.................. 0 tests
test_dccav.R.................. 1 tests <1b>[0;32mOK<1b>[0m
test_dccav.R.................. 1 tests <1b>[0;32mOK<1b>[0m
test_dccav.R.................. 1 tests <1b>[0;32mOK<1b>[0m
test_dccav.R.................. 2 tests <1b>[0;32mOK<1b>[0m
test_dccav.R.................. 2 tests <1b>[0;32mOK<1b>[0m
test_dccav.R.................. 3 tests <1b>[0;32mOK<1b>[0m
test_dccav.R.................. 4 tests <1b>[0;32mOK<1b>[0m
test_dccav.R.................. 4 tests <1b>[0;32mOK<1b>[0m
test_dccav.R.................. 4 tests <1b>[0;32mOK<1b>[0m
test_dccav.R.................. 4 tests <1b>[0;32mOK<1b>[0m
test_dccav.R.................. 5 tests <1b>[0;32mOK<1b>[0m
test_dccav.R.................. 5 tests <1b>[0;32mOK<1b>[0m
test_dccav.R.................. 6 tests <1b>[0;32mOK<1b>[0m
test_dccav.R.................. 6 tests <1b>[0;32mOK<1b>[0m
test_dccav.R.................. 6 tests <1b>[0;32mOK<1b>[0m
test_dccav.R.................. 7 tests <1b>[0;32mOK<1b>[0m
test_dccav.R.................. 7 tests <1b>[0;32mOK<1b>[0m
test_dccav.R.................. 7 tests <1b>[0;32mOK<1b>[0m
test_dccav.R.................. 7 tests <1b>[0;32mOK<1b>[0m
test_dccav.R.................. 7 tests <1b>[0;32mOK<1b>[0m
test_dccav.R.................. 8 tests <1b>[0;32mOK<1b>[0m
test_dccav.R.................. 8 tests <1b>[0;32mOK<1b>[0m
test_dccav.R.................. 8 tests <1b>[0;32mOK<1b>[0m
test_dccav.R.................. 9 tests <1b>[0;32mOK<1b>[0m
test_dccav.R.................. 10 tests <1b>[0;32mOK<1b>[0m
test_dccav.R.................. 11 tests <1b>[0;32mOK<1b>[0m
test_dccav.R.................. 11 tests <1b>[0;32mOK<1b>[0m
test_dccav.R.................. 11 tests <1b>[0;32mOK<1b>[0m
test_dccav.R.................. 12 tests <1b>[0;32mOK<1b>[0m
test_dccav.R.................. 12 tests <1b>[0;32mOK<1b>[0m
test_dccav.R.................. 12 tests <1b>[0;32mOK<1b>[0m
test_dccav.R.................. 12 tests <1b>[0;32mOK<1b>[0m
Some constraints or conditions were aliased because they were redundant. This
can happen if terms are constant or linearly dependent (collinear): 'A11'
test_dccav.R.................. 12 tests <1b>[0;32mOK<1b>[0m
test_dccav.R.................. 13 tests <1b>[0;32mOK<1b>[0m
test_dccav.R.................. 14 tests <1b>[0;32mOK<1b>[0m
test_dccav.R.................. 15 tests <1b>[0;32mOK<1b>[0m
test_dccav.R.................. 16 tests <1b>[0;32mOK<1b>[0m
test_dccav.R.................. 17 tests <1b>[0;32mOK<1b>[0m
test_dccav.R.................. 18 tests <1b>[0;32mOK<1b>[0m
test_dccav.R.................. 19 tests <1b>[0;32mOK<1b>[0m
test_dccav.R.................. 19 tests <1b>[0;32mOK<1b>[0m
test_dccav.R.................. 19 tests <1b>[0;32mOK<1b>[0m
test_dccav.R.................. 20 tests <1b>[0;32mOK<1b>[0m
test_dccav.R.................. 21 tests <1b>[0;32mOK<1b>[0m
test_dccav.R.................. 22 tests <1b>[0;32mOK<1b>[0m
test_dccav.R.................. 23 tests <1b>[0;32mOK<1b>[0m
test_dccav.R.................. 24 tests <1b>[0;32mOK<1b>[0m
test_dccav.R.................. 25 tests <1b>[0;32mOK<1b>[0m
test_dccav.R.................. 26 tests <1b>[0;32mOK<1b>[0m
test_dccav.R.................. 27 tests <1b>[0;32mOK<1b>[0m
The model is overfitted with no unconstrained (residual) component
test_dccav.R.................. 28 tests <1b>[0;32mOK<1b>[0m
test_dccav.R.................. 29 tests <1b>[0;32mOK<1b>[0m
test_dccav.R.................. 30 tests <1b>[0;32mOK<1b>[0m Error in if (nrow(data) == ncol(Yw)) TRUE else if (nrow(data) == nrow(Yw)) FALSE else NA :
argument is of length zero
[1] "Error in if (nrow(data) == ncol(Yw)) TRUE else if (nrow(data) == nrow(Yw)) FALSE else NA : \n argument is of length zero\n"
attr(,"class")
[1] "try-error"
attr(,"condition")
<simpleError in if (nrow(data) == ncol(Yw)) TRUE else if (nrow(data) == nrow(Yw)) FALSE else NA: argument is of length zero>
test_dccav.R.................. 31 tests <1b>[0;32mOK<1b>[0m
test_dccav.R.................. 32 tests <1b>[0;32mOK<1b>[0m
Some constraints or conditions were aliased because they were redundant. This
can happen if terms are constant or linearly dependent (collinear): 'A1'
The model is overfitted with no unconstrained (residual) component
test_dccav.R.................. 32 tests <1b>[0;32mOK<1b>[0m
test_dccav.R.................. 33 tests <1b>[0;32mOK<1b>[0m
test_dccav.R.................. 34 tests <1b>[0;32mOK<1b>[0m
test_dccav.R.................. 35 tests <1b>[0;32mOK<1b>[0m
test_dccav.R.................. 36 tests <1b>[0;32mOK<1b>[0m
test_dccav.R.................. 37 tests <1b>[0;32mOK<1b>[0m
test_dccav.R.................. 37 tests <1b>[0;32mOK<1b>[0m
test_dccav.R.................. 38 tests <1b>[0;32mOK<1b>[0m
test_dccav.R.................. 40 tests <1b>[0;32mOK<1b>[0m
test_dccav.R.................. 41 tests <1b>[0;32mOK<1b>[0m
test_dccav.R.................. 41 tests <1b>[0;32mOK<1b>[0m
test_dccav.R.................. 41 tests <1b>[0;32mOK<1b>[0m
test_dccav.R.................. 41 tests <1b>[0;32mOK<1b>[0m
test_dccav.R.................. 41 tests <1b>[0;32mOK<1b>[0m
test_dccav.R.................. 41 tests <1b>[0;32mOK<1b>[0m
test_dccav.R.................. 41 tests <1b>[0;32mOK<1b>[0m
test_dccav.R.................. 41 tests <1b>[0;32mOK<1b>[0m
test_dccav.R.................. 41 tests <1b>[0;32mOK<1b>[0m
test_dccav.R.................. 42 tests <1b>[0;32mOK<1b>[0m
test_dccav.R.................. 42 tests <1b>[0;32mOK<1b>[0m
test_dccav.R.................. 42 tests <1b>[0;32mOK<1b>[0m
test_dccav.R.................. 42 tests <1b>[0;32mOK<1b>[0m
test_dccav.R.................. 42 tests <1b>[0;32mOK<1b>[0m
test_dccav.R.................. 42 tests <1b>[0;32mOK<1b>[0m
test_dccav.R.................. 43 tests <1b>[0;31m1 fails<1b>[0m
test_dccav.R.................. 44 tests <1b>[0;31m1 fails<1b>[0m <1b>[0;34m12.9s<1b>[0m
test_fCWMSNC.R................ 0 tests
test_fCWMSNC.R................ 0 tests
test_fCWMSNC.R................ 0 tests
test_fCWMSNC.R................ 0 tests
test_fCWMSNC.R................ 0 tests
test_fCWMSNC.R................ 0 tests
test_fCWMSNC.R................ 0 tests
test_fCWMSNC.R................ 0 tests
test_fCWMSNC.R................ 1 tests <1b>[0;32mOK<1b>[0m
test_fCWMSNC.R................ 2 tests <1b>[0;32mOK<1b>[0m
test_fCWMSNC.R................ 2 tests <1b>[0;32mOK<1b>[0m
test_fCWMSNC.R................ 2 tests <1b>[0;32mOK<1b>[0m
test_fCWMSNC.R................ 3 tests <1b>[0;32mOK<1b>[0m
test_fCWMSNC.R................ 3 tests <1b>[0;32mOK<1b>[0m
test_fCWMSNC.R................ 4 tests <1b>[0;32mOK<1b>[0m
test_fCWMSNC.R................ 5 tests <1b>[0;32mOK<1b>[0m
test_fCWMSNC.R................ 5 tests <1b>[0;32mOK<1b>[0m
test_fCWMSNC.R................ 5 tests <1b>[0;32mOK<1b>[0m
test_fCWMSNC.R................ 5 tests <1b>[0;32mOK<1b>[0m
test_fCWMSNC.R................ 6 tests <1b>[0;32mOK<1b>[0m
test_fCWMSNC.R................ 7 tests <1b>[0;32mOK<1b>[0m
test_fCWMSNC.R................ 8 tests <1b>[0;32mOK<1b>[0m
test_fCWMSNC.R................ 8 tests <1b>[0;32mOK<1b>[0m
test_fCWMSNC.R................ 8 tests <1b>[0;32mOK<1b>[0m
test_fCWMSNC.R................ 9 tests <1b>[0;32mOK<1b>[0m
test_fCWMSNC.R................ 10 tests <1b>[0;32mOK<1b>[0m
test_fCWMSNC.R................ 11 tests <1b>[0;32mOK<1b>[0m
test_fCWMSNC.R................ 11 tests <1b>[0;32mOK<1b>[0m
test_fCWMSNC.R................ 11 tests <1b>[0;32mOK<1b>[0m
test_fCWMSNC.R................ 12 tests <1b>[0;32mOK<1b>[0m
test_fCWMSNC.R................ 13 tests <1b>[0;32mOK<1b>[0m
test_fCWMSNC.R................ 14 tests <1b>[0;32mOK<1b>[0m
test_fCWMSNC.R................ 14 tests <1b>[0;32mOK<1b>[0m
test_fCWMSNC.R................ 14 tests <1b>[0;32mOK<1b>[0m
test_fCWMSNC.R................ 14 tests <1b>[0;32mOK<1b>[0m
test_fCWMSNC.R................ 14 tests <1b>[0;32mOK<1b>[0m
test_fCWMSNC.R................ 14 tests <1b>[0;32mOK<1b>[0m
test_fCWMSNC.R................ 14 tests <1b>[0;32mOK<1b>[0m
test_fCWMSNC.R................ 15 tests <1b>[0;32mOK<1b>[0m
test_fCWMSNC.R................ 16 tests <1b>[0;32mOK<1b>[0m
test_fCWMSNC.R................ 16 tests <1b>[0;32mOK<1b>[0m
test_fCWMSNC.R................ 17 tests <1b>[0;32mOK<1b>[0m
test_fCWMSNC.R................ 17 tests <1b>[0;32mOK<1b>[0m
test_fCWMSNC.R................ 17 tests <1b>[0;32mOK<1b>[0m
test_fCWMSNC.R................ 18 tests <1b>[0;32mOK<1b>[0m
test_fCWMSNC.R................ 18 tests <1b>[0;32mOK<1b>[0m
test_fCWMSNC.R................ 18 tests <1b>[0;32mOK<1b>[0m
test_fCWMSNC.R................ 18 tests <1b>[0;32mOK<1b>[0m
test_fCWMSNC.R................ 19 tests <1b>[0;32mOK<1b>[0m
test_fCWMSNC.R................ 19 tests <1b>[0;32mOK<1b>[0m
test_fCWMSNC.R................ 19 tests <1b>[0;32mOK<1b>[0m
test_fCWMSNC.R................ 19 tests <1b>[0;32mOK<1b>[0m
test_fCWMSNC.R................ 19 tests <1b>[0;32mOK<1b>[0m
test_fCWMSNC.R................ 20 tests <1b>[0;32mOK<1b>[0m
test_fCWMSNC.R................ 21 tests <1b>[0;32mOK<1b>[0m
test_fCWMSNC.R................ 21 tests <1b>[0;32mOK<1b>[0m
test_fCWMSNC.R................ 21 tests <1b>[0;32mOK<1b>[0m
test_fCWMSNC.R................ 21 tests <1b>[0;32mOK<1b>[0m
test_fCWMSNC.R................ 21 tests <1b>[0;32mOK<1b>[0m
test_fCWMSNC.R................ 22 tests <1b>[0;32mOK<1b>[0m
test_fCWMSNC.R................ 23 tests <1b>[0;32mOK<1b>[0m
test_fCWMSNC.R................ 24 tests <1b>[0;32mOK<1b>[0m
test_fCWMSNC.R................ 25 tests <1b>[0;32mOK<1b>[0m
test_fCWMSNC.R................ 25 tests <1b>[0;32mOK<1b>[0m
test_fCWMSNC.R................ 25 tests <1b>[0;32mOK<1b>[0m
test_fCWMSNC.R................ 25 tests <1b>[0;32mOK<1b>[0m
test_fCWMSNC.R................ 26 tests <1b>[0;32mOK<1b>[0m
test_fCWMSNC.R................ 26 tests <1b>[0;32mOK<1b>[0m
test_fCWMSNC.R................ 26 tests <1b>[0;32mOK<1b>[0m
test_fCWMSNC.R................ 27 tests <1b>[0;32mOK<1b>[0m
test_fCWMSNC.R................ 27 tests <1b>[0;32mOK<1b>[0m
test_fCWMSNC.R................ 27 tests <1b>[0;32mOK<1b>[0m
test_fCWMSNC.R................ 28 tests <1b>[0;32mOK<1b>[0m <1b>[0;34m3.8s<1b>[0m
test_fCWMSNCv.R............... 0 tests
test_fCWMSNCv.R............... 0 tests
test_fCWMSNCv.R............... 0 tests
test_fCWMSNCv.R............... 0 tests
test_fCWMSNCv.R............... 0 tests
test_fCWMSNCv.R............... 0 tests
test_fCWMSNCv.R............... 0 tests
test_fCWMSNCv.R............... 0 tests
test_fCWMSNCv.R............... 1 tests <1b>[0;32mOK<1b>[0m
test_fCWMSNCv.R............... 2 tests <1b>[0;32mOK<1b>[0m
test_fCWMSNCv.R............... 2 tests <1b>[0;32mOK<1b>[0m
test_fCWMSNCv.R............... 2 tests <1b>[0;32mOK<1b>[0m
test_fCWMSNCv.R............... 3 tests <1b>[0;32mOK<1b>[0m
test_fCWMSNCv.R............... 3 tests <1b>[0;32mOK<1b>[0m
test_fCWMSNCv.R............... 4 tests <1b>[0;32mOK<1b>[0m
test_fCWMSNCv.R............... 5 tests <1b>[0;32mOK<1b>[0m
test_fCWMSNCv.R............... 5 tests <1b>[0;32mOK<1b>[0m
test_fCWMSNCv.R............... 5 tests <1b>[0;32mOK<1b>[0m
test_fCWMSNCv.R............... 5 tests <1b>[0;32mOK<1b>[0m
test_fCWMSNCv.R............... 6 tests <1b>[0;32mOK<1b>[0m
test_fCWMSNCv.R............... 7 tests <1b>[0;32mOK<1b>[0m
test_fCWMSNCv.R............... 8 tests <1b>[0;32mOK<1b>[0m
test_fCWMSNCv.R............... 8 tests <1b>[0;32mOK<1b>[0m
test_fCWMSNCv.R............... 8 tests <1b>[0;32mOK<1b>[0m
test_fCWMSNCv.R............... 9 tests <1b>[0;32mOK<1b>[0m
test_fCWMSNCv.R............... 10 tests <1b>[0;32mOK<1b>[0m
test_fCWMSNCv.R............... 10 tests <1b>[0;32mOK<1b>[0m
test_fCWMSNCv.R............... 10 tests <1b>[0;32mOK<1b>[0m
test_fCWMSNCv.R............... 11 tests <1b>[0;32mOK<1b>[0m
test_fCWMSNCv.R............... 12 tests <1b>[0;32mOK<1b>[0m
test_fCWMSNCv.R............... 13 tests <1b>[0;32mOK<1b>[0m
test_fCWMSNCv.R............... 13 tests <1b>[0;32mOK<1b>[0m
test_fCWMSNCv.R............... 13 tests <1b>[0;32mOK<1b>[0m
test_fCWMSNCv.R............... 13 tests <1b>[0;32mOK<1b>[0m
test_fCWMSNCv.R............... 13 tests <1b>[0;32mOK<1b>[0m
test_fCWMSNCv.R............... 13 tests <1b>[0;32mOK<1b>[0m
test_fCWMSNCv.R............... 13 tests <1b>[0;32mOK<1b>[0m
test_fCWMSNCv.R............... 14 tests <1b>[0;32mOK<1b>[0m
test_fCWMSNCv.R............... 15 tests <1b>[0;32mOK<1b>[0m
test_fCWMSNCv.R............... 15 tests <1b>[0;32mOK<1b>[0m
test_fCWMSNCv.R............... 16 tests <1b>[0;32mOK<1b>[0m
test_fCWMSNCv.R............... 16 tests <1b>[0;32mOK<1b>[0m
test_fCWMSNCv.R............... 16 tests <1b>[0;32mOK<1b>[0m
test_fCWMSNCv.R............... 17 tests <1b>[0;32mOK<1b>[0m
test_fCWMSNCv.R............... 17 tests <1b>[0;32mOK<1b>[0m
test_fCWMSNCv.R............... 17 tests <1b>[0;32mOK<1b>[0m
test_fCWMSNCv.R............... 17 tests <1b>[0;32mOK<1b>[0m
test_fCWMSNCv.R............... 18 tests <1b>[0;32mOK<1b>[0m
test_fCWMSNCv.R............... 18 tests <1b>[0;32mOK<1b>[0m
test_fCWMSNCv.R............... 18 tests <1b>[0;32mOK<1b>[0m
test_fCWMSNCv.R............... 18 tests <1b>[0;32mOK<1b>[0m
test_fCWMSNCv.R............... 18 tests <1b>[0;32mOK<1b>[0m
test_fCWMSNCv.R............... 19 tests <1b>[0;32mOK<1b>[0m
test_fCWMSNCv.R............... 20 tests <1b>[0;32mOK<1b>[0m
test_fCWMSNCv.R............... 20 tests <1b>[0;32mOK<1b>[0m
test_fCWMSNCv.R............... 20 tests <1b>[0;32mOK<1b>[0m
test_fCWMSNCv.R............... 20 tests <1b>[0;32mOK<1b>[0m
test_fCWMSNCv.R............... 20 tests <1b>[0;32mOK<1b>[0m
test_fCWMSNCv.R............... 21 tests <1b>[0;32mOK<1b>[0m
test_fCWMSNCv.R............... 22 tests <1b>[0;32mOK<1b>[0m
test_fCWMSNCv.R............... 23 tests <1b>[0;32mOK<1b>[0m
test_fCWMSNCv.R............... 24 tests <1b>[0;32mOK<1b>[0m
test_fCWMSNCv.R............... 24 tests <1b>[0;32mOK<1b>[0m
test_fCWMSNCv.R............... 24 tests <1b>[0;32mOK<1b>[0m
test_fCWMSNCv.R............... 24 tests <1b>[0;32mOK<1b>[0m
test_fCWMSNCv.R............... 25 tests <1b>[0;32mOK<1b>[0m
test_fCWMSNCv.R............... 25 tests <1b>[0;32mOK<1b>[0m
test_fCWMSNCv.R............... 25 tests <1b>[0;32mOK<1b>[0m
test_fCWMSNCv.R............... 26 tests <1b>[0;32mOK<1b>[0m
test_fCWMSNCv.R............... 26 tests <1b>[0;32mOK<1b>[0m
test_fCWMSNCv.R............... 26 tests <1b>[0;32mOK<1b>[0m
test_fCWMSNCv.R............... 27 tests <1b>[0;32mOK<1b>[0m <1b>[0;34m3.5s<1b>[0m
test_ipf2N2.R................. 0 tests
test_ipf2N2.R................. 0 tests
test_ipf2N2.R................. 0 tests
test_ipf2N2.R................. 0 tests
test_ipf2N2.R................. 1 tests <1b>[0;32mOK<1b>[0m
test_ipf2N2.R................. 2 tests <1b>[0;32mOK<1b>[0m
test_ipf2N2.R................. 3 tests <1b>[0;32mOK<1b>[0m
test_ipf2N2.R................. 3 tests <1b>[0;32mOK<1b>[0m
test_ipf2N2.R................. 4 tests <1b>[0;32mOK<1b>[0m
test_ipf2N2.R................. 5 tests <1b>[0;32mOK<1b>[0m
test_ipf2N2.R................. 6 tests <1b>[0;32mOK<1b>[0m
test_ipf2N2.R................. 6 tests <1b>[0;32mOK<1b>[0m
test_ipf2N2.R................. 7 tests <1b>[0;32mOK<1b>[0m
test_ipf2N2.R................. 7 tests <1b>[0;32mOK<1b>[0m
test_ipf2N2.R................. 7 tests <1b>[0;32mOK<1b>[0m
test_ipf2N2.R................. 8 tests <1b>[0;32mOK<1b>[0m
test_ipf2N2.R................. 8 tests <1b>[0;32mOK<1b>[0m
test_ipf2N2.R................. 8 tests <1b>[0;32mOK<1b>[0m
test_ipf2N2.R................. 9 tests <1b>[0;32mOK<1b>[0m
test_ipf2N2.R................. 10 tests <1b>[0;32mOK<1b>[0m
test_ipf2N2.R................. 10 tests <1b>[0;32mOK<1b>[0m
test_ipf2N2.R................. 11 tests <1b>[0;32mOK<1b>[0m
test_ipf2N2.R................. 12 tests <1b>[0;32mOK<1b>[0m
test_ipf2N2.R................. 12 tests <1b>[0;32mOK<1b>[0m
test_ipf2N2.R................. 12 tests <1b>[0;32mOK<1b>[0m
test_ipf2N2.R................. 13 tests <1b>[0;32mOK<1b>[0m
test_ipf2N2.R................. 14 tests <1b>[0;32mOK<1b>[0m
test_ipf2N2.R................. 14 tests <1b>[0;32mOK<1b>[0m
test_ipf2N2.R................. 15 tests <1b>[0;32mOK<1b>[0m
test_ipf2N2.R................. 15 tests <1b>[0;32mOK<1b>[0m
test_ipf2N2.R................. 15 tests <1b>[0;32mOK<1b>[0m
test_ipf2N2.R................. 16 tests <1b>[0;32mOK<1b>[0m
test_ipf2N2.R................. 16 tests <1b>[0;32mOK<1b>[0m
test_ipf2N2.R................. 17 tests <1b>[0;32mOK<1b>[0m
test_ipf2N2.R................. 17 tests <1b>[0;32mOK<1b>[0m Argument divideBySiteTotals set to FALSE, as species totals are proportional to N2(N-N2).
You can overrule this by specifying divideBySiteTotals explicitly.
test_ipf2N2.R................. 17 tests <1b>[0;32mOK<1b>[0m
test_ipf2N2.R................. 18 tests <1b>[0;32mOK<1b>[0m <1b>[0;34m0.8s<1b>[0m
test_plot.dcca.R.............. 0 tests
test_plot.dcca.R.............. 0 tests
test_plot.dcca.R.............. 0 tests
test_plot.dcca.R.............. 0 tests
test_plot.dcca.R.............. 0 tests
test_plot.dcca.R.............. 0 tests
test_plot.dcca.R.............. 0 tests
test_plot.dcca.R.............. 1 tests <1b>[0;32mOK<1b>[0m
test_plot.dcca.R.............. 1 tests <1b>[0;32mOK<1b>[0m
test_plot.dcca.R.............. 2 tests <1b>[0;32mOK<1b>[0m
test_plot.dcca.R.............. 3 tests <1b>[0;32mOK<1b>[0m
test_plot.dcca.R.............. 4 tests <1b>[0;32mOK<1b>[0m
test_plot.dcca.R.............. 5 tests <1b>[0;32mOK<1b>[0m
test_plot.dcca.R.............. 6 tests <1b>[0;32mOK<1b>[0m
test_plot.dcca.R.............. 7 tests <1b>[0;32mOK<1b>[0m
test_plot.dcca.R.............. 8 tests <1b>[0;32mOK<1b>[0m
test_plot.dcca.R.............. 9 tests <1b>[0;32mOK<1b>[0m
test_plot.dcca.R.............. 9 tests <1b>[0;32mOK<1b>[0m
test_plot.dcca.R.............. 10 tests <1b>[0;32mOK<1b>[0m
test_plot.dcca.R.............. 11 tests <1b>[0;32mOK<1b>[0m
test_plot.dcca.R.............. 11 tests <1b>[0;32mOK<1b>[0m
test_plot.dcca.R.............. 11 tests <1b>[0;32mOK<1b>[0m
test_plot.dcca.R.............. 12 tests <1b>[0;32mOK<1b>[0m
test_plot.dcca.R.............. 13 tests <1b>[0;32mOK<1b>[0m
test_plot.dcca.R.............. 14 tests <1b>[0;32mOK<1b>[0m
test_plot.dcca.R.............. 15 tests <1b>[0;32mOK<1b>[0m
test_plot.dcca.R.............. 15 tests <1b>[0;32mOK<1b>[0m
test_plot.dcca.R.............. 15 tests <1b>[0;32mOK<1b>[0m
test_plot.dcca.R.............. 15 tests <1b>[0;32mOK<1b>[0m
test_plot.dcca.R.............. 15 tests <1b>[0;32mOK<1b>[0m
test_plot.dcca.R.............. 15 tests <1b>[0;32mOK<1b>[0m
test_plot.dcca.R.............. 15 tests <1b>[0;32mOK<1b>[0m
test_plot.dcca.R.............. 15 tests <1b>[0;32mOK<1b>[0m
test_plot.dcca.R.............. 15 tests <1b>[0;32mOK<1b>[0m
test_plot.dcca.R.............. 15 tests <1b>[0;32mOK<1b>[0m
test_plot.dcca.R.............. 16 tests <1b>[0;32mOK<1b>[0m <1b>[0;34m41.6s<1b>[0m
test_predict.dcca.R........... 0 tests
test_predict.dcca.R........... 0 tests
test_predict.dcca.R........... 0 tests
test_predict.dcca.R........... 0 tests
test_predict.dcca.R........... 0 tests
test_predict.dcca.R........... 0 tests
test_predict.dcca.R........... 0 tests
test_predict.dcca.R........... 0 tests
test_predict.dcca.R........... 0 tests
test_predict.dcca.R........... 0 tests
test_predict.dcca.R........... 0 tests
test_predict.dcca.R........... 1 tests <1b>[0;32mOK<1b>[0m
test_predict.dcca.R........... 1 tests <1b>[0;32mOK<1b>[0m
test_predict.dcca.R........... 1 tests <1b>[0;32mOK<1b>[0m
test_predict.dcca.R........... 2 tests <1b>[0;32mOK<1b>[0m
test_predict.dcca.R........... 2 tests <1b>[0;32mOK<1b>[0m
test_predict.dcca.R........... 2 tests <1b>[0;32mOK<1b>[0m
test_predict.dcca.R........... 3 tests <1b>[0;32mOK<1b>[0m
test_predict.dcca.R........... 3 tests <1b>[0;32mOK<1b>[0m
test_predict.dcca.R........... 3 tests <1b>[0;32mOK<1b>[0m
test_predict.dcca.R........... 3 tests <1b>[0;32mOK<1b>[0m
test_predict.dcca.R........... 4 tests <1b>[0;32mOK<1b>[0m
test_predict.dcca.R........... 4 tests <1b>[0;32mOK<1b>[0m
test_predict.dcca.R........... 4 tests <1b>[0;32mOK<1b>[0m
test_predict.dcca.R........... 4 tests <1b>[0;32mOK<1b>[0m
test_predict.dcca.R........... 4 tests <1b>[0;32mOK<1b>[0m
test_predict.dcca.R........... 4 tests <1b>[0;32mOK<1b>[0m
test_predict.dcca.R........... 4 tests <1b>[0;32mOK<1b>[0m
test_predict.dcca.R........... 5 tests <1b>[0;32mOK<1b>[0m
test_predict.dcca.R........... 6 tests <1b>[0;32mOK<1b>[0m
test_predict.dcca.R........... 7 tests <1b>[0;32mOK<1b>[0m
test_predict.dcca.R........... 8 tests <1b>[0;32mOK<1b>[0m
test_predict.dcca.R........... 9 tests <1b>[0;32mOK<1b>[0m
test_predict.dcca.R........... 10 tests <1b>[0;32mOK<1b>[0m
test_predict.dcca.R........... 11 tests <1b>[0;32mOK<1b>[0m
test_predict.dcca.R........... 11 tests <1b>[0;32mOK<1b>[0m
test_predict.dcca.R........... 11 tests <1b>[0;32mOK<1b>[0m
test_predict.dcca.R........... 11 tests <1b>[0;32mOK<1b>[0m
test_predict.dcca.R........... 11 tests <1b>[0;32mOK<1b>[0m
test_predict.dcca.R........... 12 tests <1b>[0;32mOK<1b>[0m
test_predict.dcca.R........... 12 tests <1b>[0;32mOK<1b>[0m
test_predict.dcca.R........... 12 tests <1b>[0;32mOK<1b>[0m
test_predict.dcca.R........... 12 tests <1b>[0;32mOK<1b>[0m
test_predict.dcca.R........... 13 tests <1b>[0;32mOK<1b>[0m
test_predict.dcca.R........... 14 tests <1b>[0;32mOK<1b>[0m
test_predict.dcca.R........... 15 tests <1b>[0;32mOK<1b>[0m
test_predict.dcca.R........... 16 tests <1b>[0;32mOK<1b>[0m
test_predict.dcca.R........... 17 tests <1b>[0;32mOK<1b>[0m
test_predict.dcca.R........... 17 tests <1b>[0;32mOK<1b>[0m
test_predict.dcca.R........... 17 tests <1b>[0;32mOK<1b>[0m
test_predict.dcca.R........... 17 tests <1b>[0;32mOK<1b>[0m
test_predict.dcca.R........... 17 tests <1b>[0;32mOK<1b>[0m
test_predict.dcca.R........... 17 tests <1b>[0;32mOK<1b>[0m
test_predict.dcca.R........... 18 tests <1b>[0;32mOK<1b>[0m
test_predict.dcca.R........... 19 tests <1b>[0;32mOK<1b>[0m
test_predict.dcca.R........... 20 tests <1b>[0;32mOK<1b>[0m
test_predict.dcca.R........... 21 tests <1b>[0;32mOK<1b>[0m
test_predict.dcca.R........... 22 tests <1b>[0;32mOK<1b>[0m
test_predict.dcca.R........... 23 tests <1b>[0;32mOK<1b>[0m
test_predict.dcca.R........... 24 tests <1b>[0;32mOK<1b>[0m
test_predict.dcca.R........... 25 tests <1b>[0;32mOK<1b>[0m
test_predict.dcca.R........... 25 tests <1b>[0;32mOK<1b>[0m
test_predict.dcca.R........... 25 tests <1b>[0;32mOK<1b>[0m
test_predict.dcca.R........... 25 tests <1b>[0;32mOK<1b>[0m
test_predict.dcca.R........... 26 tests <1b>[0;32mOK<1b>[0m
test_predict.dcca.R........... 27 tests <1b>[0;32mOK<1b>[0m
test_predict.dcca.R........... 27 tests <1b>[0;32mOK<1b>[0m
test_predict.dcca.R........... 27 tests <1b>[0;32mOK<1b>[0m
test_predict.dcca.R........... 28 tests <1b>[0;32mOK<1b>[0m
test_predict.dcca.R........... 29 tests <1b>[0;32mOK<1b>[0m
test_predict.dcca.R........... 30 tests <1b>[0;32mOK<1b>[0m
test_predict.dcca.R........... 30 tests <1b>[0;32mOK<1b>[0m
test_predict.dcca.R........... 30 tests <1b>[0;32mOK<1b>[0m
test_predict.dcca.R........... 31 tests <1b>[0;32mOK<1b>[0m
test_predict.dcca.R........... 31 tests <1b>[0;32mOK<1b>[0m
test_predict.dcca.R........... 32 tests <1b>[0;32mOK<1b>[0m
test_predict.dcca.R........... 32 tests <1b>[0;32mOK<1b>[0m
test_predict.dcca.R........... 32 tests <1b>[0;32mOK<1b>[0m
test_predict.dcca.R........... 32 tests <1b>[0;32mOK<1b>[0m
test_predict.dcca.R........... 33 tests <1b>[0;32mOK<1b>[0m
test_predict.dcca.R........... 33 tests <1b>[0;32mOK<1b>[0m
test_predict.dcca.R........... 33 tests <1b>[0;32mOK<1b>[0m
test_predict.dcca.R........... 34 tests <1b>[0;32mOK<1b>[0m
test_predict.dcca.R........... 34 tests <1b>[0;32mOK<1b>[0m
test_predict.dcca.R........... 34 tests <1b>[0;32mOK<1b>[0m
test_predict.dcca.R........... 35 tests <1b>[0;32mOK<1b>[0m
test_predict.dcca.R........... 35 tests <1b>[0;32mOK<1b>[0m
test_predict.dcca.R........... 35 tests <1b>[0;32mOK<1b>[0m
test_predict.dcca.R........... 36 tests <1b>[0;32mOK<1b>[0m
test_predict.dcca.R........... 37 tests <1b>[0;32mOK<1b>[0m
test_predict.dcca.R........... 37 tests <1b>[0;32mOK<1b>[0m
test_predict.dcca.R........... 37 tests <1b>[0;32mOK<1b>[0m
test_predict.dcca.R........... 38 tests <1b>[0;32mOK<1b>[0m
test_predict.dcca.R........... 38 tests <1b>[0;32mOK<1b>[0m
test_predict.dcca.R........... 39 tests <1b>[0;32mOK<1b>[0m
test_predict.dcca.R........... 40 tests <1b>[0;32mOK<1b>[0m
test_predict.dcca.R........... 40 tests <1b>[0;32mOK<1b>[0m
test_predict.dcca.R........... 40 tests <1b>[0;32mOK<1b>[0m
test_predict.dcca.R........... 41 tests <1b>[0;32mOK<1b>[0m
test_predict.dcca.R........... 41 tests <1b>[0;32mOK<1b>[0m
test_predict.dcca.R........... 41 tests <1b>[0;32mOK<1b>[0m
test_predict.dcca.R........... 41 tests <1b>[0;32mOK<1b>[0m
test_predict.dcca.R........... 41 tests <1b>[0;32mOK<1b>[0m
test_predict.dcca.R........... 42 tests <1b>[0;32mOK<1b>[0m
test_predict.dcca.R........... 42 tests <1b>[0;32mOK<1b>[0m
test_predict.dcca.R........... 42 tests <1b>[0;32mOK<1b>[0m
test_predict.dcca.R........... 43 tests <1b>[0;32mOK<1b>[0m
test_predict.dcca.R........... 44 tests <1b>[0;32mOK<1b>[0m <1b>[0;34m5.6s<1b>[0m
test_predict.dccav.R.......... 0 tests
test_predict.dccav.R.......... 0 tests
test_predict.dccav.R.......... 0 tests
test_predict.dccav.R.......... 0 tests
test_predict.dccav.R.......... 0 tests
test_predict.dccav.R.......... 0 tests
test_predict.dccav.R.......... 0 tests
test_predict.dccav.R.......... 0 tests
test_predict.dccav.R.......... 0 tests
test_predict.dccav.R.......... 0 tests
test_predict.dccav.R.......... 0 tests
test_predict.dccav.R.......... 1 tests <1b>[0;32mOK<1b>[0m
test_predict.dccav.R.......... 1 tests <1b>[0;32mOK<1b>[0m
test_predict.dccav.R.......... 1 tests <1b>[0;32mOK<1b>[0m
test_predict.dccav.R.......... 2 tests <1b>[0;32mOK<1b>[0m
test_predict.dccav.R.......... 2 tests <1b>[0;32mOK<1b>[0m
test_predict.dccav.R.......... 2 tests <1b>[0;32mOK<1b>[0m
test_predict.dccav.R.......... 3 tests <1b>[0;32mOK<1b>[0m
test_predict.dccav.R.......... 3 tests <1b>[0;32mOK<1b>[0m
test_predict.dccav.R.......... 3 tests <1b>[0;32mOK<1b>[0m
test_predict.dccav.R.......... 3 tests <1b>[0;32mOK<1b>[0m
test_predict.dccav.R.......... 4 tests <1b>[0;32mOK<1b>[0m
test_predict.dccav.R.......... 4 tests <1b>[0;32mOK<1b>[0m
test_predict.dccav.R.......... 4 tests <1b>[0;32mOK<1b>[0m
test_predict.dccav.R.......... 4 tests <1b>[0;32mOK<1b>[0m
test_predict.dccav.R.......... 4 tests <1b>[0;32mOK<1b>[0m
test_predict.dccav.R.......... 4 tests <1b>[0;32mOK<1b>[0m
test_predict.dccav.R.......... 4 tests <1b>[0;32mOK<1b>[0m
test_predict.dccav.R.......... 5 tests <1b>[0;32mOK<1b>[0m
test_predict.dccav.R.......... 6 tests <1b>[0;32mOK<1b>[0m
test_predict.dccav.R.......... 7 tests <1b>[0;32mOK<1b>[0m
test_predict.dccav.R.......... 8 tests <1b>[0;32mOK<1b>[0m
test_predict.dccav.R.......... 9 tests <1b>[0;32mOK<1b>[0m
test_predict.dccav.R.......... 10 tests <1b>[0;32mOK<1b>[0m
test_predict.dccav.R.......... 11 tests <1b>[0;32mOK<1b>[0m
test_predict.dccav.R.......... 11 tests <1b>[0;32mOK<1b>[0m
test_predict.dccav.R.......... 11 tests <1b>[0;32mOK<1b>[0m
test_predict.dccav.R.......... 11 tests <1b>[0;32mOK<1b>[0m
test_predict.dccav.R.......... 11 tests <1b>[0;32mOK<1b>[0m
test_predict.dccav.R.......... 12 tests <1b>[0;32mOK<1b>[0m
test_predict.dccav.R.......... 12 tests <1b>[0;32mOK<1b>[0m
test_predict.dccav.R.......... 12 tests <1b>[0;32mOK<1b>[0m
test_predict.dccav.R.......... 12 tests <1b>[0;32mOK<1b>[0m
test_predict.dccav.R.......... 13 tests <1b>[0;32mOK<1b>[0m
test_predict.dccav.R.......... 14 tests <1b>[0;32mOK<1b>[0m
test_predict.dccav.R.......... 15 tests <1b>[0;32mOK<1b>[0m
test_predict.dccav.R.......... 16 tests <1b>[0;32mOK<1b>[0m
test_predict.dccav.R.......... 17 tests <1b>[0;32mOK<1b>[0m
test_predict.dccav.R.......... 17 tests <1b>[0;32mOK<1b>[0m
test_predict.dccav.R.......... 17 tests <1b>[0;32mOK<1b>[0m
test_predict.dccav.R.......... 17 tests <1b>[0;32mOK<1b>[0m
test_predict.dccav.R.......... 17 tests <1b>[0;32mOK<1b>[0m
test_predict.dccav.R.......... 17 tests <1b>[0;32mOK<1b>[0m
test_predict.dccav.R.......... 18 tests <1b>[0;32mOK<1b>[0m
test_predict.dccav.R.......... 19 tests <1b>[0;32mOK<1b>[0m
test_predict.dccav.R.......... 20 tests <1b>[0;32mOK<1b>[0m
test_predict.dccav.R.......... 21 tests <1b>[0;32mOK<1b>[0m
test_predict.dccav.R.......... 22 tests <1b>[0;32mOK<1b>[0m
test_predict.dccav.R.......... 23 tests <1b>[0;32mOK<1b>[0m
test_predict.dccav.R.......... 24 tests <1b>[0;32mOK<1b>[0m
test_predict.dccav.R.......... 25 tests <1b>[0;32mOK<1b>[0m
test_predict.dccav.R.......... 25 tests <1b>[0;32mOK<1b>[0m
test_predict.dccav.R.......... 25 tests <1b>[0;32mOK<1b>[0m
test_predict.dccav.R.......... 25 tests <1b>[0;32mOK<1b>[0m
test_predict.dccav.R.......... 26 tests <1b>[0;32mOK<1b>[0m
test_predict.dccav.R.......... 27 tests <1b>[0;32mOK<1b>[0m
test_predict.dccav.R.......... 27 tests <1b>[0;32mOK<1b>[0m
test_predict.dccav.R.......... 27 tests <1b>[0;32mOK<1b>[0m
test_predict.dccav.R.......... 28 tests <1b>[0;32mOK<1b>[0m
test_predict.dccav.R.......... 29 tests <1b>[0;32mOK<1b>[0m
test_predict.dccav.R.......... 30 tests <1b>[0;32mOK<1b>[0m
test_predict.dccav.R.......... 30 tests <1b>[0;32mOK<1b>[0m
test_predict.dccav.R.......... 30 tests <1b>[0;32mOK<1b>[0m
test_predict.dccav.R.......... 31 tests <1b>[0;32mOK<1b>[0m
test_predict.dccav.R.......... 31 tests <1b>[0;32mOK<1b>[0m
test_predict.dccav.R.......... 32 tests <1b>[0;32mOK<1b>[0m
test_predict.dccav.R.......... 32 tests <1b>[0;32mOK<1b>[0m
The model is overfitted with no unconstrained (residual) component
test_predict.dccav.R.......... 33 tests <1b>[0;32mOK<1b>[0m
test_predict.dccav.R.......... 33 tests <1b>[0;32mOK<1b>[0m
test_predict.dccav.R.......... 34 tests <1b>[0;32mOK<1b>[0m
test_predict.dccav.R.......... 34 tests <1b>[0;32mOK<1b>[0m
test_predict.dccav.R.......... 35 tests <1b>[0;32mOK<1b>[0m
test_predict.dccav.R.......... 35 tests <1b>[0;32mOK<1b>[0m
test_predict.dccav.R.......... 35 tests <1b>[0;32mOK<1b>[0m
test_predict.dccav.R.......... 36 tests <1b>[0;32mOK<1b>[0m
test_predict.dccav.R.......... 36 tests <1b>[0;32mOK<1b>[0m
test_predict.dccav.R.......... 36 tests <1b>[0;32mOK<1b>[0m
test_predict.dccav.R.......... 37 tests <1b>[0;32mOK<1b>[0m
test_predict.dccav.R.......... 37 tests <1b>[0;32mOK<1b>[0m
The model is overfitted with no unconstrained (residual) component
test_predict.dccav.R.......... 38 tests <1b>[0;32mOK<1b>[0m
test_predict.dccav.R.......... 39 tests <1b>[0;32mOK<1b>[0m
test_predict.dccav.R.......... 40 tests <1b>[0;32mOK<1b>[0m
test_predict.dccav.R.......... 40 tests <1b>[0;32mOK<1b>[0m
test_predict.dccav.R.......... 40 tests <1b>[0;32mOK<1b>[0m
test_predict.dccav.R.......... 41 tests <1b>[0;32mOK<1b>[0m
test_predict.dccav.R.......... 41 tests <1b>[0;32mOK<1b>[0m
test_predict.dccav.R.......... 42 tests <1b>[0;32mOK<1b>[0m
test_predict.dccav.R.......... 43 tests <1b>[0;32mOK<1b>[0m
test_predict.dccav.R.......... 43 tests <1b>[0;32mOK<1b>[0m
test_predict.dccav.R.......... 43 tests <1b>[0;32mOK<1b>[0m
test_predict.dccav.R.......... 44 tests <1b>[0;32mOK<1b>[0m
test_predict.dccav.R.......... 44 tests <1b>[0;32mOK<1b>[0m
test_predict.dccav.R.......... 44 tests <1b>[0;32mOK<1b>[0m
test_predict.dccav.R.......... 44 tests <1b>[0;32mOK<1b>[0m
Some constraints or conditions were aliased because they were redundant. This
can happen if terms are constant or linearly dependent (collinear): 'A11'
test_predict.dccav.R.......... 44 tests <1b>[0;32mOK<1b>[0m
test_predict.dccav.R.......... 45 tests <1b>[0;32mOK<1b>[0m
test_predict.dccav.R.......... 45 tests <1b>[0;32mOK<1b>[0m
test_predict.dccav.R.......... 45 tests <1b>[0;32mOK<1b>[0m
test_predict.dccav.R.......... 46 tests <1b>[0;32mOK<1b>[0m
test_predict.dccav.R.......... 47 tests <1b>[0;32mOK<1b>[0m <1b>[0;34m5.6s<1b>[0m
test_wrda.R................... 0 tests
test_wrda.R................... 0 tests
test_wrda.R................... 0 tests
test_wrda.R................... 0 tests
test_wrda.R................... 0 tests
test_wrda.R................... 0 tests
test_wrda.R................... 0 tests
test_wrda.R................... 0 tests
test_wrda.R................... 1 tests <1b>[0;32mOK<1b>[0m
test_wrda.R................... 1 tests <1b>[0;32mOK<1b>[0m
test_wrda.R................... 2 tests <1b>[0;32mOK<1b>[0m
test_wrda.R................... 3 tests <1b>[0;32mOK<1b>[0m
test_wrda.R................... 4 tests <1b>[0;32mOK<1b>[0m
test_wrda.R................... 4 tests <1b>[0;32mOK<1b>[0m
test_wrda.R................... 4 tests <1b>[0;32mOK<1b>[0m
test_wrda.R................... 5 tests <1b>[0;32mOK<1b>[0m
test_wrda.R................... 5 tests <1b>[0;32mOK<1b>[0m
test_wrda.R................... 6 tests <1b>[0;32mOK<1b>[0m
test_wrda.R................... 7 tests <1b>[0;32mOK<1b>[0m
test_wrda.R................... 8 tests <1b>[0;32mOK<1b>[0m
test_wrda.R................... 8 tests <1b>[0;32mOK<1b>[0m
test_wrda.R................... 8 tests <1b>[0;32mOK<1b>[0m
test_wrda.R................... 8 tests <1b>[0;32mOK<1b>[0m
test_wrda.R................... 9 tests <1b>[0;32mOK<1b>[0m
test_wrda.R................... 10 tests <1b>[0;32mOK<1b>[0m
test_wrda.R................... 10 tests <1b>[0;32mOK<1b>[0m
test_wrda.R................... 10 tests <1b>[0;32mOK<1b>[0m
test_wrda.R................... 10 tests <1b>[0;32mOK<1b>[0m
test_wrda.R................... 10 tests <1b>[0;32mOK<1b>[0m
test_wrda.R................... 10 tests <1b>[0;32mOK<1b>[0m
test_wrda.R................... 11 tests <1b>[0;32mOK<1b>[0m
test_wrda.R................... 12 tests <1b>[0;32mOK<1b>[0m
test_wrda.R................... 13 tests <1b>[0;32mOK<1b>[0m
test_wrda.R................... 14 tests <1b>[0;32mOK<1b>[0m
test_wrda.R................... 14 tests <1b>[0;32mOK<1b>[0m
test_wrda.R................... 15 tests <1b>[0;32mOK<1b>[0m
test_wrda.R................... 16 tests <1b>[0;32mOK<1b>[0m
test_wrda.R................... 17 tests <1b>[0;32mOK<1b>[0m
test_wrda.R................... 17 tests <1b>[0;32mOK<1b>[0m
test_wrda.R................... 18 tests <1b>[0;32mOK<1b>[0m <1b>[0;34m14.6s<1b>[0m
----- FAILED[data]: test_dccav.R<320--322>
call| expect_equivalent(unlist(an_ecol_max[3, , drop = TRUE]), c(1,
call| 0.007899116, 0.964, 0.964, 0.964), tolerance = 1e-07)
diff| Mean relative difference: 0.02057827
Error: 1 out of 333 tests failed
In addition: Warning messages:
1: In set_newdata(object, newdata1, type = "envFromTraits", means_mis = attr(reg, :
newdata does not contain the predictor variables
Height,Lifespan,Seedmass
These are set at their mean values and,
for factors, at the reference level
The current formula is
~ Seedmass + SLA + Height + LDMC + Lifespan
2: In set_newdata(object, newdata1, type = "envFromTraits", means_mis = attr(reg, :
newdata does not contain the predictor variables
Height,Lifespan,Seedmass
These are set at their mean values and,
for factors, at the reference level
The current formula is
~ Seedmass + SLA + Height + LDMC + Lifespan
3: In set_newdata(object, newdata1, type = "envFromTraits", means_mis = attr(reg, :
newdata does not contain the predictor variables
Height,Lifespan,Seedmass
These are set at their mean values and,
for factors, at the reference level
The current formula is
~ Seedmass + SLA + Height + LDMC + Lifespan
4: In set_newdata(object, newdata1, type = "envFromTraits", means_mis = attr(reg, :
newdata does not contain the predictor variables
Height,Lifespan,Seedmass
These are set at their mean values and,
for factors, at the reference level
The current formula is
~ Seedmass + SLA + Height + LDMC + Lifespan
5: In qt((1 - level)/2, df) : NaNs produced
6: In max(ids, na.rm = TRUE) :
no non-missing arguments to max; returning -Inf
7: Collinearity detected in CWM-model.
VIF and t-ratio's not available (NA).
8: Collinearity detected in SNC-model.
VIF and t-ratio's not available (NA).
9: Collinearity detected in CWM-model.
VIF and t-ratio's not available (NA).
10: Collinearity detected in SNC-model.
VIF and t-ratio's not available (NA).
Execution halted
Flavor: r-devel-linux-x86_64-fedora-gcc
These binaries (installable software) and packages are in development.
They may not be fully stable and should be used with caution. We make no claims about them.
Health stats visible at Monitor.