Last updated on 2025-05-15 07:49:37 CEST.
Flavor | Version | Tinstall | Tcheck | Ttotal | Status | Flags |
---|---|---|---|---|---|---|
r-devel-linux-x86_64-debian-clang | 1.2 | 3.28 | 32.83 | 36.11 | NOTE | |
r-devel-linux-x86_64-debian-gcc | 1.2 | 2.34 | 23.24 | 25.58 | NOTE | |
r-devel-linux-x86_64-fedora-clang | 1.2 | 56.12 | OK | |||
r-devel-linux-x86_64-fedora-gcc | 1.2 | 54.55 | OK | |||
r-devel-windows-x86_64 | 1.2 | 4.00 | 57.00 | 61.00 | OK | |
r-patched-linux-x86_64 | 1.2 | 3.47 | 30.29 | 33.76 | OK | |
r-release-linux-x86_64 | 1.2 | 3.00 | 30.71 | 33.71 | OK | |
r-release-macos-arm64 | 1.2 | 22.00 | OK | |||
r-release-macos-x86_64 | 1.2 | 36.00 | OK | |||
r-release-windows-x86_64 | 1.2 | 4.00 | 60.00 | 64.00 | OK | |
r-oldrel-macos-arm64 | 1.2 | 18.00 | NOTE | |||
r-oldrel-macos-x86_64 | 1.2 | 29.00 | NOTE | |||
r-oldrel-windows-x86_64 | 1.2 | 6.00 | 56.00 | 62.00 | NOTE |
Version: 1.2
Check: CRAN incoming feasibility
Result: NOTE
Maintainer: ‘Mustafa CAVUS <mustafacavus@eskisehir.edu.tr>’
No Authors@R field in DESCRIPTION.
Please add one, modifying
Authors@R: c(person(given = "Mustafa",
family = "CAVUS",
role = c("aut", "cre"),
email = "mustafacavus@eskisehir.edu.tr"),
person(given = "Berna",
family = "YAZICI",
role = "aut"))
as necessary.
Found the following (possibly) invalid URLs:
URL: do:10.2307/1267501
From: DESCRIPTION
Message: Invalid URI scheme
Flavors: r-devel-linux-x86_64-debian-clang, r-devel-linux-x86_64-debian-gcc
Version: 1.2
Check: LazyData
Result: NOTE
'LazyData' is specified without a 'data' directory
Flavors: r-oldrel-macos-arm64, r-oldrel-macos-x86_64, r-oldrel-windows-x86_64
These binaries (installable software) and packages are in development.
They may not be fully stable and should be used with caution. We make no claims about them.
Health stats visible at Monitor.