Last updated on 2025-10-10 05:49:58 CEST.
Flavor | Version | Tinstall | Tcheck | Ttotal | Status | Flags |
---|---|---|---|---|---|---|
r-devel-linux-x86_64-debian-clang | 0.4.3 | 118.48 | 241.23 | 359.71 | OK | |
r-devel-linux-x86_64-debian-gcc | 0.4.3 | 90.76 | 169.16 | 259.92 | OK | |
r-devel-linux-x86_64-fedora-clang | 0.4.3 | 628.54 | OK | |||
r-devel-linux-x86_64-fedora-gcc | 0.4.3 | 650.64 | OK | |||
r-devel-windows-x86_64 | 0.4.3 | 164.00 | 232.00 | 396.00 | OK | |
r-patched-linux-x86_64 | 0.4.3 | 138.00 | 229.33 | 367.33 | OK | |
r-release-linux-x86_64 | 0.4.3 | 129.25 | 230.80 | 360.05 | OK | |
r-release-macos-arm64 | 0.4.3 | 160.00 | OK | |||
r-release-macos-x86_64 | 0.4.3 | 261.00 | OK | |||
r-release-windows-x86_64 | 0.4.3 | 168.00 | 236.00 | 404.00 | OK | |
r-oldrel-macos-arm64 | 0.4.3 | 156.00 | NOTE | |||
r-oldrel-macos-x86_64 | 0.4.3 | 16.00 | ERROR | |||
r-oldrel-windows-x86_64 | 0.4.3 | 189.00 | 300.00 | 489.00 | NOTE |
Version: 0.4.3
Check: installed package size
Result: NOTE
installed size is 20.8Mb
sub-directories of 1Mb or more:
doc 6.7Mb
libs 13.4Mb
Flavors: r-oldrel-macos-arm64, r-oldrel-windows-x86_64
Version: 0.4.3
Check: for GNU extensions in Makefiles
Result: NOTE
GNU make is a SystemRequirements.
Flavors: r-oldrel-macos-arm64, r-oldrel-windows-x86_64
Version: 0.4.3
Check: package dependencies
Result: ERROR
Package required but not available: ‘osmdata’
See section ‘The DESCRIPTION file’ in the ‘Writing R Extensions’
manual.
Flavor: r-oldrel-macos-x86_64
These binaries (installable software) and packages are in development.
They may not be fully stable and should be used with caution. We make no claims about them.
Health stats visible at Monitor.