Last updated on 2025-02-02 07:50:08 CET.
Flavor | Version | Tinstall | Tcheck | Ttotal | Status | Flags |
---|---|---|---|---|---|---|
r-devel-linux-x86_64-debian-clang | 1.8.6.1 | 1.80 | 29.58 | 31.38 | NOTE | |
r-devel-linux-x86_64-debian-gcc | 1.8.6.1 | 1.40 | 24.24 | 25.64 | NOTE | |
r-devel-linux-x86_64-fedora-clang | 1.8.6.1 | 56.29 | NOTE | |||
r-devel-linux-x86_64-fedora-gcc | 1.8.6.1 | 63.39 | NOTE | |||
r-devel-windows-x86_64 | 1.8.6.1 | 3.00 | 98.00 | 101.00 | NOTE | |
r-patched-linux-x86_64 | 1.8.6.1 | 3.87 | 28.60 | 32.47 | NOTE | |
r-release-linux-x86_64 | 1.8.6.1 | 2.01 | 28.42 | 30.43 | NOTE | |
r-release-macos-arm64 | 1.8.6.1 | 85.00 | NOTE | |||
r-release-macos-x86_64 | 1.8.6.1 | 184.00 | NOTE | |||
r-release-windows-x86_64 | 1.8.6.1 | 4.00 | 99.00 | 103.00 | OK | |
r-oldrel-macos-arm64 | 1.8.6.1 | 85.00 | NOTE | |||
r-oldrel-macos-x86_64 | 1.8.6.1 | 179.00 | NOTE | |||
r-oldrel-windows-x86_64 | 1.8.6.1 | 4.00 | 99.00 | 103.00 | OK |
Version: 1.8.6.1
Check: Rd cross-references
Result: NOTE
Found the following Rd file(s) with Rd \link{} targets missing package
anchors:
doRNG-package.Rd: RNGseq
grapes-dorng-grapes.Rd: foreach
Please provide package anchors for all Rd \link{} targets not in the
package itself and the base packages.
Flavors: r-devel-linux-x86_64-debian-clang, r-devel-linux-x86_64-debian-gcc, r-devel-windows-x86_64
Version: 1.8.6.1
Check: re-building of vignette outputs
Result: NOTE
Note: skipping ‘doRNG.Rnw’ due to unavailable dependencies: 'pkgmaker'
Flavors: r-devel-linux-x86_64-debian-clang, r-devel-linux-x86_64-debian-gcc, r-devel-linux-x86_64-fedora-clang, r-devel-linux-x86_64-fedora-gcc, r-patched-linux-x86_64, r-release-linux-x86_64
Version: 1.8.6.1
Check: package dependencies
Result: NOTE
Package suggested but not available for checking: ‘pkgmaker’
Flavors: r-patched-linux-x86_64, r-release-linux-x86_64
Version: 1.8.6.1
Check: package dependencies
Result: NOTE
Package suggested but not available for checking: ‘doMPI’
Flavors: r-release-macos-arm64, r-release-macos-x86_64, r-oldrel-macos-arm64, r-oldrel-macos-x86_64
Version: 1.8.6.1
Check: Rd cross-references
Result: NOTE
Package unavailable to check Rd xrefs: ‘doMPI’
Flavors: r-release-macos-arm64, r-release-macos-x86_64, r-oldrel-macos-arm64, r-oldrel-macos-x86_64
These binaries (installable software) and packages are in development.
They may not be fully stable and should be used with caution. We make no claims about them.
Health stats visible at Monitor.