Last updated on 2025-02-23 15:49:41 CET.
Flavor | Version | Tinstall | Tcheck | Ttotal | Status | Flags |
---|---|---|---|---|---|---|
r-devel-linux-x86_64-debian-clang | 1.0.2 | 10.48 | 141.79 | 152.27 | OK | |
r-devel-linux-x86_64-debian-gcc | 1.0.2 | 7.29 | 91.10 | 98.39 | OK | |
r-devel-linux-x86_64-fedora-clang | 1.0.2 | 245.22 | ERROR | |||
r-devel-linux-x86_64-fedora-gcc | 1.0.2 | 252.97 | ERROR | |||
r-devel-macos-arm64 | 1.0.2 | 60.00 | OK | |||
r-devel-macos-x86_64 | 1.0.2 | 139.00 | OK | |||
r-devel-windows-x86_64 | 1.0.2 | 11.00 | 143.00 | 154.00 | OK | |
r-patched-linux-x86_64 | 1.0.2 | 11.56 | 132.95 | 144.51 | OK | |
r-release-linux-x86_64 | 1.0.2 | 8.48 | 133.54 | 142.02 | OK | |
r-release-macos-arm64 | 1.0.2 | 57.00 | OK | |||
r-release-macos-x86_64 | 1.0.2 | 92.00 | OK | |||
r-release-windows-x86_64 | 1.0.2 | 13.00 | 133.00 | 146.00 | OK | |
r-oldrel-macos-arm64 | 1.0.2 | 74.00 | OK | |||
r-oldrel-macos-x86_64 | 1.0.2 | 113.00 | OK | |||
r-oldrel-windows-x86_64 | 1.0.2 | 15.00 | 184.00 | 199.00 | OK |
Version: 1.0.2
Check: tests
Result: ERROR
Running ‘testthat.R’ [104s/117s]
Running the tests in ‘tests/testthat.R’ failed.
Complete output:
> library(testthat)
> library(dmlalg)
>
> test_check("dmlalg")
[ FAIL 2 | WARN 8 | SKIP 0 | PASS 1150 ]
══ Failed tests ════════════════════════════════════════════════════════════════
── Failure ('test-methods_mm.R:197:5'): print.summary.mmdml outputs right formats ──
`res` has length 23, not length 20.
Backtrace:
▆
1. └─dmlalg (local) do_tests(fit1, 20) at test-methods_mm.R:200:3
2. └─testthat::expect_length(res, len) at test-methods_mm.R:197:5
── Failure ('test-methods_mm.R:197:5'): print.summary.mmdml outputs right formats ──
`res` has length 30, not length 25.
Backtrace:
▆
1. └─dmlalg (local) do_tests(fit2, 25) at test-methods_mm.R:201:3
2. └─testthat::expect_length(res, len) at test-methods_mm.R:197:5
[ FAIL 2 | WARN 8 | SKIP 0 | PASS 1150 ]
Error: Test failures
Execution halted
Flavor: r-devel-linux-x86_64-fedora-clang
Version: 1.0.2
Check: tests
Result: ERROR
Running ‘testthat.R’ [112s/248s]
Running the tests in ‘tests/testthat.R’ failed.
Complete output:
> library(testthat)
> library(dmlalg)
>
> test_check("dmlalg")
[ FAIL 2 | WARN 8 | SKIP 0 | PASS 1150 ]
══ Failed tests ════════════════════════════════════════════════════════════════
── Failure ('test-methods_mm.R:197:5'): print.summary.mmdml outputs right formats ──
`res` has length 23, not length 20.
Backtrace:
▆
1. └─dmlalg (local) do_tests(fit1, 20) at test-methods_mm.R:200:3
2. └─testthat::expect_length(res, len) at test-methods_mm.R:197:5
── Failure ('test-methods_mm.R:197:5'): print.summary.mmdml outputs right formats ──
`res` has length 30, not length 25.
Backtrace:
▆
1. └─dmlalg (local) do_tests(fit2, 25) at test-methods_mm.R:201:3
2. └─testthat::expect_length(res, len) at test-methods_mm.R:197:5
[ FAIL 2 | WARN 8 | SKIP 0 | PASS 1150 ]
Error: Test failures
Execution halted
Flavor: r-devel-linux-x86_64-fedora-gcc
These binaries (installable software) and packages are in development.
They may not be fully stable and should be used with caution. We make no claims about them.
Health stats visible at Monitor.