CRAN Package Check Results for Package dlsem

Last updated on 2025-05-15 09:52:13 CEST.

Flavor Version Tinstall Tcheck Ttotal Status Flags
r-devel-linux-x86_64-debian-clang 2.4.6 8.18 98.67 106.85 NOTE
r-devel-linux-x86_64-debian-gcc 2.4.6 6.25 65.30 71.55 NOTE
r-devel-linux-x86_64-fedora-clang 2.4.6 167.90 NOTE
r-devel-linux-x86_64-fedora-gcc 2.4.6 178.71 NOTE
r-devel-windows-x86_64 2.4.6 9.00 118.00 127.00 NOTE
r-patched-linux-x86_64 2.4.6 9.11 92.79 101.90 NOTE
r-release-linux-x86_64 2.4.6 8.63 90.60 99.23 NOTE
r-release-macos-arm64 2.4.6 56.00 NOTE
r-release-macos-x86_64 2.4.6 115.00 NOTE
r-release-windows-x86_64 2.4.6 9.00 122.00 131.00 NOTE
r-oldrel-macos-arm64 2.4.6 48.00 NOTE
r-oldrel-macos-x86_64 2.4.6 102.00 NOTE
r-oldrel-windows-x86_64 2.4.6 10.00 116.00 126.00 NOTE

Check Details

Version: 2.4.6
Check: CRAN incoming feasibility
Result: NOTE Maintainer: ‘Alessandro Magrini <alessandro.magrini@unifi.it>’ No Authors@R field in DESCRIPTION. Please add one, modifying Authors@R: person(given = "Alessandro", family = "Magrini", role = c("aut", "cre"), email = "alessandro.magrini@unifi.it") as necessary. Flavors: r-devel-linux-x86_64-debian-clang, r-devel-linux-x86_64-debian-gcc

Version: 2.4.6
Check: Rd files
Result: NOTE checkRd: (-1) dlsem-package.Rd:13: Lost braces in \itemize; meant \describe ? checkRd: (-1) dlsem-package.Rd:14: Lost braces in \itemize; meant \describe ? checkRd: (-1) dlsem-package.Rd:15: Lost braces in \itemize; meant \describe ? checkRd: (-1) dlsem.Rd:23: Lost braces in \itemize; meant \describe ? checkRd: (-1) dlsem.Rd:24: Lost braces in \itemize; meant \describe ? checkRd: (-1) dlsem.Rd:25: Lost braces in \itemize; meant \describe ? checkRd: (-1) dlsem.Rd:26: Lost braces in \itemize; meant \describe ? checkRd: (-1) dlsem.Rd:27: Lost braces in \itemize; meant \describe ? checkRd: (-1) dlsem.Rd:28: Lost braces in \itemize; meant \describe ? checkRd: (-1) dlsem.Rd:38: Lost braces in \itemize; meant \describe ? checkRd: (-1) dlsem.Rd:39: Lost braces in \itemize; meant \describe ? checkRd: (-1) dlsem.Rd:40: Lost braces in \itemize; meant \describe ? checkRd: (-1) dlsem.Rd:42: Escaped LaTeX specials: \& checkRd: (-1) dlsem.Rd:49: Lost braces in \itemize; meant \describe ? checkRd: (-1) dlsem.Rd:50: Lost braces in \itemize; meant \describe ? checkRd: (-1) dlsem.Rd:51: Lost braces in \itemize; meant \describe ? checkRd: (-1) dlsem.Rd:52: Lost braces in \itemize; meant \describe ? checkRd: (-1) dlsem.Rd:86: Lost braces in \itemize; meant \describe ? checkRd: (-1) dlsem.Rd:87: Lost braces in \itemize; meant \describe ? checkRd: (-1) dlsem.Rd:88: Lost braces in \itemize; meant \describe ? checkRd: (-1) dlsem.Rd:89: Lost braces in \itemize; meant \describe ? checkRd: (-1) dlsem.Rd:104-106: Lost braces in \itemize; meant \describe ? checkRd: (-1) dlsem.Rd:107-110: Lost braces in \itemize; meant \describe ? checkRd: (-1) dlsem.Rd:111-112: Lost braces in \itemize; meant \describe ? checkRd: (-1) dlsem.Rd:113-114: Lost braces in \itemize; meant \describe ? checkRd: (-1) dlsem.Rd:115-116: Lost braces in \itemize; meant \describe ? checkRd: (-1) dlsem.Rd:117-118: Lost braces in \itemize; meant \describe ? checkRd: (-1) dlsem.Rd:147: Lost braces in \itemize; \value handles \item{}{} directly checkRd: (-1) dlsem.Rd:148: Lost braces in \itemize; \value handles \item{}{} directly checkRd: (-1) dlsem.Rd:149: Lost braces in \itemize; \value handles \item{}{} directly checkRd: (-1) unirootTest.Rd:14: Escaped LaTeX specials: \& checkRd: (-1) unirootTest.Rd:20: Escaped LaTeX specials: \& checkRd: (-1) unirootTest.Rd:26: Escaped LaTeX specials: \& Flavors: r-devel-linux-x86_64-debian-clang, r-devel-linux-x86_64-debian-gcc, r-devel-linux-x86_64-fedora-clang, r-devel-linux-x86_64-fedora-gcc, r-devel-windows-x86_64, r-patched-linux-x86_64, r-release-linux-x86_64, r-release-macos-arm64, r-release-macos-x86_64, r-release-windows-x86_64, r-oldrel-macos-arm64, r-oldrel-macos-x86_64, r-oldrel-windows-x86_64

These binaries (installable software) and packages are in development.
They may not be fully stable and should be used with caution. We make no claims about them.
Health stats visible at Monitor.