CRAN Package Check Results for Package divo

Last updated on 2025-11-14 01:51:36 CET.

Flavor Version Tinstall Tcheck Ttotal Status Flags
r-devel-linux-x86_64-debian-clang 1.0.2 8.95 39.53 48.48 NOTE
r-devel-linux-x86_64-debian-gcc 1.0.2 8.15 31.21 39.36 NOTE
r-devel-linux-x86_64-fedora-clang 1.0.2 19.00 52.81 71.81 NOTE
r-devel-linux-x86_64-fedora-gcc 1.0.2 35.00 55.19 90.19 OK
r-devel-windows-x86_64 1.0.2 22.00 84.00 106.00 NOTE
r-patched-linux-x86_64 1.0.2 8.54 38.15 46.69 OK
r-release-linux-x86_64 1.0.2 8.21 38.21 46.42 OK
r-release-macos-arm64 1.0.2 6.00 33.00 39.00 OK
r-release-macos-x86_64 1.0.2 8.00 58.00 66.00 OK
r-release-windows-x86_64 1.0.2 20.00 85.00 105.00 OK
r-oldrel-macos-arm64 1.0.2 6.00 59.00 65.00 OK
r-oldrel-macos-x86_64 1.0.2 11.00 84.00 95.00 OK
r-oldrel-windows-x86_64 1.0.2 22.00 86.00 108.00 OK

Additional issues

rchk

Check Details

Version: 1.0.2
Check: Rd files
Result: NOTE checkRd: (-1) divo.Rd:7-22: Only 4 columns allowed in this table (row 1 has 3) checkRd: (-1) divo.Rd:7-22: Only 4 columns allowed in this table (row 2 has 3) checkRd: (-1) divo.Rd:7-22: Only 4 columns allowed in this table (row 3 has 3) checkRd: (-1) divo.Rd:7-22: Only 4 columns allowed in this table (row 4 has 3) checkRd: (-1) divo.Rd:7-22: Only 4 columns allowed in this table (row 5 has 3) checkRd: (-1) divo.Rd:7-22: Only 4 columns allowed in this table (row 6 has 3) checkRd: (-1) divo.Rd:7-22: Only 4 columns allowed in this table (row 7 has 3) checkRd: (-1) divo.Rd:7-22: Only 4 columns allowed in this table (row 8 has 3) checkRd: (-1) divo.Rd:7-22: Only 4 columns allowed in this table (row 9 has 3) checkRd: (-1) divo.Rd:7-22: Only 4 columns allowed in this table (row 10 has 3) checkRd: (-1) divo.Rd:7-22: Only 4 columns allowed in this table (row 11 has 3) checkRd: (-1) divo.Rd:7-22: Only 4 columns allowed in this table (row 12 has 3) checkRd: (-1) divo.Rd:7-22: Only 4 columns allowed in this table (row 13 has 3) checkRd: (-1) divo.Rd:7-22: Only 4 columns allowed in this table (row 14 has 3) Flavors: r-devel-linux-x86_64-debian-clang, r-devel-linux-x86_64-debian-gcc, r-devel-linux-x86_64-fedora-clang, r-devel-windows-x86_64

These binaries (installable software) and packages are in development.
They may not be fully stable and should be used with caution. We make no claims about them.
Health stats visible at Monitor.