Last updated on 2025-05-07 20:49:42 CEST.
Flavor | Version | Tinstall | Tcheck | Ttotal | Status | Flags |
---|---|---|---|---|---|---|
r-devel-linux-x86_64-debian-clang | 0.0.6 | 7.80 | 68.85 | 76.65 | NOTE | |
r-devel-linux-x86_64-debian-gcc | 0.0.6 | 5.07 | 48.48 | 53.55 | NOTE | |
r-devel-linux-x86_64-fedora-clang | 0.0.6 | 124.10 | OK | |||
r-devel-linux-x86_64-fedora-gcc | 0.0.6 | 114.97 | OK | |||
r-devel-windows-x86_64 | 0.0.6 | 8.00 | 93.00 | 101.00 | OK | |
r-patched-linux-x86_64 | 0.0.6 | 8.46 | 65.55 | 74.01 | OK | |
r-release-linux-x86_64 | 0.0.6 | 6.92 | 65.19 | 72.11 | OK | |
r-release-macos-arm64 | 0.0.6 | 39.00 | OK | |||
r-release-macos-x86_64 | 0.0.6 | 65.00 | OK | |||
r-release-windows-x86_64 | 0.0.6 | 8.00 | 93.00 | 101.00 | OK | |
r-oldrel-macos-arm64 | 0.0.6 | 36.00 | OK | |||
r-oldrel-macos-x86_64 | 0.0.6 | 52.00 | OK | |||
r-oldrel-windows-x86_64 | 0.0.6 | 11.00 | 109.00 | 120.00 | OK |
Version: 0.0.6
Check: CRAN incoming feasibility
Result: NOTE
Maintainer: ‘Ruben Dewitte <ruben0dewitte@gmail.com>’
Package CITATION file contains call(s) to old-style citEntry(). Please
use bibentry() instead.
Found the following URLs which should use \doi (with the DOI name only):
File ‘fit_US_cities.Rd’:
http://doi.org/10.3886/E113328V1
Flavors: r-devel-linux-x86_64-debian-clang, r-devel-linux-x86_64-debian-gcc
These binaries (installable software) and packages are in development.
They may not be fully stable and should be used with caution. We make no claims about them.
Health stats visible at Monitor.