Last updated on 2025-10-31 07:51:44 CET.
| Flavor | Version | Tinstall | Tcheck | Ttotal | Status | Flags | 
|---|---|---|---|---|---|---|
| r-devel-linux-x86_64-debian-clang | 0.0.6 | 6.97 | 71.98 | 78.95 | NOTE | |
| r-devel-linux-x86_64-debian-gcc | 0.0.6 | 4.94 | 51.73 | 56.67 | NOTE | |
| r-devel-linux-x86_64-fedora-clang | 0.0.6 | 16.00 | 100.95 | 116.95 | OK | |
| r-devel-linux-x86_64-fedora-gcc | 0.0.6 | 17.00 | 95.41 | 112.41 | OK | |
| r-devel-windows-x86_64 | 0.0.6 | 8.00 | 92.00 | 100.00 | OK | |
| r-patched-linux-x86_64 | 0.0.6 | 7.39 | 68.10 | 75.49 | OK | |
| r-release-linux-x86_64 | 0.0.6 | 7.21 | 67.15 | 74.36 | OK | |
| r-release-macos-arm64 | 0.0.6 | 3.00 | 36.00 | 39.00 | OK | |
| r-release-macos-x86_64 | 0.0.6 | 6.00 | 59.00 | 65.00 | OK | |
| r-release-windows-x86_64 | 0.0.6 | 9.00 | 94.00 | 103.00 | OK | |
| r-oldrel-macos-arm64 | 0.0.6 | 3.00 | 33.00 | 36.00 | OK | |
| r-oldrel-macos-x86_64 | 0.0.6 | 5.00 | 47.00 | 52.00 | OK | |
| r-oldrel-windows-x86_64 | 0.0.6 | 12.00 | 117.00 | 129.00 | OK | 
Version: 0.0.6
Check: CRAN incoming feasibility
Result: NOTE
  Maintainer: ‘Ruben Dewitte <ruben0dewitte@gmail.com>’
  
  Package CITATION file contains call(s) to old-style citEntry().  Please
  use bibentry() instead.
  
  Found the following URLs which should use \doi (with the DOI name only):
    File ‘fit_US_cities.Rd’:
      http://doi.org/10.3886/E113328V1
Flavors: r-devel-linux-x86_64-debian-clang, r-devel-linux-x86_64-debian-gcc
These binaries (installable software) and packages are in development.
They may not be fully stable and should be used with caution. We make no claims about them.
Health stats visible at Monitor.