Last updated on 2025-10-26 09:49:54 CET.
| Flavor | Version | Tinstall | Tcheck | Ttotal | Status | Flags |
|---|---|---|---|---|---|---|
| r-devel-linux-x86_64-debian-clang | 0.1.1 | 5.80 | 62.63 | 68.43 | OK | |
| r-devel-linux-x86_64-debian-gcc | 0.1.1 | 3.97 | 44.63 | 48.60 | OK | |
| r-devel-linux-x86_64-fedora-clang | 0.1.1 | 16.00 | 88.23 | 104.23 | OK | |
| r-devel-linux-x86_64-fedora-gcc | 0.1.1 | 14.00 | 81.95 | 95.95 | OK | |
| r-devel-windows-x86_64 | 0.1.1 | 8.00 | 86.00 | 94.00 | OK | |
| r-patched-linux-x86_64 | 0.1.1 | 5.80 | 56.09 | 61.89 | OK | |
| r-release-linux-x86_64 | 0.1.1 | 5.31 | 55.67 | 60.98 | OK | |
| r-release-macos-arm64 | 0.1.1 | 3.00 | 28.00 | 31.00 | ERROR | |
| r-release-macos-x86_64 | 0.1.1 | 12.00 | 115.00 | 127.00 | ERROR | |
| r-release-windows-x86_64 | 0.1.1 | 8.00 | 74.00 | 82.00 | OK | |
| r-oldrel-macos-arm64 | 0.1.1 | 3.00 | 31.00 | 34.00 | ERROR | |
| r-oldrel-macos-x86_64 | 0.1.1 | 12.00 | 117.00 | 129.00 | ERROR | |
| r-oldrel-windows-x86_64 | 0.1.1 | 10.00 | 92.00 | 102.00 | OK |
Version: 0.1.1
Check: tests
Result: ERROR
Running ‘testthat.R’ [2s/3s]
Running the tests in ‘tests/testthat.R’ failed.
Complete output:
> # This file is part of the standard setup for testthat.
> # It is recommended that you do not modify it.
> #
> # Where should you do additional test configuration?
> # Learn more about the roles of various files in:
> # * https://r-pkgs.org/testing-design.html#sec-tests-files-overview
> # * https://testthat.r-lib.org/articles/special-files.html
>
> library(testthat)
> library(dispersionIndicators)
>
> test_check("dispersionIndicators")
Using poppler version 25.09.1
File intra saved : /Volumes/Temp/tmp/Rtmp0Bg3P7/Test_intra_distances_20251026.csv
File inter saved : /Volumes/Temp/tmp/Rtmp0Bg3P7/Test_inter_distances_20251026.csv
File individual saved : /Volumes/Temp/tmp/Rtmp0Bg3P7/Test_individual_distances_20251026.csv
File inter saved : /Volumes/Temp/tmp/Rtmp0Bg3P7/Test_inter_distances_20251026.csv
File individual saved : /Volumes/Temp/tmp/Rtmp0Bg3P7/Test_individual_distances_20251026.csv
File intra saved : /Volumes/Temp/tmp/Rtmp0Bg3P7/Test_intra_distances_20251026.csv
[ FAIL 2 | WARN 0 | SKIP 0 | PASS 89 ]
══ Failed tests ════════════════════════════════════════════════════════════════
── Failure ('test-convex_function.R:494:9'): plot_all_convex_hulls works ───────
hash_raw_md5(bitmap_batch) (`actual`) not equal to "2a1d8576a0ea9af63d0fa996b2194542" (`expected`).
`actual`: "367e006cffcba3621a0e8ebfd4092769"
`expected`: "2a1d8576a0ea9af63d0fa996b2194542"
── Failure ('test-convex_function.R:495:9'): plot_all_convex_hulls works ───────
hash_raw_md5(bitmap_global) (`actual`) not equal to "a51b98fb0ff70313f01658453907afa0" (`expected`).
`actual`: "ebe6f6efa1633fb4605b69d5d0033f8f"
`expected`: "a51b98fb0ff70313f01658453907afa0"
[ FAIL 2 | WARN 0 | SKIP 0 | PASS 89 ]
Error: Test failures
Execution halted
Flavor: r-release-macos-arm64
Version: 0.1.1
Check: tests
Result: ERROR
Running ‘testthat.R’ [5s/12s]
Running the tests in ‘tests/testthat.R’ failed.
Complete output:
> # This file is part of the standard setup for testthat.
> # It is recommended that you do not modify it.
> #
> # Where should you do additional test configuration?
> # Learn more about the roles of various files in:
> # * https://r-pkgs.org/testing-design.html#sec-tests-files-overview
> # * https://testthat.r-lib.org/articles/special-files.html
>
> library(testthat)
> library(dispersionIndicators)
>
> test_check("dispersionIndicators")
Using poppler version 25.09.1
File intra saved : /Volumes/Temp/tmp/RtmpBhESkI/Test_intra_distances_20251026.csv
File inter saved : /Volumes/Temp/tmp/RtmpBhESkI/Test_inter_distances_20251026.csv
File individual saved : /Volumes/Temp/tmp/RtmpBhESkI/Test_individual_distances_20251026.csv
File inter saved : /Volumes/Temp/tmp/RtmpBhESkI/Test_inter_distances_20251026.csv
File individual saved : /Volumes/Temp/tmp/RtmpBhESkI/Test_individual_distances_20251026.csv
File intra saved : /Volumes/Temp/tmp/RtmpBhESkI/Test_intra_distances_20251026.csv
[ FAIL 2 | WARN 0 | SKIP 0 | PASS 89 ]
══ Failed tests ════════════════════════════════════════════════════════════════
── Failure ('test-convex_function.R:494:9'): plot_all_convex_hulls works ───────
hash_raw_md5(bitmap_batch) (`actual`) not equal to "2a1d8576a0ea9af63d0fa996b2194542" (`expected`).
`actual`: "367e006cffcba3621a0e8ebfd4092769"
`expected`: "2a1d8576a0ea9af63d0fa996b2194542"
── Failure ('test-convex_function.R:495:9'): plot_all_convex_hulls works ───────
hash_raw_md5(bitmap_global) (`actual`) not equal to "a51b98fb0ff70313f01658453907afa0" (`expected`).
`actual`: "ebe6f6efa1633fb4605b69d5d0033f8f"
`expected`: "a51b98fb0ff70313f01658453907afa0"
[ FAIL 2 | WARN 0 | SKIP 0 | PASS 89 ]
Error: Test failures
Execution halted
Flavor: r-release-macos-x86_64
Version: 0.1.1
Check: tests
Result: ERROR
Running ‘testthat.R’ [2s/2s]
Running the tests in ‘tests/testthat.R’ failed.
Complete output:
> # This file is part of the standard setup for testthat.
> # It is recommended that you do not modify it.
> #
> # Where should you do additional test configuration?
> # Learn more about the roles of various files in:
> # * https://r-pkgs.org/testing-design.html#sec-tests-files-overview
> # * https://testthat.r-lib.org/articles/special-files.html
>
> library(testthat)
> library(dispersionIndicators)
>
> test_check("dispersionIndicators")
Using poppler version 25.09.1
File intra saved : /Volumes/Temp/tmp/RtmpOFUzP7/Test_intra_distances_20251026.csv
File inter saved : /Volumes/Temp/tmp/RtmpOFUzP7/Test_inter_distances_20251026.csv
File individual saved : /Volumes/Temp/tmp/RtmpOFUzP7/Test_individual_distances_20251026.csv
File inter saved : /Volumes/Temp/tmp/RtmpOFUzP7/Test_inter_distances_20251026.csv
File individual saved : /Volumes/Temp/tmp/RtmpOFUzP7/Test_individual_distances_20251026.csv
File intra saved : /Volumes/Temp/tmp/RtmpOFUzP7/Test_intra_distances_20251026.csv
[ FAIL 2 | WARN 0 | SKIP 0 | PASS 89 ]
══ Failed tests ════════════════════════════════════════════════════════════════
── Failure ('test-convex_function.R:494:9'): plot_all_convex_hulls works ───────
hash_raw_md5(bitmap_batch) (`actual`) not equal to "2a1d8576a0ea9af63d0fa996b2194542" (`expected`).
`actual`: "367e006cffcba3621a0e8ebfd4092769"
`expected`: "2a1d8576a0ea9af63d0fa996b2194542"
── Failure ('test-convex_function.R:495:9'): plot_all_convex_hulls works ───────
hash_raw_md5(bitmap_global) (`actual`) not equal to "a51b98fb0ff70313f01658453907afa0" (`expected`).
`actual`: "ebe6f6efa1633fb4605b69d5d0033f8f"
`expected`: "a51b98fb0ff70313f01658453907afa0"
[ FAIL 2 | WARN 0 | SKIP 0 | PASS 89 ]
Error: Test failures
Execution halted
Flavor: r-oldrel-macos-arm64
Version: 0.1.1
Check: tests
Result: ERROR
Running ‘testthat.R’ [5s/11s]
Running the tests in ‘tests/testthat.R’ failed.
Complete output:
> # This file is part of the standard setup for testthat.
> # It is recommended that you do not modify it.
> #
> # Where should you do additional test configuration?
> # Learn more about the roles of various files in:
> # * https://r-pkgs.org/testing-design.html#sec-tests-files-overview
> # * https://testthat.r-lib.org/articles/special-files.html
>
> library(testthat)
> library(dispersionIndicators)
>
> test_check("dispersionIndicators")
Using poppler version 25.09.1
File intra saved : /Volumes/Temp/tmp/RtmpP0EFuJ/Test_intra_distances_20251026.csv
File inter saved : /Volumes/Temp/tmp/RtmpP0EFuJ/Test_inter_distances_20251026.csv
File individual saved : /Volumes/Temp/tmp/RtmpP0EFuJ/Test_individual_distances_20251026.csv
File inter saved : /Volumes/Temp/tmp/RtmpP0EFuJ/Test_inter_distances_20251026.csv
File individual saved : /Volumes/Temp/tmp/RtmpP0EFuJ/Test_individual_distances_20251026.csv
File intra saved : /Volumes/Temp/tmp/RtmpP0EFuJ/Test_intra_distances_20251026.csv
[ FAIL 2 | WARN 0 | SKIP 0 | PASS 89 ]
══ Failed tests ════════════════════════════════════════════════════════════════
── Failure ('test-convex_function.R:494:9'): plot_all_convex_hulls works ───────
hash_raw_md5(bitmap_batch) (`actual`) not equal to "2a1d8576a0ea9af63d0fa996b2194542" (`expected`).
`actual`: "367e006cffcba3621a0e8ebfd4092769"
`expected`: "2a1d8576a0ea9af63d0fa996b2194542"
── Failure ('test-convex_function.R:495:9'): plot_all_convex_hulls works ───────
hash_raw_md5(bitmap_global) (`actual`) not equal to "a51b98fb0ff70313f01658453907afa0" (`expected`).
`actual`: "ebe6f6efa1633fb4605b69d5d0033f8f"
`expected`: "a51b98fb0ff70313f01658453907afa0"
[ FAIL 2 | WARN 0 | SKIP 0 | PASS 89 ]
Error: Test failures
Execution halted
Flavor: r-oldrel-macos-x86_64
These binaries (installable software) and packages are in development.
They may not be fully stable and should be used with caution. We make no claims about them.
Health stats visible at Monitor.