Last updated on 2024-05-02 08:01:38 CEST.
Flavor | Version | Tinstall | Tcheck | Ttotal | Status | Flags |
---|---|---|---|---|---|---|
r-devel-linux-x86_64-debian-clang | 1.3-14 | 72.25 | 396.20 | 468.45 | NOTE | |
r-devel-linux-x86_64-debian-gcc | 1.3-14 | 48.21 | 274.76 | 322.97 | NOTE | |
r-devel-linux-x86_64-fedora-clang | 1.3-14 | 561.78 | NOTE | |||
r-devel-linux-x86_64-fedora-gcc | 1.3-14 | 538.76 | NOTE | |||
r-devel-windows-x86_64 | 1.3-14 | 50.00 | 240.00 | 290.00 | NOTE | --no-vignettes |
r-patched-linux-x86_64 | 1.3-14 | 57.39 | 370.29 | 427.68 | NOTE | |
r-release-linux-x86_64 | 1.3-14 | 55.81 | 373.57 | 429.38 | NOTE | |
r-release-macos-arm64 | 1.3-14 | 122.00 | NOTE | |||
r-release-windows-x86_64 | 1.3-14 | 50.00 | 244.00 | 294.00 | NOTE | --no-vignettes |
r-oldrel-macos-arm64 | 1.3-14 | 119.00 | OK | |||
r-oldrel-macos-x86_64 | 1.3-14 | 412.00 | OK | |||
r-oldrel-windows-x86_64 | 1.3-14 | 68.00 | 337.00 | 405.00 | OK | --no-vignettes |
Version: 1.3-14
Check: Rd files
Result: NOTE
checkRd: (-1) mess.Rd:28: Lost braces
28 | Elith J., M. Kearney M., and S. Phillips, 2010. The art of modelling range-shifting species. \doi{10.1111/j.2041-210X.2010.00036.x}{Methods in Ecology and Evolution 1:330-342}.
| ^
Flavors: r-devel-linux-x86_64-debian-clang, r-devel-linux-x86_64-debian-gcc, r-devel-linux-x86_64-fedora-clang, r-devel-linux-x86_64-fedora-gcc, r-patched-linux-x86_64, r-release-linux-x86_64, r-release-macos-arm64
Version: 1.3-14
Check: data for non-ASCII characters
Result: NOTE
Note: found 106 marked UTF-8 strings
Flavors: r-devel-linux-x86_64-fedora-clang, r-devel-linux-x86_64-fedora-gcc
Version: 1.3-14
Flags: --no-vignettes
Check: Rd files
Result: NOTE
checkRd: (-1) mess.Rd:28: Lost braces
28 | Elith J., M. Kearney M., and S. Phillips, 2010. The art of modelling range-shifting species. \doi{10.1111/j.2041-210X.2010.00036.x}{Methods in Ecology and Evolution 1:330-342}.
| ^
Flavors: r-devel-windows-x86_64, r-release-windows-x86_64
These binaries (installable software) and packages are in development.
They may not be fully stable and should be used with caution. We make no claims about them.
Health stats visible at Monitor.