CRAN Package Check Results for Package discord

Last updated on 2025-05-03 22:49:51 CEST.

Flavor Version Tinstall Tcheck Ttotal Status Flags
r-devel-linux-x86_64-debian-clang 1.2.3 2.53 140.61 143.14 NOTE
r-devel-linux-x86_64-debian-gcc 1.2.3 1.87 86.14 88.01 NOTE
r-devel-linux-x86_64-fedora-clang 1.2.3 230.87 OK
r-devel-linux-x86_64-fedora-gcc 1.2.3 244.09 OK
r-devel-windows-x86_64 1.2.3 4.00 132.00 136.00 OK
r-patched-linux-x86_64 1.2.3 2.76 130.59 133.35 OK
r-release-linux-x86_64 OK
r-release-macos-arm64 1.2.3 83.00 OK
r-release-macos-x86_64 1.2.3 191.00 OK
r-release-windows-x86_64 1.2.3 4.00 133.00 137.00 OK
r-oldrel-macos-arm64 1.2.3 80.00 OK
r-oldrel-macos-x86_64 1.2.3 180.00 OK
r-oldrel-windows-x86_64 1.2.3 5.00 176.00 181.00 OK

Check Details

Version: 1.2.3
Check: DESCRIPTION meta-information
Result: NOTE Author field differs from that derived from Authors@R Author: ‘S. Mason Garrison [aut, cre, cph] (<https://orcid.org/0000-0002-4804-6003>), Jonathan Trattner [aut] (<https://orcid.org/0000-0002-1097-7603>, https://www.jdtrat.com/), Yoo Ri Hwang [aut], Cermet Ream [ctb]’ Authors@R: ‘S. Mason Garrison [aut, cre, cph] (ORCID: <https://orcid.org/0000-0002-4804-6003>), Jonathan Trattner [aut] (ORCID: <https://orcid.org/0000-0002-1097-7603>, url: https://www.jdtrat.com/), Yoo Ri Hwang [aut], Cermet Ream [ctb]’ Flavors: r-devel-linux-x86_64-debian-clang, r-devel-linux-x86_64-debian-gcc

These binaries (installable software) and packages are in development.
They may not be fully stable and should be used with caution. We make no claims about them.
Health stats visible at Monitor.