CRAN Package Check Results for Package dipw

Last updated on 2025-05-15 09:52:12 CEST.

Flavor Version Tinstall Tcheck Ttotal Status Flags
r-devel-linux-x86_64-debian-clang 0.1.0 6.59 55.59 62.18 NOTE
r-devel-linux-x86_64-debian-gcc 0.1.0 5.19 41.20 46.39 NOTE
r-devel-linux-x86_64-fedora-clang 0.1.0 95.13 OK
r-devel-linux-x86_64-fedora-gcc 0.1.0 91.59 OK
r-devel-windows-x86_64 0.1.0 8.00 66.00 74.00 OK
r-patched-linux-x86_64 0.1.0 6.48 52.70 59.18 OK
r-release-linux-x86_64 0.1.0 6.76 52.50 59.26 OK
r-release-macos-arm64 0.1.0 36.00 OK
r-release-macos-x86_64 0.1.0 61.00 OK
r-release-windows-x86_64 0.1.0 9.00 69.00 78.00 OK
r-oldrel-macos-arm64 0.1.0 28.00 OK
r-oldrel-macos-x86_64 0.1.0 50.00 OK
r-oldrel-windows-x86_64 0.1.0 9.00 81.00 90.00 OK

Check Details

Version: 0.1.0
Check: CRAN incoming feasibility
Result: NOTE Maintainer: ‘Yuhao Wang <yuhaow.thu@gmail.com>’ The Description field contains High-Dimensional Confounders" <arXiv:2011.08661>. The package relies on Please refer to arXiv e-prints via their arXiv DOI <doi:10.48550/arXiv.YYMM.NNNNN>. Flavors: r-devel-linux-x86_64-debian-clang, r-devel-linux-x86_64-debian-gcc

These binaries (installable software) and packages are in development.
They may not be fully stable and should be used with caution. We make no claims about them.
Health stats visible at Monitor.