Last updated on 2025-05-17 17:49:18 CEST.
Flavor | Version | Tinstall | Tcheck | Ttotal | Status | Flags |
---|---|---|---|---|---|---|
r-devel-linux-x86_64-debian-clang | 0.77-1 | 2.51 | 35.98 | 38.49 | NOTE | |
r-devel-linux-x86_64-debian-gcc | 0.77-1 | 2.03 | 27.20 | 29.23 | NOTE | |
r-devel-linux-x86_64-fedora-clang | 0.77-1 | 60.16 | OK | |||
r-devel-linux-x86_64-fedora-gcc | 0.77-1 | 71.07 | OK | |||
r-devel-windows-x86_64 | 0.77-1 | 5.00 | 76.00 | 81.00 | OK | |
r-patched-linux-x86_64 | 0.77-1 | 2.58 | 34.46 | 37.04 | OK | |
r-release-linux-x86_64 | 0.77-1 | 2.43 | 34.64 | 37.07 | OK | |
r-release-macos-arm64 | 0.77-1 | 32.00 | NOTE | |||
r-release-macos-x86_64 | 0.77-1 | 60.00 | OK | |||
r-release-windows-x86_64 | 0.77-1 | 6.00 | 81.00 | 87.00 | OK | |
r-oldrel-macos-arm64 | 0.77-1 | 39.00 | OK | |||
r-oldrel-macos-x86_64 | 0.77-1 | 46.00 | OK | |||
r-oldrel-windows-x86_64 | 0.77-1 | 5.00 | 76.00 | 81.00 | OK |
Version: 0.77-1
Check: CRAN incoming feasibility
Result: NOTE
Maintainer: ‘Martin Maechler <maechler@stat.math.ethz.ch>’
No Authors@R field in DESCRIPTION.
Please add one, modifying
Authors@R: person(given = "Martin",
family = "Maechler",
role = c("aut", "cre"),
email = "maechler@stat.math.ethz.ch",
comment = "originally from Fortran and S-plus by Dario Ringach, NYU.edu")
as necessary.
Flavors: r-devel-linux-x86_64-debian-clang, r-devel-linux-x86_64-debian-gcc
Version: 0.77-1
Check: tests
Result: NOTE
Running ‘ex1.R’ [0s/0s]
Comparing ‘ex1.Rout’ to ‘ex1.Rout.save’ ...53c53
< $ lo.hi : int [1:2] 1 2
---
> $ lo.hi : int [1:2] 3 4
55,56c55,56
< $ gcm : int [1:2] 2 1
< $ lcm : int [1:2] 1 2
---
> $ gcm : int [1:2] 4 3
> $ lcm : int [1:2] 3 4
61,62c61,62
< $ xl : num 0
< $ xu : num 1
---
> $ xl : num 3
> $ xu : num 4
Running ‘mechler-ex.R’ [0s/0s]
Comparing ‘mechler-ex.Rout’ to ‘mechler-ex.Rout.save’ ... OK
Running ‘sim1.R’ [1s/1s]
Comparing ‘sim1.Rout’ to ‘sim1.Rout.save’ ... OK
Flavor: r-release-macos-arm64
These binaries (installable software) and packages are in development.
They may not be fully stable and should be used with caution. We make no claims about them.
Health stats visible at Monitor.