Last updated on 2025-10-10 09:50:28 CEST.
Flavor | Version | Tinstall | Tcheck | Ttotal | Status | Flags |
---|---|---|---|---|---|---|
r-devel-linux-x86_64-debian-clang | 1.11 | 13.91 | 88.37 | 102.28 | NOTE | |
r-devel-linux-x86_64-debian-gcc | 1.11 | 9.08 | 63.15 | 72.23 | NOTE | |
r-devel-linux-x86_64-fedora-clang | 1.11 | 160.49 | NOTE | |||
r-devel-linux-x86_64-fedora-gcc | 1.11 | 151.20 | NOTE | |||
r-devel-windows-x86_64 | 1.11 | 18.00 | 97.00 | 115.00 | NOTE | |
r-patched-linux-x86_64 | 1.11 | 13.78 | 84.49 | 98.27 | NOTE | |
r-release-linux-x86_64 | 1.11 | 13.09 | 84.03 | 97.12 | NOTE | |
r-release-macos-arm64 | 1.11 | 45.00 | OK | |||
r-release-macos-x86_64 | 1.11 | 89.00 | OK | |||
r-release-windows-x86_64 | 1.11 | 18.00 | 95.00 | 113.00 | NOTE | |
r-oldrel-macos-arm64 | 1.11 | 47.00 | OK | |||
r-oldrel-macos-x86_64 | 1.11 | 92.00 | OK | |||
r-oldrel-windows-x86_64 | 1.11 | 23.00 | 123.00 | 146.00 | OK |
Version: 1.11
Check: differences from ‘dipm-Ex.Rout’ to ‘dipm-Ex.Rout.save’
Result: NOTE
151,155d150
< Warning: `aes_string()` was deprecated in ggplot2 3.0.0.
< ℹ Please use tidy evaluation idioms with `aes()`.
< ℹ See also `vignette("ggplot2-in-packages")` for more information.
< ℹ The deprecated feature was likely used in the dipm package.
< Please report the issue to the authors.
Flavors: r-devel-linux-x86_64-debian-clang, r-devel-linux-x86_64-debian-gcc, r-devel-linux-x86_64-fedora-clang, r-devel-linux-x86_64-fedora-gcc, r-devel-windows-x86_64, r-patched-linux-x86_64, r-release-linux-x86_64, r-release-windows-x86_64
These binaries (installable software) and packages are in development.
They may not be fully stable and should be used with caution. We make no claims about them.
Health stats visible at Monitor.