CRAN Package Check Results for Package dimensio

Last updated on 2025-05-17 15:50:40 CEST.

Flavor Version Tinstall Tcheck Ttotal Status Flags
r-devel-linux-x86_64-debian-clang 0.13.0 6.94 63.26 70.20 NOTE
r-devel-linux-x86_64-debian-gcc 0.13.0 4.47 45.80 50.27 NOTE
r-devel-linux-x86_64-fedora-clang 0.13.0 114.71 OK
r-devel-linux-x86_64-fedora-gcc 0.13.0 124.96 OK
r-devel-windows-x86_64 0.13.0 10.00 92.00 102.00 OK
r-patched-linux-x86_64 0.13.0 8.44 58.48 66.92 OK
r-release-linux-x86_64 0.13.0 6.98 58.58 65.56 OK
r-release-macos-arm64 0.13.0 40.00 OK
r-release-macos-x86_64 0.13.0 75.00 OK
r-release-windows-x86_64 0.13.0 10.00 92.00 102.00 OK
r-oldrel-macos-arm64 0.13.0 43.00 OK
r-oldrel-macos-x86_64 0.13.0 80.00 OK
r-oldrel-windows-x86_64 0.13.0 9.00 100.00 109.00 OK

Check Details

Version: 0.13.0
Check: DESCRIPTION meta-information
Result: NOTE Author field differs from that derived from Authors@R Author: ‘Nicolas Frerebeau [aut, cre] (<https://orcid.org/0000-0001-5759-4944>), Jean-Baptiste Fourvel [ctb] (<https://orcid.org/0000-0002-1061-4642>), Camille Thabard [ctb] (<https://orcid.org/0000-0002-3196-7658>), Brice Lebrun [art] (<https://orcid.org/0000-0001-7503-8685>, Logo designer), Université Bordeaux Montaigne [fnd] (03pbgwk21), CNRS [fnd] (02feahw73)’ Authors@R: ‘Nicolas Frerebeau [aut, cre] (ORCID: <https://orcid.org/0000-0001-5759-4944>), Jean-Baptiste Fourvel [ctb] (ORCID: <https://orcid.org/0000-0002-1061-4642>), Camille Thabard [ctb] (ORCID: <https://orcid.org/0000-0002-3196-7658>), Brice Lebrun [art] (ORCID: <https://orcid.org/0000-0001-7503-8685>, Logo designer), Université Bordeaux Montaigne [fnd] (ROR: <https://ror.org/03pbgwk21>), CNRS [fnd] (ROR: <https://ror.org/02feahw73>)’ Flavors: r-devel-linux-x86_64-debian-clang, r-devel-linux-x86_64-debian-gcc

These binaries (installable software) and packages are in development.
They may not be fully stable and should be used with caution. We make no claims about them.
Health stats visible at Monitor.