Last updated on 2025-05-15 07:49:37 CEST.
Flavor | Version | Tinstall | Tcheck | Ttotal | Status | Flags |
---|---|---|---|---|---|---|
r-devel-linux-x86_64-debian-clang | 0.4.2 | 3.99 | 61.05 | 65.04 | NOTE | |
r-devel-linux-x86_64-debian-gcc | 0.4.2 | 2.59 | 44.24 | 46.83 | NOTE | |
r-devel-linux-x86_64-fedora-clang | 0.4.2 | 103.15 | NOTE | |||
r-devel-linux-x86_64-fedora-gcc | 0.4.2 | 113.27 | NOTE | |||
r-devel-windows-x86_64 | 0.4.2 | 6.00 | 116.00 | 122.00 | NOTE | |
r-patched-linux-x86_64 | 0.4.2 | 4.06 | 56.05 | 60.11 | NOTE | |
r-release-linux-x86_64 | 0.4.2 | 4.03 | 56.53 | 60.56 | NOTE | |
r-release-macos-arm64 | 0.4.2 | 44.00 | NOTE | |||
r-release-macos-x86_64 | 0.4.2 | 81.00 | NOTE | |||
r-release-windows-x86_64 | 0.4.2 | 5.00 | 113.00 | 118.00 | NOTE | |
r-oldrel-macos-arm64 | 0.4.2 | 40.00 | NOTE | |||
r-oldrel-macos-x86_64 | 0.4.2 | 109.00 | NOTE | |||
r-oldrel-windows-x86_64 | 0.4.2 | 5.00 | 115.00 | 120.00 | NOTE |
Version: 0.4.2
Check: CRAN incoming feasibility
Result: NOTE
Maintainer: ‘Benjamin Rubinstein <brubinstein@unimelb.edu.au>’
Package CITATION file contains call(s) to old-style personList() or
as.personList(). Please use c() on person objects instead.
Package CITATION file contains call(s) to old-style citEntry(). Please
use bibentry() instead.
Found the following (possibly) invalid file URI:
URI: commits/master
From: README.md
The Description field contains
sensitivity sampler (Rubinstein & Alda, 2017) <arXiv:1706.02562>
Please refer to arXiv e-prints via their arXiv DOI <doi:10.48550/arXiv.YYMM.NNNNN>.
Flavors: r-devel-linux-x86_64-debian-clang, r-devel-linux-x86_64-debian-gcc
Version: 0.4.2
Check: Rd files
Result: NOTE
checkRd: (-1) sensitivitySamplerManual-DPMech-function-numeric-numeric-numeric-method.Rd:25: Lost braces
25 | \item{k}{order statistic index in {1,...,\code{m}}.}
| ^
checkRd: (-1) sensitivitySamplerManual-DPMechNumeric-function-numeric-numeric-numeric-method.Rd:25: Lost braces
25 | \item{k}{order statistic index in {1,...,\code{m}}.}
| ^
checkRd: (-1) sensitivitySamplerManual.Rd:22: Lost braces
22 | \item{k}{order statistic index in {1,...,\code{m}}.}
| ^
Flavors: r-devel-linux-x86_64-debian-clang, r-devel-linux-x86_64-debian-gcc, r-devel-linux-x86_64-fedora-clang, r-devel-linux-x86_64-fedora-gcc, r-devel-windows-x86_64, r-patched-linux-x86_64, r-release-linux-x86_64, r-release-macos-arm64, r-release-macos-x86_64, r-release-windows-x86_64, r-oldrel-macos-arm64, r-oldrel-macos-x86_64, r-oldrel-windows-x86_64
Version: 0.4.2
Check: LazyData
Result: NOTE
'LazyData' is specified without a 'data' directory
Flavors: r-oldrel-macos-arm64, r-oldrel-macos-x86_64, r-oldrel-windows-x86_64
These binaries (installable software) and packages are in development.
They may not be fully stable and should be used with caution. We make no claims about them.
Health stats visible at Monitor.