CRAN Package Check Results for Package diffeR

Last updated on 2025-05-15 07:49:37 CEST.

Flavor Version Tinstall Tcheck Ttotal Status Flags
r-devel-linux-x86_64-debian-clang 0.0-8 31.16 263.01 294.17 NOTE
r-devel-linux-x86_64-debian-gcc 0.0-8 20.24 164.57 184.81 NOTE
r-devel-linux-x86_64-fedora-clang 0.0-8 465.18 OK
r-devel-linux-x86_64-fedora-gcc 0.0-8 445.25 OK
r-devel-windows-x86_64 0.0-8 28.00 198.00 226.00 OK
r-patched-linux-x86_64 0.0-8 29.64 244.18 273.82 OK
r-release-linux-x86_64 0.0-8 27.25 242.34 269.59 OK
r-release-macos-arm64 0.0-8 94.00 OK
r-release-macos-x86_64 0.0-8 225.00 OK
r-release-windows-x86_64 0.0-8 28.00 199.00 227.00 OK
r-oldrel-macos-arm64 0.0-8 94.00 OK
r-oldrel-macos-x86_64 0.0-8 154.00 OK
r-oldrel-windows-x86_64 0.0-8 40.00 269.00 309.00 OK

Check Details

Version: 0.0-8
Check: CRAN incoming feasibility
Result: NOTE Maintainer: ‘Ali Santacruz <amsantac@unal.edu.co>’ No Authors@R field in DESCRIPTION. Please add one, modifying Authors@R: c(person(given = c("Robert", "Gilmore"), family = "Pontius Jr.", role = "aut", email = "rpontius@clarku.edu"), person(given = "Ali", family = "Santacruz", role = c("aut", "cre"), email = "amsantac@unal.edu.co")) as necessary. Flavors: r-devel-linux-x86_64-debian-clang, r-devel-linux-x86_64-debian-gcc

These binaries (installable software) and packages are in development.
They may not be fully stable and should be used with caution. We make no claims about them.
Health stats visible at Monitor.