Last updated on 2025-02-23 15:49:40 CET.
Flavor | Version | Tinstall | Tcheck | Ttotal | Status | Flags |
---|---|---|---|---|---|---|
r-devel-linux-x86_64-debian-clang | 2.1.7 | 27.20 | 82.49 | 109.69 | NOTE | |
r-devel-linux-x86_64-debian-gcc | 2.1.7 | 17.60 | 56.43 | 74.03 | NOTE | |
r-devel-linux-x86_64-fedora-clang | 2.1.7 | 166.34 | NOTE | |||
r-devel-linux-x86_64-fedora-gcc | 2.1.7 | 159.25 | NOTE | |||
r-devel-macos-arm64 | 2.1.7 | 55.00 | NOTE | |||
r-devel-macos-x86_64 | 2.1.7 | 138.00 | NOTE | |||
r-devel-windows-x86_64 | 2.1.7 | 33.00 | 102.00 | 135.00 | NOTE | |
r-patched-linux-x86_64 | 2.1.7 | 26.15 | 71.74 | 97.89 | NOTE | |
r-release-linux-x86_64 | 2.1.7 | 25.72 | 72.45 | 98.17 | NOTE | |
r-release-macos-arm64 | 2.1.7 | 55.00 | NOTE | |||
r-release-macos-x86_64 | 2.1.7 | 102.00 | NOTE | |||
r-release-windows-x86_64 | 2.1.7 | 32.00 | 105.00 | 137.00 | NOTE | |
r-oldrel-macos-arm64 | 2.1.7 | 58.00 | OK | |||
r-oldrel-macos-x86_64 | 2.1.7 | 125.00 | OK | |||
r-oldrel-windows-x86_64 | 2.1.7 | 26.00 | 116.00 | 142.00 | OK |
Version: 2.1.7
Check: Rd files
Result: NOTE
checkRd: (-1) AIC.dglars.Rd:47: Lost braces
47 | \item{comp}{the measures of model complexity used to compute the measure of goodness-of-fit. It is equal to \code{npar} when code{complexity = "df"};}
| ^
checkRd: (-1) dglars.Rd:258: Lost braces
258 | \item{\code{7}}{maximum number of solution points ('code{np}') reached.}
| ^
Flavors: r-devel-linux-x86_64-debian-clang, r-devel-linux-x86_64-debian-gcc, r-devel-linux-x86_64-fedora-clang, r-devel-linux-x86_64-fedora-gcc, r-devel-macos-arm64, r-devel-macos-x86_64, r-devel-windows-x86_64, r-patched-linux-x86_64, r-release-linux-x86_64, r-release-macos-arm64, r-release-macos-x86_64, r-release-windows-x86_64
These binaries (installable software) and packages are in development.
They may not be fully stable and should be used with caution. We make no claims about them.
Health stats visible at Monitor.