CRAN Package Check Results for Package devFunc

Last updated on 2025-05-17 19:51:49 CEST.

Flavor Version Tinstall Tcheck Ttotal Status Flags
r-devel-linux-x86_64-debian-clang 0.1 3.37 28.74 32.11 NOTE
r-devel-linux-x86_64-debian-gcc 0.1 2.65 22.20 24.85 NOTE
r-devel-linux-x86_64-fedora-clang 0.1 50.82 OK
r-devel-linux-x86_64-fedora-gcc 0.1 48.08 OK
r-devel-windows-x86_64 0.1 5.00 50.00 55.00 OK
r-patched-linux-x86_64 0.1 3.21 27.29 30.50 OK
r-release-linux-x86_64 0.1 3.45 27.25 30.70 OK
r-release-macos-arm64 0.1 23.00 OK
r-release-macos-x86_64 0.1 32.00 OK
r-release-windows-x86_64 0.1 6.00 51.00 57.00 OK
r-oldrel-macos-arm64 0.1 19.00 NOTE
r-oldrel-macos-x86_64 0.1 27.00 NOTE
r-oldrel-windows-x86_64 0.1 7.00 53.00 60.00 NOTE

Additional issues

donttest

Check Details

Version: 0.1
Check: CRAN incoming feasibility
Result: NOTE Maintainer: ‘Robin Van Oirbeek <robin.vanoirbeek@gmail.com>’ No Authors@R field in DESCRIPTION. Please add one, modifying Authors@R: person(given = "Robin", family = "Van Oirbeek", role = c("aut", "cre"), email = "robin.vanoirbeek@gmail.com") as necessary. Flavors: r-devel-linux-x86_64-debian-clang, r-devel-linux-x86_64-debian-gcc

Version: 0.1
Check: LazyData
Result: NOTE 'LazyData' is specified without a 'data' directory Flavors: r-oldrel-macos-arm64, r-oldrel-macos-x86_64, r-oldrel-windows-x86_64

These binaries (installable software) and packages are in development.
They may not be fully stable and should be used with caution. We make no claims about them.
Health stats visible at Monitor.