CRAN Package Check Results for Package detpack

Last updated on 2025-05-15 07:49:37 CEST.

Flavor Version Tinstall Tcheck Ttotal Status Flags
r-devel-linux-x86_64-debian-clang 1.1.3 2.47 33.57 36.04 NOTE
r-devel-linux-x86_64-debian-gcc 1.1.3 2.01 25.38 27.39 NOTE
r-devel-linux-x86_64-fedora-clang 1.1.3 55.33 OK
r-devel-linux-x86_64-fedora-gcc 1.1.3 56.92 OK
r-devel-windows-x86_64 1.1.3 4.00 56.00 60.00 OK
r-patched-linux-x86_64 1.1.3 3.17 31.69 34.86 OK
r-release-linux-x86_64 1.1.3 2.41 32.23 34.64 OK
r-release-macos-arm64 1.1.3 21.00 OK
r-release-macos-x86_64 1.1.3 39.00 OK
r-release-windows-x86_64 1.1.3 4.00 60.00 64.00 OK
r-oldrel-macos-arm64 1.1.3 20.00 OK
r-oldrel-macos-x86_64 1.1.3 33.00 OK
r-oldrel-windows-x86_64 1.1.3 3.00 56.00 59.00 OK

Check Details

Version: 1.1.3
Check: CRAN incoming feasibility
Result: NOTE Maintainer: ‘Daniel Meyer <meyerda@ethz.ch>’ No Authors@R field in DESCRIPTION. Please add one, modifying Authors@R: person(given = "Daniel", family = "Meyer", role = c("aut", "cre"), email = "meyerda@ethz.ch") as necessary. The Description field contains see: Meyer, D.W. (2016) <arXiv:1610.00345> or Meyer, D.W., Statistics (2017) <arXiv:1711.04632> or Meyer, D.W., Journal of Computational and Please refer to arXiv e-prints via their arXiv DOI <doi:10.48550/arXiv.YYMM.NNNNN>. Found the following URLs which should use \doi (with the DOI name only): File ‘det.construct.Rd’: https://doi.org/10.1007/s11222-017-9751-9 File ‘detpack.Rd’: https://doi.org/10.1007/s11222-017-9751-9 https://doi.org/10.1080/10618600.2018.1482768 Flavors: r-devel-linux-x86_64-debian-clang, r-devel-linux-x86_64-debian-gcc

These binaries (installable software) and packages are in development.
They may not be fully stable and should be used with caution. We make no claims about them.
Health stats visible at Monitor.