Last updated on 2025-02-23 15:49:40 CET.
Flavor | Version | Tinstall | Tcheck | Ttotal | Status | Flags |
---|---|---|---|---|---|---|
r-devel-linux-x86_64-debian-clang | 0.1.0 | 5.06 | 40.70 | 45.76 | NOTE | |
r-devel-linux-x86_64-debian-gcc | 0.1.0 | 4.02 | 30.30 | 34.32 | NOTE | |
r-devel-linux-x86_64-fedora-clang | 0.1.0 | 71.76 | NOTE | |||
r-devel-linux-x86_64-fedora-gcc | 0.1.0 | 65.91 | NOTE | |||
r-devel-macos-arm64 | 0.1.0 | 26.00 | NOTE | |||
r-devel-macos-x86_64 | 0.1.0 | 46.00 | NOTE | |||
r-devel-windows-x86_64 | 0.1.0 | 7.00 | 73.00 | 80.00 | NOTE | |
r-patched-linux-x86_64 | 0.1.0 | 5.31 | 37.56 | 42.87 | NOTE | |
r-release-linux-x86_64 | 0.1.0 | 4.24 | 37.59 | 41.83 | NOTE | |
r-release-macos-arm64 | 0.1.0 | 27.00 | NOTE | |||
r-release-macos-x86_64 | 0.1.0 | 49.00 | NOTE | |||
r-release-windows-x86_64 | 0.1.0 | 8.00 | 63.00 | 71.00 | NOTE | |
r-oldrel-macos-arm64 | 0.1.0 | 27.00 | NOTE | |||
r-oldrel-macos-x86_64 | 0.1.0 | 40.00 | NOTE | |||
r-oldrel-windows-x86_64 | 0.1.0 | 9.00 | 69.00 | 78.00 | NOTE |
Version: 0.1.0
Check: Rd files
Result: NOTE
checkRd: (-1) detour-shiny.Rd:26: Lost braces; missing escapes or markup?
26 | \item{expr}{an expression that generates a {detourr} widget}
| ^
checkRd: (-1) show_sage.Rd:80: Lost braces; missing escapes or markup?
80 | supported using {crosstalk}. The set of interactive controls available are:
| ^
checkRd: (-1) show_scatter.Rd:67: Lost braces; missing escapes or markup?
67 | supported using {crosstalk}. The set of interactive controls available are:
| ^
checkRd: (-1) show_scatter_internal.Rd:65: Lost braces; missing escapes or markup?
65 | supported using {crosstalk}. The set of interactive controls available are:
| ^
checkRd: (-1) show_slice.Rd:76: Lost braces; missing escapes or markup?
76 | supported using {crosstalk}. The set of interactive controls available are:
| ^
checkRd: (-1) tour_aes.Rd:11: Lost braces; missing escapes or markup?
11 | Variables are evaluated using {tidyselect} syntax.}
| ^
Flavors: r-devel-linux-x86_64-debian-clang, r-devel-linux-x86_64-debian-gcc, r-devel-linux-x86_64-fedora-clang, r-devel-linux-x86_64-fedora-gcc, r-devel-macos-arm64, r-devel-macos-x86_64, r-devel-windows-x86_64, r-patched-linux-x86_64, r-release-linux-x86_64, r-release-macos-arm64, r-release-macos-x86_64, r-release-windows-x86_64
Version: 0.1.0
Check: installed package size
Result: NOTE
installed size is 5.7Mb
sub-directories of 1Mb or more:
data 1.8Mb
htmlwidgets 3.7Mb
Flavors: r-release-macos-arm64, r-release-macos-x86_64, r-release-windows-x86_64, r-oldrel-macos-arm64, r-oldrel-macos-x86_64, r-oldrel-windows-x86_64
These binaries (installable software) and packages are in development.
They may not be fully stable and should be used with caution. We make no claims about them.
Health stats visible at Monitor.