Last updated on 2025-05-17 15:50:40 CEST.
Flavor | Version | Tinstall | Tcheck | Ttotal | Status | Flags |
---|---|---|---|---|---|---|
r-devel-linux-x86_64-debian-clang | 1.0-2.2 | 165.44 | 131.15 | 296.59 | NOTE | |
r-devel-linux-x86_64-debian-gcc | 1.0-2.2 | 144.73 | 105.62 | 250.35 | NOTE | |
r-devel-linux-x86_64-fedora-clang | 1.0-2.2 | 474.27 | OK | |||
r-devel-linux-x86_64-fedora-gcc | 1.0-2.2 | 588.12 | OK | |||
r-devel-windows-x86_64 | 1.0-2.2 | 199.00 | 173.00 | 372.00 | OK | |
r-patched-linux-x86_64 | 1.0-2.2 | 179.80 | 136.95 | 316.75 | OK | |
r-release-linux-x86_64 | 1.0-2.2 | 172.20 | 138.03 | 310.23 | OK | |
r-release-macos-arm64 | 1.0-2.2 | 123.00 | OK | |||
r-release-macos-x86_64 | 1.0-2.2 | 225.00 | OK | |||
r-release-windows-x86_64 | 1.0-2.2 | 183.00 | 173.00 | 356.00 | OK | |
r-oldrel-macos-arm64 | 1.0-2.2 | 77.00 | NOTE | |||
r-oldrel-macos-x86_64 | 1.0-2.2 | 121.00 | NOTE | |||
r-oldrel-windows-x86_64 | 1.0-2.2 | 222.00 | 201.00 | 423.00 | NOTE |
Version: 1.0-2.2
Check: CRAN incoming feasibility
Result: NOTE
Maintainer: ‘Matt P. Wand <matt.wand@uts.edu.au>’
The Description field contains
methodology is described in Wand and Yu (2020) <arXiv:2009.06182>.
Please refer to arXiv e-prints via their arXiv DOI <doi:10.48550/arXiv.YYMM.NNNNN>.
Flavors: r-devel-linux-x86_64-debian-clang, r-devel-linux-x86_64-debian-gcc
Version: 1.0-2.2
Check: installed package size
Result: NOTE
installed size is 44.6Mb
sub-directories of 1Mb or more:
doc 1.9Mb
libs 42.4Mb
Flavors: r-oldrel-macos-arm64, r-oldrel-macos-x86_64
Version: 1.0-2.2
Check: for GNU extensions in Makefiles
Result: NOTE
GNU make is a SystemRequirements.
Flavors: r-oldrel-macos-arm64, r-oldrel-macos-x86_64, r-oldrel-windows-x86_64
These binaries (installable software) and packages are in development.
They may not be fully stable and should be used with caution. We make no claims about them.
Health stats visible at Monitor.