Last updated on 2025-05-03 22:49:51 CEST.
Flavor | Version | Tinstall | Tcheck | Ttotal | Status | Flags |
---|---|---|---|---|---|---|
r-devel-linux-x86_64-debian-clang | 1.0.2 | 11.19 | 86.16 | 97.35 | NOTE | |
r-devel-linux-x86_64-debian-gcc | 1.0.2 | 7.29 | 62.25 | 69.54 | NOTE | |
r-devel-linux-x86_64-fedora-clang | 1.0.2 | 143.26 | OK | |||
r-devel-linux-x86_64-fedora-gcc | 1.0.2 | 145.73 | OK | |||
r-devel-windows-x86_64 | 1.0.2 | 14.00 | 103.00 | 117.00 | NOTE | |
r-patched-linux-x86_64 | 1.0.2 | 9.88 | 82.35 | 92.23 | NOTE | |
r-release-linux-x86_64 | NOTE | |||||
r-release-macos-arm64 | 1.0.2 | 45.00 | OK | |||
r-release-macos-x86_64 | 1.0.2 | 79.00 | OK | |||
r-release-windows-x86_64 | 1.0.2 | 13.00 | 95.00 | 108.00 | NOTE | |
r-oldrel-macos-arm64 | 1.0.2 | 42.00 | OK | |||
r-oldrel-macos-x86_64 | 1.0.2 | 63.00 | OK | |||
r-oldrel-windows-x86_64 | 1.0.2 | 15.00 | 119.00 | 134.00 | OK |
Version: 1.0.2
Check: CRAN incoming feasibility
Result: NOTE
Maintainer: ‘Julie Josse <julie.josserennes@gmail.com>’
No Authors@R field in DESCRIPTION.
Please add one, modifying
Authors@R: c(person(given = "Julie",
family = "Josse",
role = c("aut", "cre"),
email = "julie.josserennes@gmail.com"),
person(given = "Sylvain",
family = "Sardy",
role = "aut"),
person(given = "Stefan",
family = "Wager",
role = "aut"))
as necessary.
The Description field contains
completion. The method is described in <arXiv:1602.01206>.
Please refer to arXiv e-prints via their arXiv DOI <doi:10.48550/arXiv.YYMM.NNNNN>.
Flavors: r-devel-linux-x86_64-debian-clang, r-devel-linux-x86_64-debian-gcc
Version: 1.0.2
Check: Rd cross-references
Result: NOTE
Found the following Rd file(s) with Rd \link{} targets missing package
anchors:
estim_sigma.Rd: estim_ncp
Please provide package anchors for all Rd \link{} targets not in the
package itself and the base packages.
Flavors: r-devel-linux-x86_64-debian-clang, r-devel-linux-x86_64-debian-gcc, r-devel-windows-x86_64, r-patched-linux-x86_64, r-release-linux-x86_64, r-release-windows-x86_64
These binaries (installable software) and packages are in development.
They may not be fully stable and should be used with caution. We make no claims about them.
Health stats visible at Monitor.