Last updated on 2024-05-02 09:51:28 CEST.
Flavor | Version | Tinstall | Tcheck | Ttotal | Status | Flags |
---|---|---|---|---|---|---|
r-devel-linux-x86_64-debian-clang | 1.17.1 | 17.25 | 326.25 | 343.50 | NOTE | |
r-devel-linux-x86_64-debian-gcc | 1.17.1 | 12.99 | 243.68 | 256.67 | NOTE | |
r-devel-linux-x86_64-fedora-clang | 1.17.1 | 453.27 | NOTE | |||
r-devel-linux-x86_64-fedora-gcc | 1.17.1 | 438.75 | NOTE | |||
r-devel-windows-x86_64 | 1.17.1 | 17.00 | 296.00 | 313.00 | NOTE | |
r-patched-linux-x86_64 | 1.17.1 | 17.64 | 306.10 | 323.74 | NOTE | |
r-release-linux-x86_64 | 1.17.1 | 10.50 | 313.89 | 324.39 | NOTE | |
r-release-macos-arm64 | 1.17.1 | 116.00 | NOTE | |||
r-release-windows-x86_64 | 1.17.1 | 17.00 | 303.00 | 320.00 | NOTE | |
r-oldrel-macos-arm64 | 1.17.1 | 130.00 | NOTE | |||
r-oldrel-macos-x86_64 | 1.17.1 | 207.00 | NOTE | |||
r-oldrel-windows-x86_64 | 1.17.1 | 19.00 | 375.00 | 394.00 | NOTE |
Version: 1.17.1
Check: Rd files
Result: NOTE
checkRd: (-1) assign_values_to_leaves_edgePar.Rd:60: Lost braces
60 | \link{get_leaves_attr}, link{assign_values_to_leaves_nodePar}
| ^
checkRd: (-1) khan.Rd:10-11: Lost braces in \itemize; meant \describe ?
checkRd: (-1) khan.Rd:12-13: Lost braces in \itemize; meant \describe ?
checkRd: (-1) khan.Rd:14-15: Lost braces in \itemize; meant \describe ?
checkRd: (-1) khan.Rd:16-18: Lost braces in \itemize; meant \describe ?
checkRd: (-1) khan.Rd:19-21: Lost braces in \itemize; meant \describe ?
checkRd: (-1) khan.Rd:22-35: Lost braces in \itemize; meant \describe ?
checkRd: (-1) khan.Rd:26: Lost braces in \itemize; meant \describe ?
checkRd: (-1) khan.Rd:27: Lost braces in \itemize; meant \describe ?
checkRd: (-1) khan.Rd:28: Lost braces in \itemize; meant \describe ?
checkRd: (-1) khan.Rd:29: Lost braces in \itemize; meant \describe ?
checkRd: (-1) khan.Rd:30: Lost braces in \itemize; meant \describe ?
checkRd: (-1) khan.Rd:31: Lost braces in \itemize; meant \describe ?
checkRd: (-1) khan.Rd:32: Lost braces in \itemize; meant \describe ?
checkRd: (-1) khan.Rd:33: Lost braces in \itemize; meant \describe ?
checkRd: (-1) ladderize.Rd:59: Lost braces; missing escapes or markup?
59 | \code{\link{rev.dendrogram}}, \code{\link{rotate}} ({dendextend}), \code{\link[ape]{rotate}} ({ape})
| ^
checkRd: (-1) ladderize.Rd:59: Lost braces; missing escapes or markup?
59 | \code{\link{rev.dendrogram}}, \code{\link{rotate}} ({dendextend}), \code{\link[ape]{rotate}} ({ape})
| ^
checkRd: (-1) prune.Rd:62: Lost braces; missing escapes or markup?
62 | \link{prune_leaf}, \link[ape]{drop.tip} {ape}
| ^
checkRd: (-1) rllply.Rd:25: Lost braces; missing escapes or markup?
25 | following the naming convention in the {plyr} package
| ^
checkRd: (-1) rotate.Rd:81: Lost braces; missing escapes or markup?
81 | The {ape} package has its own \code{\link[ape]{rotate}}({ape}) function
| ^
checkRd: (-1) rotate.Rd:81: Lost braces; missing escapes or markup?
81 | The {ape} package has its own \code{\link[ape]{rotate}}({ape}) function
| ^
checkRd: (-1) rotate.Rd:86: Lost braces; missing escapes or markup?
86 | Notice that if you will first load {ape} and only then {dendextend},
| ^
checkRd: (-1) rotate.Rd:86: Lost braces; missing escapes or markup?
86 | Notice that if you will first load {ape} and only then {dendextend},
| ^
checkRd: (-1) rotate.Rd:92: Lost braces; missing escapes or markup?
92 | The solution for this is that if you have {ape} installed on your machine,
| ^
checkRd: (-1) rotate.Rd:93: Lost braces; missing escapes or markup?
93 | It will be loaded when you load {dendextend} (but after it).
| ^
checkRd: (-1) rotate.Rd:134: Lost braces; missing escapes or markup?
134 | \code{\link{rev.dendrogram}}, \code{\link[ape]{rotate}} ({ape}), \link{ladderize}
| ^
checkRd: (-1) unbranch.Rd:47: Lost braces; missing escapes or markup?
47 | \link[ape]{unroot} {ape}
| ^
checkRd: (-1) untangle_DendSer.Rd:22: Lost braces
22 | This is a good (and fast) starting point for link{untangle_step_rotate_2side}
| ^
Flavors: r-devel-linux-x86_64-debian-clang, r-devel-linux-x86_64-debian-gcc, r-devel-linux-x86_64-fedora-clang, r-devel-linux-x86_64-fedora-gcc, r-devel-windows-x86_64, r-patched-linux-x86_64, r-release-linux-x86_64, r-release-macos-arm64, r-release-windows-x86_64
Version: 1.17.1
Check: installed package size
Result: NOTE
installed size is 5.4Mb
sub-directories of 1Mb or more:
doc 4.2Mb
Flavors: r-devel-linux-x86_64-fedora-clang, r-devel-windows-x86_64, r-release-macos-arm64, r-release-windows-x86_64, r-oldrel-macos-arm64, r-oldrel-macos-x86_64, r-oldrel-windows-x86_64
Version: 1.17.1
Check: package dependencies
Result: NOTE
Package which this enhances but not available for checking: ‘WGCNA’
Flavor: r-oldrel-macos-arm64
Version: 1.17.1
Check: Rd cross-references
Result: NOTE
Package unavailable to check Rd xrefs: ‘WGCNA’
Flavor: r-oldrel-macos-arm64
These binaries (installable software) and packages are in development.
They may not be fully stable and should be used with caution. We make no claims about them.
Health stats visible at Monitor.