CRAN Package Check Results for Package decisionSupport

Last updated on 2025-02-23 15:49:40 CET.

Flavor Version Tinstall Tcheck Ttotal Status Flags
r-devel-linux-x86_64-debian-clang 1.114 20.14 208.21 228.35 NOTE
r-devel-linux-x86_64-debian-gcc 1.114 14.57 147.29 161.86 NOTE
r-devel-linux-x86_64-fedora-clang 1.114 362.55 OK
r-devel-linux-x86_64-fedora-gcc 1.114 351.28 OK
r-devel-macos-arm64 1.114 103.00 OK
r-devel-macos-x86_64 1.114 168.00 OK
r-devel-windows-x86_64 1.114 21.00 207.00 228.00 NOTE
r-patched-linux-x86_64 1.114 23.45 194.86 218.31 OK
r-release-linux-x86_64 1.114 17.51 193.16 210.67 OK
r-release-macos-arm64 1.114 69.00 OK
r-release-macos-x86_64 1.114 139.00 OK
r-release-windows-x86_64 1.114 20.00 203.00 223.00 OK
r-oldrel-macos-arm64 1.114 77.00 OK
r-oldrel-macos-x86_64 1.114 133.00 OK
r-oldrel-windows-x86_64 1.114 22.00 255.00 277.00 OK

Check Details

Version: 1.114
Check: Rd cross-references
Result: NOTE Found the following Rd file(s) with Rd \link{} targets missing package anchors: plot_cashflow.Rd: ggplot2 Please provide package anchors for all Rd \link{} targets not in the package itself and the base packages. Flavors: r-devel-linux-x86_64-debian-clang, r-devel-linux-x86_64-debian-gcc, r-devel-windows-x86_64

These binaries (installable software) and packages are in development.
They may not be fully stable and should be used with caution. We make no claims about them.
Health stats visible at Monitor.