CRAN Package Check Results for Package deTS

Last updated on 2025-05-11 01:49:32 CEST.

Flavor Version Tinstall Tcheck Ttotal Status Flags
r-devel-linux-x86_64-debian-clang 1.0 4.05 58.02 62.07 NOTE
r-devel-linux-x86_64-debian-gcc 1.0 2.85 41.04 43.89 NOTE
r-devel-linux-x86_64-fedora-clang 1.0 81.92 NOTE
r-devel-linux-x86_64-fedora-gcc 1.0 93.10 NOTE
r-devel-windows-x86_64 1.0 6.00 83.00 89.00 OK
r-patched-linux-x86_64 1.0 3.67 56.23 59.90 OK
r-release-linux-x86_64 1.0 2.85 55.73 58.58 OK
r-release-macos-arm64 1.0 38.00 OK
r-release-macos-x86_64 1.0 58.00 OK
r-release-windows-x86_64 1.0 6.00 81.00 87.00 OK
r-oldrel-macos-arm64 1.0 32.00 OK
r-oldrel-macos-x86_64 1.0 45.00 OK
r-oldrel-windows-x86_64 1.0 7.00 92.00 99.00 OK

Check Details

Version: 1.0
Check: CRAN incoming feasibility
Result: NOTE Maintainer: ‘Guangsheng Pei <peiguangsheng@gmail.com>’ No Authors@R field in DESCRIPTION. Please add one, modifying Authors@R: person(given = "Guangsheng", family = "Pei", role = c("aut", "cre"), email = "peiguangsheng@gmail.com") as necessary. Found the following \keyword or \concept entries which likely give several index terms: File ‘deTS-package.Rd’: \keyword{ deTS; TSEA } Flavors: r-devel-linux-x86_64-debian-clang, r-devel-linux-x86_64-debian-gcc

Version: 1.0
Check: dependencies in R code
Result: NOTE Namespace in Imports field not imported from: ‘RColorBrewer’ All declared Imports should be used. Flavors: r-devel-linux-x86_64-fedora-clang, r-devel-linux-x86_64-fedora-gcc

These binaries (installable software) and packages are in development.
They may not be fully stable and should be used with caution. We make no claims about them.
Health stats visible at Monitor.