CRAN Package Check Results for Package ddpca

Last updated on 2025-05-17 15:50:40 CEST.

Flavor Version Tinstall Tcheck Ttotal Status Flags
r-devel-linux-x86_64-debian-clang 1.1 6.79 76.19 82.98 NOTE
r-devel-linux-x86_64-debian-gcc 1.1 5.14 54.99 60.13 NOTE
r-devel-linux-x86_64-fedora-clang 1.1 128.76 OK
r-devel-linux-x86_64-fedora-gcc 1.1 125.30 OK
r-devel-windows-x86_64 1.1 8.00 82.00 90.00 OK
r-patched-linux-x86_64 1.1 7.14 71.55 78.69 OK
r-release-linux-x86_64 1.1 6.20 71.20 77.40 OK
r-release-macos-arm64 1.1 39.00 OK
r-release-macos-x86_64 1.1 85.00 OK
r-release-windows-x86_64 1.1 9.00 85.00 94.00 OK
r-oldrel-macos-arm64 1.1 35.00 OK
r-oldrel-macos-x86_64 1.1 53.00 OK
r-oldrel-windows-x86_64 1.1 11.00 102.00 113.00 OK

Check Details

Version: 1.1
Check: CRAN incoming feasibility
Result: NOTE Maintainer: ‘Fan Yang <fyang1@uchicago.edu>’ The Description field contains <arXiv:1906.00051>) by decomposing a large covariance matrix into a Please refer to arXiv e-prints via their arXiv DOI <doi:10.48550/arXiv.YYMM.NNNNN>. Flavors: r-devel-linux-x86_64-debian-clang, r-devel-linux-x86_64-debian-gcc

These binaries (installable software) and packages are in development.
They may not be fully stable and should be used with caution. We make no claims about them.
Health stats visible at Monitor.