Last updated on 2025-02-23 15:49:40 CET.
Flavor | Version | Tinstall | Tcheck | Ttotal | Status | Flags |
---|---|---|---|---|---|---|
r-devel-linux-x86_64-debian-clang | 2.2.2 | 13.68 | 96.23 | 109.91 | NOTE | |
r-devel-linux-x86_64-debian-gcc | 2.2.2 | 8.52 | 68.78 | 77.30 | NOTE | |
r-devel-linux-x86_64-fedora-clang | 2.2.2 | 178.36 | NOTE | |||
r-devel-linux-x86_64-fedora-gcc | 2.2.2 | 180.06 | NOTE | |||
r-devel-macos-arm64 | 2.2.2 | 73.00 | NOTE | |||
r-devel-macos-x86_64 | 2.2.2 | 130.00 | NOTE | |||
r-devel-windows-x86_64 | 2.2.2 | 14.00 | 148.00 | 162.00 | NOTE | |
r-patched-linux-x86_64 | 2.2.2 | 17.66 | 91.10 | 108.76 | NOTE | |
r-release-linux-x86_64 | 2.2.2 | 10.96 | 90.18 | 101.14 | NOTE | |
r-release-macos-arm64 | 2.2.2 | 70.00 | NOTE | |||
r-release-macos-x86_64 | 2.2.2 | 98.00 | NOTE | |||
r-release-windows-x86_64 | 2.2.2 | 16.00 | 135.00 | 151.00 | NOTE | |
r-oldrel-macos-arm64 | 2.2.2 | 68.00 | OK | |||
r-oldrel-macos-x86_64 | 2.2.2 | 101.00 | OK | |||
r-oldrel-windows-x86_64 | 2.2.2 | 18.00 | 153.00 | 171.00 | OK |
Version: 2.2.2
Check: Rd files
Result: NOTE
checkRd: (-1) AuthenticationManager-class.Rd:43: Lost braces in \itemize; meant \describe ?
checkRd: (-1) AuthenticationManager-class.Rd:44: Lost braces in \itemize; meant \describe ?
checkRd: (-1) AuthenticationManager-class.Rd:45: Lost braces in \itemize; meant \describe ?
checkRd: (-1) AuthenticationManager-class.Rd:46: Lost braces in \itemize; meant \describe ?
checkRd: (-1) AuthenticationManager-class.Rd:47: Lost braces in \itemize; meant \describe ?
checkRd: (-1) AuthenticationManager-class.Rd:48: Lost braces in \itemize; meant \describe ?
checkRd: (-1) AuthenticationManager-class.Rd:49: Lost braces in \itemize; meant \describe ?
checkRd: (-1) AuthenticationManager-class.Rd:50: Lost braces in \itemize; meant \describe ?
checkRd: (-1) AuthenticationManager-class.Rd:51: Lost braces in \itemize; meant \describe ?
checkRd: (-1) AuthenticationManager-class.Rd:52: Lost braces in \itemize; meant \describe ?
checkRd: (-1) AuthenticationManager-class.Rd:53: Lost braces in \itemize; meant \describe ?
checkRd: (-1) AuthenticationManager-class.Rd:54: Lost braces in \itemize; meant \describe ?
checkRd: (-1) AuthenticationManager-class.Rd:55: Lost braces in \itemize; meant \describe ?
checkRd: (-1) AuthenticationManager-class.Rd:61: Lost braces
61 | \code{\link{dataone}}{ package description.}
| ^
checkRd: (-1) CNode-class.Rd:23: Lost braces in \itemize; meant \describe ?
checkRd: (-1) CNode-class.Rd:24: Lost braces in \itemize; meant \describe ?
checkRd: (-1) CNode-class.Rd:25: Lost braces in \itemize; meant \describe ?
checkRd: (-1) CNode-class.Rd:26: Lost braces in \itemize; meant \describe ?
checkRd: (-1) CNode-class.Rd:27: Lost braces in \itemize; meant \describe ?
checkRd: (-1) CNode-class.Rd:28: Lost braces in \itemize; meant \describe ?
checkRd: (-1) CNode-class.Rd:29: Lost braces in \itemize; meant \describe ?
checkRd: (-1) CNode-class.Rd:30: Lost braces in \itemize; meant \describe ?
checkRd: (-1) CNode-class.Rd:31: Lost braces in \itemize; meant \describe ?
checkRd: (-1) CNode-class.Rd:32: Lost braces in \itemize; meant \describe ?
checkRd: (-1) CNode-class.Rd:33: Lost braces in \itemize; meant \describe ?
checkRd: (-1) CNode-class.Rd:34: Lost braces in \itemize; meant \describe ?
checkRd: (-1) CNode-class.Rd:35: Lost braces in \itemize; meant \describe ?
checkRd: (-1) CNode-class.Rd:36: Lost braces in \itemize; meant \describe ?
checkRd: (-1) CNode-class.Rd:37: Lost braces in \itemize; meant \describe ?
checkRd: (-1) CNode-class.Rd:42: Lost braces
42 | \code{\link{dataone}}{ package description.}
| ^
checkRd: (-1) CNode.Rd:36: Lost braces
36 | \code{\link[=CNode-class]{CNode}}{ class description.}
| ^
checkRd: (-1) CertificateManager-class.Rd:52: Lost braces in \itemize; meant \describe ?
checkRd: (-1) CertificateManager-class.Rd:53: Lost braces in \itemize; meant \describe ?
checkRd: (-1) CertificateManager-class.Rd:54: Lost braces in \itemize; meant \describe ?
checkRd: (-1) CertificateManager-class.Rd:55: Lost braces in \itemize; meant \describe ?
checkRd: (-1) CertificateManager-class.Rd:56: Lost braces in \itemize; meant \describe ?
checkRd: (-1) CertificateManager-class.Rd:57: Lost braces in \itemize; meant \describe ?
checkRd: (-1) CertificateManager-class.Rd:58: Lost braces in \itemize; meant \describe ?
checkRd: (-1) CertificateManager-class.Rd:59: Lost braces in \itemize; meant \describe ?
checkRd: (-1) CertificateManager-class.Rd:75: Lost braces
75 | \code{\link{dataone}}{ package description.}
| ^
checkRd: (-1) D1Client-class.Rd:23: Lost braces in \itemize; meant \describe ?
checkRd: (-1) D1Client-class.Rd:24: Lost braces in \itemize; meant \describe ?
checkRd: (-1) D1Client-class.Rd:25: Lost braces in \itemize; meant \describe ?
checkRd: (-1) D1Client-class.Rd:26: Lost braces in \itemize; meant \describe ?
checkRd: (-1) D1Client-class.Rd:27: Lost braces in \itemize; meant \describe ?
checkRd: (-1) D1Client-class.Rd:28: Lost braces in \itemize; meant \describe ?
checkRd: (-1) D1Client-class.Rd:29: Lost braces in \itemize; meant \describe ?
checkRd: (-1) D1Client-class.Rd:30: Lost braces in \itemize; meant \describe ?
checkRd: (-1) D1Client-class.Rd:31: Lost braces in \itemize; meant \describe ?
checkRd: (-1) D1Client-class.Rd:32: Lost braces in \itemize; meant \describe ?
checkRd: (-1) D1Client-class.Rd:33: Lost braces in \itemize; meant \describe ?
checkRd: (-1) D1Client-class.Rd:34: Lost braces in \itemize; meant \describe ?
checkRd: (-1) D1Client-class.Rd:35: Lost braces in \itemize; meant \describe ?
checkRd: (-1) D1Client-class.Rd:36: Lost braces in \itemize; meant \describe ?
checkRd: (-1) D1Client-class.Rd:41: Lost braces
41 | \code{\link{dataone}}{ package description.}
| ^
checkRd: (-1) D1Client-initialize.Rd:37: Lost braces
37 | \code{\link[=D1Client-class]{dataone}}{ class description.}
| ^
checkRd: (-1) D1Client.Rd:48: Lost braces
48 | \code{\link[=D1Client-class]{D1Client}}{ class description.}
| ^
checkRd: (-1) D1Node-class.Rd:44: Lost braces in \itemize; meant \describe ?
checkRd: (-1) D1Node-class.Rd:45: Lost braces in \itemize; meant \describe ?
checkRd: (-1) D1Node-class.Rd:46: Lost braces in \itemize; meant \describe ?
checkRd: (-1) D1Node-class.Rd:47: Lost braces in \itemize; meant \describe ?
checkRd: (-1) D1Node-class.Rd:48: Lost braces in \itemize; meant \describe ?
checkRd: (-1) D1Node-class.Rd:49: Lost braces in \itemize; meant \describe ?
checkRd: (-1) D1Node-class.Rd:50: Lost braces in \itemize; meant \describe ?
checkRd: (-1) D1Node-class.Rd:51: Lost braces in \itemize; meant \describe ?
checkRd: (-1) D1Node-class.Rd:52: Lost braces in \itemize; meant \describe ?
checkRd: (-1) D1Node-class.Rd:53: Lost braces in \itemize; meant \describe ?
checkRd: (-1) D1Node-class.Rd:54: Lost braces in \itemize; meant \describe ?
checkRd: (-1) D1Node-class.Rd:55: Lost braces in \itemize; meant \describe ?
checkRd: (-1) D1Node-class.Rd:56: Lost braces in \itemize; meant \describe ?
checkRd: (-1) D1Node-class.Rd:57: Lost braces in \itemize; meant \describe ?
checkRd: (-1) D1Object-class.Rd:20: Lost braces in \itemize; meant \describe ?
checkRd: (-1) D1Object-class.Rd:21: Lost braces in \itemize; meant \describe ?
checkRd: (-1) D1Object-class.Rd:22: Lost braces in \itemize; meant \describe ?
checkRd: (-1) D1Object-class.Rd:23: Lost braces in \itemize; meant \describe ?
checkRd: (-1) D1Object-class.Rd:24: Lost braces in \itemize; meant \describe ?
checkRd: (-1) D1Object-class.Rd:25: Lost braces in \itemize; meant \describe ?
checkRd: (-1) D1Object-class.Rd:26: Lost braces in \itemize; meant \describe ?
checkRd: (-1) D1Object-class.Rd:31: Lost braces
31 | \code{\link{dataone}}{ package description.}
| ^
checkRd: (-1) D1Object-initialize.Rd:25: Lost braces
25 | \code{\link[=D1Object-class]{D1Object}}{ class description.}
| ^
checkRd: (-1) D1Object.Rd:19: Lost braces
19 | \code{\link[=D1Object-class]{D1Object}}{ class description.}
| ^
checkRd: (-1) MNode-class.Rd:33: Lost braces in \itemize; meant \describe ?
checkRd: (-1) MNode-class.Rd:34: Lost braces in \itemize; meant \describe ?
checkRd: (-1) MNode-class.Rd:35: Lost braces in \itemize; meant \describe ?
checkRd: (-1) MNode-class.Rd:36: Lost braces in \itemize; meant \describe ?
checkRd: (-1) MNode-class.Rd:37: Lost braces in \itemize; meant \describe ?
checkRd: (-1) MNode-class.Rd:38: Lost braces in \itemize; meant \describe ?
checkRd: (-1) MNode-class.Rd:39: Lost braces in \itemize; meant \describe ?
checkRd: (-1) MNode-class.Rd:40: Lost braces in \itemize; meant \describe ?
checkRd: (-1) MNode-class.Rd:73: Lost braces
73 | \code{\link{dataone}}{ package description.}
| ^
checkRd: (-1) MNode.Rd:37: Lost braces
37 | \code{\link[=MNode-class]{MNode}}{ class description.}
| ^
checkRd: (-1) archive.Rd:69: Lost braces
69 | \code{\link[=D1Node-class]{D1Node}}{ class description.}
| ^
checkRd: (-1) convert.csv.Rd:33: Lost braces
33 | \code{\link[=D1Client-class]{D1Client}}{ class description.}
| ^
checkRd: (-1) createDataPackage.Rd:49: Lost braces
49 | \code{\link[=D1Client-class]{D1Client}}{ class description.}
| ^
checkRd: (-1) d1IdentifierSearch.Rd:34: Lost braces
34 | \code{\link[=D1Client-class]{D1Client}}{ class description.}
| ^
checkRd: (-1) d1SolrQuery.Rd:39: Lost braces
39 | \code{\link[=D1Client-class]{D1Client}}{ class description.}
| ^
checkRd: (-1) dataone-defunct.Rd:13: Lost braces in \itemize; meant \describe ?
checkRd: (-1) dataone-defunct.Rd:15: Lost braces in \itemize; meant \describe ?
checkRd: (-1) dataone-defunct.Rd:16: Lost braces in \itemize; meant \describe ?
checkRd: (-1) dataone-defunct.Rd:17: Lost braces in \itemize; meant \describe ?
checkRd: (-1) dataone-defunct.Rd:18: Lost braces in \itemize; meant \describe ?
checkRd: (-1) dataone-defunct.Rd:19: Lost braces in \itemize; meant \describe ?
checkRd: (-1) dataone-defunct.Rd:20: Lost braces in \itemize; meant \describe ?
checkRd: (-1) dataone-defunct.Rd:21: Lost braces in \itemize; meant \describe ?
checkRd: (-1) dataone-defunct.Rd:22: Lost braces in \itemize; meant \describe ?
checkRd: (-1) dataone-defunct.Rd:24: Lost braces in \itemize; meant \describe ?
checkRd: (-1) dataone-defunct.Rd:26: Lost braces in \itemize; meant \describe ?
checkRd: (-1) dataone-defunct.Rd:27: Lost braces in \itemize; meant \describe ?
checkRd: (-1) dataone-defunct.Rd:28: Lost braces in \itemize; meant \describe ?
checkRd: (-1) dataone-defunct.Rd:29: Lost braces in \itemize; meant \describe ?
checkRd: (-1) dataone-defunct.Rd:30: Lost braces in \itemize; meant \describe ?
checkRd: (-1) dataone-defunct.Rd:31: Lost braces in \itemize; meant \describe ?
checkRd: (-1) dataone-defunct.Rd:32: Lost braces in \itemize; meant \describe ?
checkRd: (-1) dataone-defunct.Rd:33: Lost braces in \itemize; meant \describe ?
checkRd: (-1) dataone-defunct.Rd:35: Lost braces in \itemize; meant \describe ?
checkRd: (-1) dataone-defunct.Rd:37: Lost braces in \itemize; meant \describe ?
checkRd: (-1) dataone-defunct.Rd:38: Lost braces in \itemize; meant \describe ?
checkRd: (-1) dataone-defunct.Rd:39: Lost braces in \itemize; meant \describe ?
checkRd: (-1) dataone-defunct.Rd:41: Lost braces in \itemize; meant \describe ?
checkRd: (-1) dataone-defunct.Rd:43: Lost braces in \itemize; meant \describe ?
checkRd: (-1) dataone-defunct.Rd:44: Lost braces in \itemize; meant \describe ?
checkRd: (-1) dataone-defunct.Rd:45: Lost braces in \itemize; meant \describe ?
checkRd: (-1) dataone-defunct.Rd:46: Lost braces in \itemize; meant \describe ?
checkRd: (-1) dataone-defunct.Rd:47: Lost braces in \itemize; meant \describe ?
checkRd: (-1) dataone-defunct.Rd:48: Lost braces in \itemize; meant \describe ?
checkRd: (-1) dataone-defunct.Rd:49: Lost braces in \itemize; meant \describe ?
checkRd: (-1) dataone-defunct.Rd:50: Lost braces in \itemize; meant \describe ?
checkRd: (-1) dataone-defunct.Rd:51: Lost braces in \itemize; meant \describe ?
checkRd: (-1) dataone-defunct.Rd:52: Lost braces in \itemize; meant \describe ?
checkRd: (-1) dataone-deprecated.Rd:13: Lost braces in \itemize; meant \describe ?
checkRd: (-1) dataone-deprecated.Rd:14: Lost braces in \itemize; meant \describe ?
checkRd: (-1) dataone-deprecated.Rd:15: Lost braces in \itemize; meant \describe ?
checkRd: (-1) dataone-deprecated.Rd:16: Lost braces in \itemize; meant \describe ?
checkRd: (-1) dataone-deprecated.Rd:17: Lost braces in \itemize; meant \describe ?
checkRd: (-1) dataone-deprecated.Rd:18: Lost braces in \itemize; meant \describe ?
checkRd: (-1) dataone-deprecated.Rd:19: Lost braces in \itemize; meant \describe ?
checkRd: (-1) dataone-deprecated.Rd:20: Lost braces in \itemize; meant \describe ?
checkRd: (-1) dataone-deprecated.Rd:21: Lost braces in \itemize; meant \describe ?
checkRd: (-1) dataone.Rd:18: Lost braces in \itemize; meant \describe ?
checkRd: (-1) dataone.Rd:19: Lost braces in \itemize; meant \describe ?
checkRd: (-1) dataone.Rd:20: Lost braces in \itemize; meant \describe ?
checkRd: (-1) dataone.Rd:21: Lost braces in \itemize; meant \describe ?
checkRd: (-1) dataone.Rd:22: Lost braces in \itemize; meant \describe ?
checkRd: (-1) downloadObject.Rd:51: Lost braces
51 | \code{\link[=D1Client-class]{D1Client}}{ class description.}
| ^
checkRd: (-1) encodeUrlPath.Rd:34: Lost braces
34 | \code{\link[=D1Client-class]{D1Client}}{ class description.}
| ^
checkRd: (-1) encodeUrlQuery.Rd:34: Lost braces
34 | \code{\link[=D1Client-class]{D1Client}}{ class description.}
| ^
checkRd: (-1) getCN.Rd:28: Lost braces
28 | \code{\link[=D1Client-class]{D1Client}}{ class description.}
| ^
checkRd: (-1) getChecksum.Rd:48: Lost braces
48 | \code{\link{D1Node-class}{D1Node}}{ class description.}
| ^
checkRd: (-1) getD1Object.Rd:35: Lost braces
35 | \code{\link[=D1Client-class]{D1Client}}{ class description.}
| ^
checkRd: (-1) getDataObject.Rd:77: Lost braces
77 | \code{\link[=D1Client-class]{D1Client}}{ class description.}
| ^
checkRd: (-1) getDataPackage.Rd:70: Lost braces
70 | \code{\link[=D1Client-class]{D1Client}}{ class description.}
| ^
checkRd: (-1) getEndpoint.Rd:33: Lost braces
33 | \code{\link[=D1Client-class]{D1Client}}{ class description.}
| ^
checkRd: (-1) getFormat.Rd:36: Lost braces
36 | \code{\link[=CNode-class]{CNode}}{ class description.}
| ^
checkRd: (-1) getMN.Rd:35: Lost braces
35 | \code{\link[=D1Client-class]{D1Client}}{ class description.}
| ^
checkRd: (-1) getMNode.Rd:37: Lost braces
37 | \code{\link[=CNode-class]{CNode}}{ class description.}
| ^
checkRd: (-1) getMNodeId.Rd:29: Lost braces
29 | \code{\link[=D1Client-class]{D1Client}}{ class description.}
| ^
checkRd: (-1) getObject.Rd:45: Lost braces
45 | \code{\link{D1Node-class}{D1Node}}{ class description.}
| ^
checkRd: (-1) getPackage.Rd:52: Lost braces
52 | \code{\link[=MNode-class]{MNode}}{ class description.}
| ^
checkRd: (-1) getSystemMetadata.Rd:57: Lost braces
57 | \code{\link[=CNode-class]{CNode}}{ class description.}
| ^
checkRd: (-1) hasReservation.Rd:46: Lost braces
46 | \code{\link[=CNode-class]{CNode}}{ class description.}
| ^
checkRd: (-1) isAuthorized.Rd:50: Lost braces
50 | \code{\link[=CNode-class]{CNode}}{ class description.}
| ^
checkRd: (-1) listFormats.Rd:32: Lost braces
32 | \code{\link[=CNode-class]{CNode}}{ class description.}
| ^
checkRd: (-1) listMemberNodes.Rd:26: Lost braces
26 | \code{\link[=D1Client-class]{D1Client}}{ class description.}
| ^
checkRd: (-1) listNodes.Rd:33: Lost braces
33 | \code{\link[=CNode-class]{CNode}}{ class description.}
| ^
checkRd: (-1) reserveIdentifier.Rd:43: Lost braces
43 | \code{\link[=CNode-class]{CNode}}{ class description.}
| ^
checkRd: (-1) setMNodeId.Rd:27: Lost braces
27 | \code{\link[=D1Client-class]{D1Client}}{ class description.}
| ^
checkRd: (-1) setObsoletedBy.Rd:33: Lost braces
33 | \code{\link[=CNode-class]{CNode}}{ class description.}
| ^
checkRd: (-1) setPublicAccess.Rd:24: Lost braces
24 | \code{\link[=DataObject-class]{DataObject}}{ class description.}
| ^
checkRd: (-1) uploadDataObject.Rd:61: Lost braces
61 | \code{\link[=D1Client-class]{D1Client}}{ class description.}
| ^
checkRd: (-1) uploadDataPackage.Rd:88: Lost braces
88 | \code{\link[=D1Client-class]{D1Client}}{ class description.}
| ^
Flavors: r-devel-linux-x86_64-debian-clang, r-devel-linux-x86_64-debian-gcc, r-devel-linux-x86_64-fedora-clang, r-devel-linux-x86_64-fedora-gcc, r-devel-macos-arm64, r-devel-macos-x86_64, r-devel-windows-x86_64, r-patched-linux-x86_64, r-release-linux-x86_64, r-release-macos-arm64, r-release-macos-x86_64, r-release-windows-x86_64
Version: 2.2.2
Check: Rd cross-references
Result: NOTE
Found the following Rd file(s) with Rd \link{} targets missing package
anchors:
dataone-defunct.Rd: getData, getIdentifier, getFormatId,
setPublicAccess, canRead, addData
setPublicAccess.Rd: DataObject-class
Please provide package anchors for all Rd \link{} targets not in the
package itself and the base packages.
Flavors: r-devel-linux-x86_64-debian-clang, r-devel-linux-x86_64-debian-gcc, r-devel-windows-x86_64
These binaries (installable software) and packages are in development.
They may not be fully stable and should be used with caution. We make no claims about them.
Health stats visible at Monitor.