Last updated on 2025-07-19 13:50:09 CEST.
Flavor | Version | Tinstall | Tcheck | Ttotal | Status | Flags |
---|---|---|---|---|---|---|
r-devel-linux-x86_64-debian-clang | 2.7.20 | 8.49 | 90.90 | 99.39 | OK | |
r-devel-linux-x86_64-debian-gcc | 2.7.20 | 4.55 | 66.50 | 71.05 | OK | |
r-devel-linux-x86_64-fedora-clang | 2.7.20 | 158.66 | OK | |||
r-devel-linux-x86_64-fedora-gcc | 2.7.20 | 170.45 | OK | |||
r-devel-windows-x86_64 | 2.7.19 | 11.00 | 5.00 | 16.00 | ERROR | |
r-patched-linux-x86_64 | 2.7.20 | 7.35 | 86.96 | 94.31 | OK | |
r-release-linux-x86_64 | 2.7.19 | 8.24 | 98.50 | 106.74 | ERROR | |
r-release-macos-arm64 | 2.7.20 | 58.00 | OK | |||
r-release-macos-x86_64 | 2.7.20 | 108.00 | OK | |||
r-release-windows-x86_64 | 2.7.20 | 10.00 | 148.00 | 158.00 | OK | |
r-oldrel-macos-arm64 | 2.7.20 | 66.00 | OK | |||
r-oldrel-macos-x86_64 | 2.7.20 | 107.00 | OK | |||
r-oldrel-windows-x86_64 | 2.7.20 | 14.00 | 182.00 | 196.00 | OK |
Version: 2.7.19
Check: whether package can be installed
Result: ERROR
Installation failed.
Flavor: r-devel-windows-x86_64
Version: 2.7.19
Check: re-building of vignette outputs
Result: ERROR
Error(s) in re-building vignettes:
...
--- re-building ‘dataRetrieval.Rmd’ using rmarkdown
--- finished re-building ‘dataRetrieval.Rmd’
--- re-building ‘qwdata_changes.Rmd’ using rmarkdown
Quitting from qwdata_changes.Rmd:218-220 [unnamed-chunk-10]
~~~~~~~~~~~~~~~~~~~~~~~~~~~~~~~~~~~~~~~~~~~~~~~~~~~~~~~~~~~~~~~~~~~~~~~~~~~~~~~~
<error/rlang_error>
Error in `open.connection()`:
! cannot open the connection
---
Backtrace:
▆
1. ├─readr::read_csv("https://www.epa.gov/system/files/other-files/2024-07/schema_outbound_wqx3.0.csv")
2. │ └─vroom::vroom(...)
3. │ └─vroom:::vroom_(...)
4. ├─base (local) `<fn>`(`<curl>`, "rb")
5. └─base::open.connection(`<curl>`, "rb")
~~~~~~~~~~~~~~~~~~~~~~~~~~~~~~~~~~~~~~~~~~~~~~~~~~~~~~~~~~~~~~~~~~~~~~~~~~~~~~~~
Error: processing vignette 'qwdata_changes.Rmd' failed with diagnostics:
cannot open the connection
--- failed re-building ‘qwdata_changes.Rmd’
SUMMARY: processing the following file failed:
‘qwdata_changes.Rmd’
Error: Vignette re-building failed.
Execution halted
Flavor: r-release-linux-x86_64
These binaries (installable software) and packages are in development.
They may not be fully stable and should be used with caution. We make no claims about them.
Health stats visible at Monitor.