Last updated on 2024-05-02 11:51:17 CEST.
Flavor | Version | Tinstall | Tcheck | Ttotal | Status | Flags |
---|---|---|---|---|---|---|
r-devel-linux-x86_64-debian-clang | 0.51 | 16.47 | 250.34 | 266.81 | OK | |
r-devel-linux-x86_64-debian-gcc | 0.51 | 12.81 | 183.36 | 196.17 | OK | |
r-devel-linux-x86_64-fedora-clang | 0.51 | 345.18 | OK | |||
r-devel-linux-x86_64-fedora-gcc | 0.51 | 338.89 | OK | |||
r-devel-windows-x86_64 | 0.51 | 16.00 | 165.00 | 181.00 | OK | |
r-patched-linux-x86_64 | 0.51 | 10.43 | 239.37 | 249.80 | OK | |
r-release-linux-x86_64 | 0.51 | 10.24 | 240.25 | 250.49 | OK | |
r-release-macos-arm64 | 0.51 | 95.00 | NOTE | |||
r-release-macos-x86_64 | 0.51 | 102.00 | NOTE | |||
r-release-windows-x86_64 | 0.51 | 30.00 | 172.00 | 202.00 | OK | |
r-oldrel-macos-arm64 | 0.51 | 96.00 | OK | |||
r-oldrel-macos-x86_64 | 0.51 | 234.00 | OK | |||
r-oldrel-windows-x86_64 | 0.51 | 41.00 | 230.00 | 271.00 | OK |
Version: 0.51
Check: whether startup messages can be suppressed
Result: NOTE
Error: package or namespace load failed for ‘dartRverse’:
.onAttach failed in attachNamespace() for 'dartRverse', details:
call: utils::packageVersion(pkg)
error: there is no package called ‘dartR.popgen’
Execution halted
It looks like this package (or a package it requires) has a startup
message which cannot be suppressed: see ?packageStartupMessage.
Flavor: r-release-macos-arm64
Version: 0.51
Check: package dependencies
Result: NOTE
Packages suggested but not available for checking:
'dartR.sim', 'dartR.spatial'
Flavor: r-release-macos-x86_64
These binaries (installable software) and packages are in development.
They may not be fully stable and should be used with caution. We make no claims about them.
Health stats visible at Monitor.