Last updated on 2025-05-07 20:49:42 CEST.
Flavor | Version | Tinstall | Tcheck | Ttotal | Status | Flags |
---|---|---|---|---|---|---|
r-devel-linux-x86_64-debian-clang | 1.0-38 | 2.57 | 36.15 | 38.72 | NOTE | |
r-devel-linux-x86_64-debian-gcc | 1.0-38 | 1.94 | 29.08 | 31.02 | NOTE | |
r-devel-linux-x86_64-fedora-clang | 1.0-38 | 58.58 | NOTE | |||
r-devel-linux-x86_64-fedora-gcc | 1.0-38 | 57.41 | NOTE | |||
r-devel-windows-x86_64 | 1.0-38 | 4.00 | 70.00 | 74.00 | NOTE | |
r-patched-linux-x86_64 | 1.0-38 | 2.57 | 34.68 | 37.25 | NOTE | |
r-release-linux-x86_64 | 1.0-38 | 2.50 | 34.74 | 37.24 | NOTE | |
r-release-macos-arm64 | 1.0-38 | 25.00 | NOTE | |||
r-release-macos-x86_64 | 1.0-38 | 42.00 | NOTE | |||
r-release-windows-x86_64 | 1.0-38 | 5.00 | 69.00 | 74.00 | NOTE | |
r-oldrel-macos-arm64 | 1.0-38 | 23.00 | NOTE | |||
r-oldrel-macos-x86_64 | 1.0-38 | 36.00 | NOTE | |||
r-oldrel-windows-x86_64 | 1.0-38 | 3.00 | 78.00 | 81.00 | NOTE |
Version: 1.0-38
Check: CRAN incoming feasibility
Result: NOTE
Maintainer: ‘James Curran <j.curran@auckland.ac.nz>’
No Authors@R field in DESCRIPTION.
Please add one, modifying
Authors@R: c(person(given = "James",
family = "Curran",
role = c("aut", "cre"),
email = "j.curran@auckland.ac.nz"),
person(given = "Danny",
family = "Chang",
role = "aut"))
as necessary.
Flavors: r-devel-linux-x86_64-debian-clang, r-devel-linux-x86_64-debian-gcc
Version: 1.0-38
Check: Rd files
Result: NOTE
checkRd: (-1) formatScientificTeX.Rd:33: Lost braces; missing escapes or markup?
33 | function will return " 3.0\\\\times 10^{2}"
| ^
Flavors: r-devel-linux-x86_64-debian-clang, r-devel-linux-x86_64-debian-gcc, r-devel-linux-x86_64-fedora-clang, r-devel-linux-x86_64-fedora-gcc, r-devel-windows-x86_64, r-patched-linux-x86_64, r-release-linux-x86_64, r-release-macos-arm64, r-release-macos-x86_64, r-release-windows-x86_64, r-oldrel-macos-arm64, r-oldrel-macos-x86_64, r-oldrel-windows-x86_64
These binaries (installable software) and packages are in development.
They may not be fully stable and should be used with caution. We make no claims about them.
Health stats visible at Monitor.