Last updated on 2025-11-21 07:49:32 CET.
| Flavor | Version | Tinstall | Tcheck | Ttotal | Status | Flags |
|---|---|---|---|---|---|---|
| r-devel-linux-x86_64-debian-clang | 3.2.32 | 16.71 | 154.62 | 171.33 | OK | |
| r-devel-linux-x86_64-debian-gcc | 3.2.32 | 10.68 | 104.48 | 115.16 | OK | |
| r-devel-linux-x86_64-fedora-clang | 3.2.32 | 34.00 | 221.43 | 255.43 | OK | |
| r-devel-linux-x86_64-fedora-gcc | 3.2.32 | 68.00 | 216.19 | 284.19 | OK | |
| r-devel-windows-x86_64 | 3.2.32 | 20.00 | 173.00 | 193.00 | NOTE | |
| r-patched-linux-x86_64 | 3.2.32 | 20.02 | 138.16 | 158.18 | OK | |
| r-release-linux-x86_64 | 3.2.32 | 14.74 | 136.24 | 150.98 | OK | |
| r-release-macos-arm64 | 3.2.32 | OK | ||||
| r-release-macos-x86_64 | 3.2.32 | 13.00 | 93.00 | 106.00 | OK | |
| r-release-windows-x86_64 | 3.2.32 | 20.00 | 174.00 | 194.00 | OK | |
| r-oldrel-macos-arm64 | 3.2.32 | OK | ||||
| r-oldrel-macos-x86_64 | 3.2.32 | 12.00 | 98.00 | 110.00 | OK | |
| r-oldrel-windows-x86_64 | 3.2.32 | 25.00 | 210.00 | 235.00 | OK |
Version: 3.2.32
Check: Rd files
Result: NOTE
checkRd: (-1) dae-package.Rd:17-392: Only 2 columns allowed in this table (row 1 has 1)
checkRd: (-1) dae-package.Rd:17-392: Only 2 columns allowed in this table (row 2 has 1)
checkRd: (-1) dae-package.Rd:17-392: Only 2 columns allowed in this table (row 24 has 1)
checkRd: (-1) dae-package.Rd:17-392: Only 2 columns allowed in this table (row 25 has 1)
checkRd: (-1) dae-package.Rd:17-392: Only 2 columns allowed in this table (row 26 has 1)
checkRd: (-1) dae-package.Rd:17-392: Only 2 columns allowed in this table (row 27 has 1)
checkRd: (-1) dae-package.Rd:17-392: Only 2 columns allowed in this table (row 28 has 1)
checkRd: (-1) dae-package.Rd:17-392: Only 2 columns allowed in this table (row 38 has 1)
checkRd: (-1) dae-package.Rd:17-392: Only 2 columns allowed in this table (row 39 has 1)
checkRd: (-1) dae-package.Rd:17-392: Only 2 columns allowed in this table (row 40 has 1)
checkRd: (-1) dae-package.Rd:17-392: Only 2 columns allowed in this table (row 54 has 1)
checkRd: (-1) dae-package.Rd:17-392: Only 2 columns allowed in this table (row 55 has 1)
checkRd: (-1) dae-package.Rd:17-392: Only 2 columns allowed in this table (row 56 has 1)
checkRd: (-1) dae-package.Rd:17-392: Only 2 columns allowed in this table (row 64 has 1)
checkRd: (-1) dae-package.Rd:17-392: Only 2 columns allowed in this table (row 65 has 1)
checkRd: (-1) dae-package.Rd:17-392: Only 2 columns allowed in this table (row 66 has 1)
checkRd: (-1) dae-package.Rd:17-392: Only 2 columns allowed in this table (row 67 has 1)
checkRd: (-1) dae-package.Rd:17-392: Only 2 columns allowed in this table (row 68 has 1)
checkRd: (-1) dae-package.Rd:17-392: Only 2 columns allowed in this table (row 75 has 1)
checkRd: (-1) dae-package.Rd:17-392: Only 2 columns allowed in this table (row 76 has 1)
checkRd: (-1) dae-package.Rd:17-392: Only 2 columns allowed in this table (row 77 has 1)
checkRd: (-1) dae-package.Rd:17-392: Only 2 columns allowed in this table (row 88 has 1)
checkRd: (-1) dae-package.Rd:17-392: Only 2 columns allowed in this table (row 89 has 1)
checkRd: (-1) dae-package.Rd:17-392: Only 2 columns allowed in this table (row 90 has 1)
checkRd: (-1) dae-package.Rd:17-392: Only 2 columns allowed in this table (row 108 has 1)
checkRd: (-1) dae-package.Rd:17-392: Only 2 columns allowed in this table (row 109 has 1)
checkRd: (-1) dae-package.Rd:17-392: Only 2 columns allowed in this table (row 110 has 1)
checkRd: (-1) dae-package.Rd:17-392: Only 2 columns allowed in this table (row 122 has 1)
checkRd: (-1) dae-package.Rd:17-392: Only 2 columns allowed in this table (row 123 has 1)
checkRd: (-1) dae-package.Rd:17-392: Only 2 columns allowed in this table (row 124 has 1)
checkRd: (-1) dae-package.Rd:17-392: Only 2 columns allowed in this table (row 125 has 1)
checkRd: (-1) dae-package.Rd:17-392: Only 2 columns allowed in this table (row 126 has 1)
checkRd: (-1) dae-package.Rd:17-392: Only 2 columns allowed in this table (row 135 has 1)
checkRd: (-1) dae-package.Rd:17-392: Only 2 columns allowed in this table (row 136 has 1)
checkRd: (-1) dae-package.Rd:17-392: Only 2 columns allowed in this table (row 137 has 1)
checkRd: (-1) dae-package.Rd:17-392: Only 2 columns allowed in this table (row 138 has 1)
checkRd: (-1) dae-package.Rd:17-392: Only 2 columns allowed in this table (row 146 has 1)
checkRd: (-1) dae-package.Rd:17-392: Only 2 columns allowed in this table (row 147 has 1)
checkRd: (-1) dae-package.Rd:17-392: Only 2 columns allowed in this table (row 148 has 1)
checkRd: (-1) dae-package.Rd:17-392: Only 2 columns allowed in this table (row 149 has 1)
checkRd: (-1) dae-package.Rd:17-392: Only 2 columns allowed in this table (row 156 has 1)
checkRd: (-1) dae-package.Rd:17-392: Only 2 columns allowed in this table (row 157 has 1)
checkRd: (-1) dae-package.Rd:17-392: Only 2 columns allowed in this table (row 158 has 1)
checkRd: (-1) dae-package.Rd:17-392: Only 2 columns allowed in this table (row 163 has 1)
checkRd: (-1) dae-package.Rd:17-392: Only 2 columns allowed in this table (row 164 has 1)
checkRd: (-1) dae-package.Rd:17-392: Only 2 columns allowed in this table (row 165 has 1)
checkRd: (-1) dae-package.Rd:17-392: Only 2 columns allowed in this table (row 181 has 1)
checkRd: (-1) dae-package.Rd:17-392: Only 2 columns allowed in this table (row 182 has 1)
checkRd: (-1) dae-package.Rd:17-392: Only 2 columns allowed in this table (row 183 has 1)
checkRd: (-1) dae-package.Rd:17-392: Only 2 columns allowed in this table (row 184 has 1)
checkRd: (-1) dae-package.Rd:17-392: Only 2 columns allowed in this table (row 185 has 1)
checkRd: (-1) dae-package.Rd:17-392: Only 2 columns allowed in this table (row 186 has 1)
checkRd: (-1) dae-package.Rd:17-392: Only 2 columns allowed in this table (row 195 has 1)
checkRd: (-1) dae-package.Rd:17-392: Only 2 columns allowed in this table (row 196 has 1)
checkRd: (-1) dae-package.Rd:17-392: Only 2 columns allowed in this table (row 197 has 1)
checkRd: (-1) dae-package.Rd:17-392: Only 2 columns allowed in this table (row 207 has 1)
checkRd: (-1) dae-package.Rd:17-392: Only 2 columns allowed in this table (row 208 has 1)
checkRd: (-1) dae-package.Rd:17-392: Only 2 columns allowed in this table (row 209 has 1)
checkRd: (-1) dae-package.Rd:17-392: Only 2 columns allowed in this table (row 219 has 1)
checkRd: (-1) dae-package.Rd:17-392: Only 2 columns allowed in this table (row 220 has 1)
checkRd: (-1) dae-package.Rd:17-392: Only 2 columns allowed in this table (row 221 has 1)
checkRd: (-1) dae-package.Rd:17-392: Only 2 columns allowed in this table (row 231 has 1)
checkRd: (-1) dae-package.Rd:17-392: Only 2 columns allowed in this table (row 232 has 1)
checkRd: (-1) dae-package.Rd:17-392: Only 2 columns allowed in this table (row 245 has 1)
checkRd: (-1) dae-package.Rd:17-392: Only 2 columns allowed in this table (row 246 has 1)
checkRd: (-1) dae-package.Rd:17-392: Only 2 columns allowed in this table (row 247 has 1)
Flavor: r-devel-windows-x86_64
These binaries (installable software) and packages are in development.
They may not be fully stable and should be used with caution. We make no claims about them.
Health stats visible at Monitor.