Last updated on 2024-05-02 06:11:46 CEST.
Flavor | Version | Tinstall | Tcheck | Ttotal | Status | Flags |
---|---|---|---|---|---|---|
r-devel-linux-x86_64-debian-clang | 1.0.2 | 4.60 | 40.01 | 44.61 | ERROR | |
r-devel-linux-x86_64-debian-gcc | 1.0.2 | 3.65 | 31.19 | 34.84 | NOTE | |
r-devel-linux-x86_64-fedora-clang | 1.0.2 | 57.64 | NOTE | |||
r-devel-linux-x86_64-fedora-gcc | 1.0.2 | 53.59 | NOTE | |||
r-devel-windows-x86_64 | 1.0.2 | 5.00 | 51.00 | 56.00 | NOTE | |
r-patched-linux-x86_64 | 1.0.2 | 4.74 | 39.71 | 44.45 | NOTE | |
r-release-linux-x86_64 | 1.0.2 | 2.99 | 38.96 | 41.95 | ERROR | |
r-release-macos-arm64 | 1.0.2 | 29.00 | NOTE | |||
r-release-windows-x86_64 | 1.0.2 | 5.00 | 51.00 | 56.00 | NOTE | |
r-oldrel-macos-arm64 | 1.0.2 | 24.00 | NOTE | |||
r-oldrel-macos-x86_64 | 1.0.2 | 33.00 | NOTE | |||
r-oldrel-windows-x86_64 | 1.0.2 | 6.00 | 55.00 | 61.00 | NOTE |
Version: 1.0.2
Check: LazyData
Result: NOTE
'LazyData' is specified without a 'data' directory
Flavors: r-devel-linux-x86_64-debian-clang, r-devel-linux-x86_64-debian-gcc, r-devel-linux-x86_64-fedora-clang, r-devel-linux-x86_64-fedora-gcc, r-devel-windows-x86_64, r-patched-linux-x86_64, r-release-linux-x86_64, r-release-macos-arm64, r-release-windows-x86_64, r-oldrel-macos-arm64, r-oldrel-macos-x86_64, r-oldrel-windows-x86_64
Version: 1.0.2
Check: examples
Result: ERROR
Running examples in ‘dadjokeapi-Ex.R’ failed
The error most likely occurred in:
> base::assign(".ptime", proc.time(), pos = "CheckExEnv")
> ### Name: groan
> ### Title: Function to return random dad joke
> ### Aliases: groan
>
> ### ** Examples
>
> groan(sting = FALSE)
Error in curl::curl_fetch_memory(url, handle = handle) :
Failed writing received data to disk/application
Calls: groan ... request_fetch -> request_fetch.write_memory -> <Anonymous>
Execution halted
Flavors: r-devel-linux-x86_64-debian-clang, r-release-linux-x86_64
These binaries (installable software) and packages are in development.
They may not be fully stable and should be used with caution. We make no claims about them.
Health stats visible at Monitor.