Last updated on 2025-02-23 15:49:40 CET.
Flavor | Version | Tinstall | Tcheck | Ttotal | Status | Flags |
---|---|---|---|---|---|---|
r-devel-linux-x86_64-debian-clang | 0.7 | 2.11 | 19.13 | 21.24 | NOTE | |
r-devel-linux-x86_64-debian-gcc | 0.7 | 1.67 | 15.35 | 17.02 | NOTE | |
r-devel-linux-x86_64-fedora-clang | 0.7 | 33.57 | NOTE | |||
r-devel-linux-x86_64-fedora-gcc | 0.7 | 32.57 | NOTE | |||
r-devel-macos-arm64 | 0.7 | 15.00 | NOTE | |||
r-devel-macos-x86_64 | 0.7 | 25.00 | NOTE | |||
r-devel-windows-x86_64 | 0.7 | 3.00 | 42.00 | 45.00 | NOTE | |
r-patched-linux-x86_64 | 0.7 | 1.64 | 18.10 | 19.74 | NOTE | |
r-release-linux-x86_64 | 0.7 | 1.59 | 18.17 | 19.76 | NOTE | |
r-release-macos-arm64 | 0.7 | 14.00 | NOTE | |||
r-release-macos-x86_64 | 0.7 | 22.00 | NOTE | |||
r-release-windows-x86_64 | 0.7 | 3.00 | 40.00 | 43.00 | NOTE | |
r-oldrel-macos-arm64 | 0.7 | 17.00 | OK | |||
r-oldrel-macos-x86_64 | 0.7 | 22.00 | OK | |||
r-oldrel-windows-x86_64 | 0.7 | 4.00 | 39.00 | 43.00 | OK |
Version: 0.7
Check: Rd files
Result: NOTE
checkRd: (-1) fpiter.Rd:55-58: Lost braces
55 | \code{tol}{ A small, positive scalar that determines when iterations
| ^
checkRd: (-1) fpiter.Rd:60-61: Lost braces
60 | \code{maxiter}{ An integer denoting the maximum limit on the number of
| ^
checkRd: (-1) fpiter.Rd:63-65: Lost braces
63 | \code{trace}{ A logical variable denoting whether some of the intermediate
| ^
Flavors: r-devel-linux-x86_64-debian-clang, r-devel-linux-x86_64-debian-gcc, r-devel-linux-x86_64-fedora-clang, r-devel-linux-x86_64-fedora-gcc, r-devel-macos-arm64, r-devel-macos-x86_64, r-devel-windows-x86_64, r-patched-linux-x86_64, r-release-linux-x86_64, r-release-macos-arm64, r-release-macos-x86_64, r-release-windows-x86_64
These binaries (installable software) and packages are in development.
They may not be fully stable and should be used with caution. We make no claims about them.
Health stats visible at Monitor.