Last updated on 2025-05-17 15:50:40 CEST.
Flavor | Version | Tinstall | Tcheck | Ttotal | Status | Flags |
---|---|---|---|---|---|---|
r-devel-linux-x86_64-debian-clang | 2.1 | 10.32 | 28.41 | 38.73 | NOTE | |
r-devel-linux-x86_64-debian-gcc | 2.1 | 7.96 | 21.91 | 29.87 | NOTE | |
r-devel-linux-x86_64-fedora-clang | 2.1 | 67.48 | NOTE | |||
r-devel-linux-x86_64-fedora-gcc | 2.1 | 67.52 | NOTE | |||
r-devel-windows-x86_64 | 2.1 | 14.00 | 66.00 | 80.00 | NOTE | |
r-patched-linux-x86_64 | 2.1 | 11.52 | 26.73 | 38.25 | NOTE | |
r-release-linux-x86_64 | 2.1 | 10.42 | 26.57 | 36.99 | NOTE | |
r-release-macos-arm64 | 2.1 | 23.00 | NOTE | |||
r-release-macos-x86_64 | 2.1 | 38.00 | NOTE | |||
r-release-windows-x86_64 | 2.1 | 14.00 | 64.00 | 78.00 | NOTE | |
r-oldrel-macos-arm64 | 2.1 | 24.00 | NOTE | |||
r-oldrel-macos-x86_64 | 2.1 | 33.00 | NOTE | |||
r-oldrel-windows-x86_64 | 2.1 | 14.00 | 75.00 | 89.00 | NOTE |
Version: 2.1
Check: CRAN incoming feasibility
Result: NOTE
Maintainer: ‘Niklas Pfister <pfister@stat.math.ethz.ch>’
No Authors@R field in DESCRIPTION.
Please add one, modifying
Authors@R: c(person(given = "Niklas",
family = "Pfister",
role = c("aut", "cre"),
email = "pfister@stat.math.ethz.ch"),
person(given = "Jonas",
family = "Peters",
role = "aut"))
as necessary.
Flavors: r-devel-linux-x86_64-debian-clang, r-devel-linux-x86_64-debian-gcc
Version: 2.1
Check: Rd files
Result: NOTE
checkRd: (-1) dHSIC-package.Rd:32: Lost braces
32 | Gretton, A., K. Fukumizu, C. H. Teo, L. Song, B. Sch{\"o}lkopf and
| ^
checkRd: (-1) dHSIC-package.Rd:36: Lost braces
36 | Pfister, N., P. B{\"u}hlmann, B. Sch{\"o}lkopf and J. Peters (2017).
| ^
checkRd: (-1) dHSIC-package.Rd:36: Lost braces
36 | Pfister, N., P. B{\"u}hlmann, B. Sch{\"o}lkopf and J. Peters (2017).
| ^
checkRd: (-1) dhsic.Rd:84: Lost braces
84 | Gretton, A., K. Fukumizu, C. H. Teo, L. Song, B. Sch{\"o}lkopf and
| ^
checkRd: (-1) dhsic.Rd:88: Lost braces
88 | Pfister, N., P. B{\"u}hlmann, B. Sch{\"o}lkopf and J. Peters (2017).
| ^
checkRd: (-1) dhsic.Rd:88: Lost braces
88 | Pfister, N., P. B{\"u}hlmann, B. Sch{\"o}lkopf and J. Peters (2017).
| ^
checkRd: (-1) dhsic.test.Rd:124: Lost braces
124 | Gretton, A., K. Fukumizu, C. H. Teo, L. Song, B. Sch{\"o}lkopf and
| ^
checkRd: (-1) dhsic.test.Rd:128: Lost braces
128 | Pfister, N., P. B{\"u}hlmann, B. Sch{\"o}lkopf and J. Peters (2017).
| ^
checkRd: (-1) dhsic.test.Rd:128: Lost braces
128 | Pfister, N., P. B{\"u}hlmann, B. Sch{\"o}lkopf and J. Peters (2017).
| ^
Flavors: r-devel-linux-x86_64-debian-clang, r-devel-linux-x86_64-debian-gcc, r-devel-linux-x86_64-fedora-clang, r-devel-linux-x86_64-fedora-gcc, r-devel-windows-x86_64, r-patched-linux-x86_64, r-release-linux-x86_64, r-release-macos-arm64, r-release-macos-x86_64, r-release-windows-x86_64, r-oldrel-macos-arm64, r-oldrel-macos-x86_64, r-oldrel-windows-x86_64
These binaries (installable software) and packages are in development.
They may not be fully stable and should be used with caution. We make no claims about them.
Health stats visible at Monitor.