Last updated on 2025-02-23 13:51:09 CET.
Flavor | Version | Tinstall | Tcheck | Ttotal | Status | Flags |
---|---|---|---|---|---|---|
r-devel-linux-x86_64-debian-clang | 2.1 | 10.53 | 27.98 | 38.51 | NOTE | |
r-devel-linux-x86_64-debian-gcc | 2.1 | 8.39 | 20.98 | 29.37 | NOTE | |
r-devel-linux-x86_64-fedora-clang | 2.1 | 68.12 | NOTE | |||
r-devel-linux-x86_64-fedora-gcc | 2.1 | 62.44 | NOTE | |||
r-devel-macos-arm64 | 2.1 | 22.00 | NOTE | |||
r-devel-macos-x86_64 | 2.1 | 37.00 | NOTE | |||
r-devel-windows-x86_64 | 2.1 | 15.00 | 63.00 | 78.00 | NOTE | |
r-patched-linux-x86_64 | 2.1 | 10.87 | 26.29 | 37.16 | NOTE | |
r-release-linux-x86_64 | 2.1 | 11.32 | 25.98 | 37.30 | NOTE | |
r-release-macos-arm64 | 2.1 | 24.00 | NOTE | |||
r-release-macos-x86_64 | 2.1 | 33.00 | NOTE | |||
r-release-windows-x86_64 | 2.1 | 13.00 | 65.00 | 78.00 | NOTE | |
r-oldrel-macos-arm64 | 2.1 | 26.00 | OK | |||
r-oldrel-macos-x86_64 | 2.1 | 38.00 | OK | |||
r-oldrel-windows-x86_64 | 2.1 | 12.00 | 70.00 | 82.00 | OK |
Version: 2.1
Check: Rd files
Result: NOTE
checkRd: (-1) dHSIC-package.Rd:32: Lost braces
32 | Gretton, A., K. Fukumizu, C. H. Teo, L. Song, B. Sch{\"o}lkopf and
| ^
checkRd: (-1) dHSIC-package.Rd:36: Lost braces
36 | Pfister, N., P. B{\"u}hlmann, B. Sch{\"o}lkopf and J. Peters (2017).
| ^
checkRd: (-1) dHSIC-package.Rd:36: Lost braces
36 | Pfister, N., P. B{\"u}hlmann, B. Sch{\"o}lkopf and J. Peters (2017).
| ^
checkRd: (-1) dhsic.Rd:84: Lost braces
84 | Gretton, A., K. Fukumizu, C. H. Teo, L. Song, B. Sch{\"o}lkopf and
| ^
checkRd: (-1) dhsic.Rd:88: Lost braces
88 | Pfister, N., P. B{\"u}hlmann, B. Sch{\"o}lkopf and J. Peters (2017).
| ^
checkRd: (-1) dhsic.Rd:88: Lost braces
88 | Pfister, N., P. B{\"u}hlmann, B. Sch{\"o}lkopf and J. Peters (2017).
| ^
checkRd: (-1) dhsic.test.Rd:124: Lost braces
124 | Gretton, A., K. Fukumizu, C. H. Teo, L. Song, B. Sch{\"o}lkopf and
| ^
checkRd: (-1) dhsic.test.Rd:128: Lost braces
128 | Pfister, N., P. B{\"u}hlmann, B. Sch{\"o}lkopf and J. Peters (2017).
| ^
checkRd: (-1) dhsic.test.Rd:128: Lost braces
128 | Pfister, N., P. B{\"u}hlmann, B. Sch{\"o}lkopf and J. Peters (2017).
| ^
Flavors: r-devel-linux-x86_64-debian-clang, r-devel-linux-x86_64-debian-gcc, r-devel-linux-x86_64-fedora-clang, r-devel-linux-x86_64-fedora-gcc, r-devel-macos-arm64, r-devel-macos-x86_64, r-devel-windows-x86_64, r-patched-linux-x86_64, r-release-linux-x86_64, r-release-macos-arm64, r-release-macos-x86_64, r-release-windows-x86_64
These binaries (installable software) and packages are in development.
They may not be fully stable and should be used with caution. We make no claims about them.
Health stats visible at Monitor.