CRAN Package Check Results for Package dGAselID

Last updated on 2025-05-15 07:49:37 CEST.

Flavor Version Tinstall Tcheck Ttotal Status Flags
r-devel-linux-x86_64-debian-clang 1.2 38.44 296.97 335.41 NOTE
r-devel-linux-x86_64-debian-gcc 1.2 27.09 223.13 250.22 NOTE
r-devel-linux-x86_64-fedora-clang 1.2 555.59 OK
r-devel-linux-x86_64-fedora-gcc 1.2 527.18 OK
r-devel-windows-x86_64 1.2 34.00 246.00 280.00 OK
r-patched-linux-x86_64 1.2 32.93 279.03 311.96 OK
r-release-linux-x86_64 1.2 32.22 280.98 313.20 OK
r-release-macos-arm64 1.2 117.00 OK
r-release-macos-x86_64 16.00 ERROR
r-release-windows-x86_64 1.2 32.00 253.00 285.00 OK
r-oldrel-macos-arm64 1.2 113.00 NOTE
r-oldrel-macos-x86_64 1.2 185.00 NOTE
r-oldrel-windows-x86_64 1.2 33.00 241.00 274.00 NOTE

Check Details

Version: 1.2
Check: CRAN incoming feasibility
Result: NOTE Maintainer: ‘Nicolae Teodor Melita <nt_melita@yahoo.com>’ No Authors@R field in DESCRIPTION. Please add one, modifying Authors@R: person(given = c("Nicolae", "Teodor"), family = "Melita", role = c("aut", "cre"), email = "nt_melita@yahoo.com") as necessary. Flavors: r-devel-linux-x86_64-debian-clang, r-devel-linux-x86_64-debian-gcc

Version: 1.2
Check: package dependencies
Result: ERROR Package required but not available: ‘MLInterfaces’ See section ‘The DESCRIPTION file’ in the ‘Writing R Extensions’ manual. Flavor: r-release-macos-x86_64

Version: 1.2
Check: LazyData
Result: NOTE 'LazyData' is specified without a 'data' directory Flavors: r-oldrel-macos-arm64, r-oldrel-macos-x86_64, r-oldrel-windows-x86_64

These binaries (installable software) and packages are in development.
They may not be fully stable and should be used with caution. We make no claims about them.
Health stats visible at Monitor.