Last updated on 2025-11-02 09:48:32 CET.
| Flavor | Version | Tinstall | Tcheck | Ttotal | Status | Flags |
|---|---|---|---|---|---|---|
| r-devel-linux-x86_64-debian-clang | 0.1.0 | 6.48 | 60.49 | 66.97 | NOTE | |
| r-devel-linux-x86_64-debian-gcc | 0.1.0 | 5.12 | 44.48 | 49.60 | NOTE | |
| r-devel-linux-x86_64-fedora-clang | 0.1.0 | 12.00 | 88.58 | 100.58 | NOTE | |
| r-devel-linux-x86_64-fedora-gcc | 0.1.0 | 17.00 | 83.93 | 100.93 | NOTE | |
| r-devel-windows-x86_64 | 0.1.0 | 8.00 | 71.00 | 79.00 | NOTE | |
| r-patched-linux-x86_64 | 0.1.0 | 6.05 | 56.26 | 62.31 | NOTE | |
| r-release-linux-x86_64 | 0.1.0 | 6.20 | 55.92 | 62.12 | NOTE | |
| r-release-macos-arm64 | 0.1.0 | 3.00 | 24.00 | 27.00 | NOTE | |
| r-release-macos-x86_64 | 0.1.0 | 5.00 | 40.00 | 45.00 | NOTE | |
| r-release-windows-x86_64 | 0.1.0 | 8.00 | 68.00 | 76.00 | NOTE | |
| r-oldrel-macos-arm64 | 0.1.0 | 3.00 | 24.00 | 27.00 | NOTE | |
| r-oldrel-macos-x86_64 | 0.1.0 | 4.00 | 34.00 | 38.00 | NOTE | |
| r-oldrel-windows-x86_64 | 0.1.0 | 11.00 | 87.00 | 98.00 | NOTE |
Version: 0.1.0
Check: Rd files
Result: NOTE
checkRd: (-1) cystiSim-package.Rd:26-46: Only 2 columns allowed in this table (row 1 has 1)
checkRd: (-1) cystiSim-package.Rd:26-46: Only 2 columns allowed in this table (row 4 has 1)
checkRd: (-1) cystiSim-package.Rd:26-46: Only 2 columns allowed in this table (row 5 has 1)
checkRd: (-1) cystiSim-package.Rd:26-46: Only 2 columns allowed in this table (row 9 has 1)
checkRd: (-1) cystiSim-package.Rd:26-46: Only 2 columns allowed in this table (row 10 has 1)
checkRd: (-1) cystiSim-package.Rd:26-46: Only 2 columns allowed in this table (row 15 has 1)
checkRd: (-1) cystiSim-package.Rd:26-46: Only 2 columns allowed in this table (row 16 has 1)
checkRd: (-1) cystiSim-package.Rd:26-46: Only 2 columns allowed in this table (row 20 has 1)
checkRd: (-1) fit.Rd:37: Lost braces in \itemize; meant \describe ?
checkRd: (-1) fit.Rd:38: Lost braces in \itemize; meant \describe ?
checkRd: (-1) fit.Rd:39: Lost braces in \itemize; meant \describe ?
Flavors: r-devel-linux-x86_64-debian-clang, r-devel-linux-x86_64-debian-gcc, r-devel-linux-x86_64-fedora-clang, r-devel-linux-x86_64-fedora-gcc
Version: 0.1.0
Check: Rd files
Result: NOTE
checkRd: (-1) fit.Rd:37: Lost braces in \itemize; meant \describe ?
checkRd: (-1) fit.Rd:38: Lost braces in \itemize; meant \describe ?
checkRd: (-1) fit.Rd:39: Lost braces in \itemize; meant \describe ?
Flavors: r-devel-windows-x86_64, r-patched-linux-x86_64, r-release-linux-x86_64, r-release-macos-arm64, r-release-macos-x86_64, r-release-windows-x86_64, r-oldrel-macos-arm64, r-oldrel-macos-x86_64, r-oldrel-windows-x86_64
These binaries (installable software) and packages are in development.
They may not be fully stable and should be used with caution. We make no claims about them.
Health stats visible at Monitor.