Last updated on 2025-02-08 19:49:16 CET.
Flavor | Version | Tinstall | Tcheck | Ttotal | Status | Flags |
---|---|---|---|---|---|---|
r-devel-linux-x86_64-debian-clang | 0.2.0 | 23.98 | 164.07 | 188.05 | NOTE | |
r-devel-linux-x86_64-debian-gcc | 0.2.0 | 14.38 | 106.73 | 121.11 | NOTE | |
r-devel-linux-x86_64-fedora-clang | 0.2.0 | 316.56 | NOTE | |||
r-devel-linux-x86_64-fedora-gcc | 0.2.0 | 275.77 | NOTE | |||
r-devel-windows-x86_64 | 0.2.0 | 24.00 | 169.00 | 193.00 | NOTE | |
r-patched-linux-x86_64 | 0.2.0 | 28.96 | 148.07 | 177.03 | NOTE | |
r-release-linux-x86_64 | 0.2.0 | 18.55 | 148.37 | 166.92 | NOTE | |
r-release-macos-arm64 | 0.2.0 | 77.00 | NOTE | |||
r-release-macos-x86_64 | 0.2.0 | 118.00 | NOTE | |||
r-release-windows-x86_64 | 0.2.0 | 25.00 | 164.00 | 189.00 | NOTE | |
r-oldrel-macos-arm64 | 0.2.0 | 80.00 | OK | |||
r-oldrel-macos-x86_64 | 0.2.0 | 137.00 | OK | |||
r-oldrel-windows-x86_64 | 0.2.0 | 30.00 | 210.00 | 240.00 | OK |
Version: 0.2.0
Check: Rd files
Result: NOTE
checkRd: (-1) gammamix.Rd:47-48: Lost braces in \itemize; \value handles \item{}{} directly
checkRd: (-1) gammamix.Rd:49-51: Lost braces in \itemize; \value handles \item{}{} directly
checkRd: (-1) gammamix.Rd:52-53: Lost braces in \itemize; \value handles \item{}{} directly
checkRd: (-1) gammamix.Rd:54-55: Lost braces in \itemize; \value handles \item{}{} directly
checkRd: (-1) joint.Rd:41-42: Lost braces in \itemize; \value handles \item{}{} directly
checkRd: (-1) joint.Rd:43-45: Lost braces in \itemize; \value handles \item{}{} directly
checkRd: (-1) joint.Rd:46-47: Lost braces in \itemize; \value handles \item{}{} directly
checkRd: (-1) lnormmix.Rd:44-45: Lost braces in \itemize; \value handles \item{}{} directly
checkRd: (-1) lnormmix.Rd:46-48: Lost braces in \itemize; \value handles \item{}{} directly
checkRd: (-1) lnormmix.Rd:49-50: Lost braces in \itemize; \value handles \item{}{} directly
checkRd: (-1) lnormmix.Rd:51-52: Lost braces in \itemize; \value handles \item{}{} directly
checkRd: (-1) normmix.Rd:43-44: Lost braces in \itemize; \value handles \item{}{} directly
checkRd: (-1) normmix.Rd:45-47: Lost braces in \itemize; \value handles \item{}{} directly
checkRd: (-1) normmix.Rd:48-49: Lost braces in \itemize; \value handles \item{}{} directly
checkRd: (-1) normmix.Rd:50-51: Lost braces in \itemize; \value handles \item{}{} directly
checkRd: (-1) plot_joint_box.Rd:61: Lost braces
61 | and step lengths (code{x}).
| ^
checkRd: (-1) vonmisesmix.Rd:40-41: Lost braces in \itemize; \value handles \item{}{} directly
checkRd: (-1) vonmisesmix.Rd:42-44: Lost braces in \itemize; \value handles \item{}{} directly
checkRd: (-1) vonmisesmix.Rd:45-46: Lost braces in \itemize; \value handles \item{}{} directly
checkRd: (-1) vonmisesmix.Rd:47-48: Lost braces in \itemize; \value handles \item{}{} directly
checkRd: (-1) weibullmix.Rd:44-45: Lost braces in \itemize; \value handles \item{}{} directly
checkRd: (-1) weibullmix.Rd:46-48: Lost braces in \itemize; \value handles \item{}{} directly
checkRd: (-1) weibullmix.Rd:49-50: Lost braces in \itemize; \value handles \item{}{} directly
checkRd: (-1) weibullmix.Rd:51-52: Lost braces in \itemize; \value handles \item{}{} directly
checkRd: (-1) wrappedcauchy.Rd:43-44: Lost braces in \itemize; \value handles \item{}{} directly
checkRd: (-1) wrappedcauchy.Rd:45-47: Lost braces in \itemize; \value handles \item{}{} directly
checkRd: (-1) wrappedcauchy.Rd:48-49: Lost braces in \itemize; \value handles \item{}{} directly
checkRd: (-1) wrappedcauchy.Rd:50-51: Lost braces in \itemize; \value handles \item{}{} directly
Flavors: r-devel-linux-x86_64-debian-clang, r-devel-linux-x86_64-debian-gcc, r-devel-linux-x86_64-fedora-clang, r-devel-linux-x86_64-fedora-gcc, r-devel-windows-x86_64, r-patched-linux-x86_64, r-release-linux-x86_64, r-release-macos-arm64, r-release-macos-x86_64, r-release-windows-x86_64
Version: 0.2.0
Check: Rd cross-references
Result: NOTE
Found the following Rd file(s) with Rd \link{} targets missing package
anchors:
Cramer_vonMises.Rd: Copula-class
Cylcop.Rd: Copula-class
ccylcop.Rd: Copula-class
cyl_copula-class.Rd: Copula-class
cyl_rect_combine-class.Rd: Copula-class
cyl_rect_combine.Rd: Copula-class
cyl_rot_combine-class.Rd: Copula-class
cyl_rot_combine.Rd: Copula-class
fit_cylcop_ml.Rd: Copula-class, fitCopula
full2half_circ.Rd: circular
half2full_circ.Rd: circular
joint.Rd: Copula-class
numerical_conditional_cop.Rd: Copula-class
numerical_inv_conditional_cop.Rd: Copula-class
plot_cop_surf.Rd: Copula-class
wasserstein.Rd: Copula-class
Please provide package anchors for all Rd \link{} targets not in the
package itself and the base packages.
Flavors: r-devel-linux-x86_64-debian-clang, r-devel-linux-x86_64-debian-gcc, r-devel-windows-x86_64
These binaries (installable software) and packages are in development.
They may not be fully stable and should be used with caution. We make no claims about them.
Health stats visible at Monitor.