Last updated on 2025-05-07 21:53:43 CEST.
Flavor | Version | Tinstall | Tcheck | Ttotal | Status | Flags |
---|---|---|---|---|---|---|
r-devel-linux-x86_64-debian-clang | 1.0 | 1.53 | 20.58 | 22.11 | NOTE | |
r-devel-linux-x86_64-debian-gcc | 1.0 | 1.50 | 16.87 | 18.37 | NOTE | |
r-devel-linux-x86_64-fedora-clang | 1.0 | 34.84 | OK | |||
r-devel-linux-x86_64-fedora-gcc | 1.0 | 33.27 | OK | |||
r-devel-windows-x86_64 | 1.0 | 3.00 | 41.00 | 44.00 | OK | |
r-patched-linux-x86_64 | 1.0 | 1.50 | 19.72 | 21.22 | OK | |
r-release-linux-x86_64 | 1.0 | 1.62 | 19.59 | 21.21 | OK | |
r-release-macos-arm64 | 1.0 | 15.00 | OK | |||
r-release-macos-x86_64 | 1.0 | 25.00 | OK | |||
r-release-windows-x86_64 | 1.0 | 3.00 | 46.00 | 49.00 | OK | |
r-oldrel-macos-arm64 | 1.0 | 16.00 | OK | |||
r-oldrel-macos-x86_64 | 1.0 | 23.00 | OK | |||
r-oldrel-windows-x86_64 | 1.0 | 3.00 | 39.00 | 42.00 | OK |
Version: 1.0
Check: CRAN incoming feasibility
Result: NOTE
Maintainer: ‘Arturo Erdely <arturo.erdely@comunidad.unam.mx>’
No Authors@R field in DESCRIPTION.
Please add one, modifying
Authors@R: c(person(given = "Arturo",
family = "Erdely",
role = c("aut", "cre"),
email = "arturo.erdely@comunidad.unam.mx"),
person(given = "Ian",
family = "Castillo",
role = "aut"))
as necessary.
File 'R/cumstats-internal.R' sets .Random.seed.
This is usually neither needed nor wanted.
Flavors: r-devel-linux-x86_64-debian-clang, r-devel-linux-x86_64-debian-gcc
These binaries (installable software) and packages are in development.
They may not be fully stable and should be used with caution. We make no claims about them.
Health stats visible at Monitor.