CRAN Package Check Results for Package cubing

Last updated on 2025-05-17 15:50:39 CEST.

Flavor Version Tinstall Tcheck Ttotal Status Flags
r-devel-linux-x86_64-debian-clang 1.0-5 23.43 57.78 81.21 NOTE
r-devel-linux-x86_64-debian-gcc 1.0-5 18.15 43.93 62.08 NOTE
r-devel-linux-x86_64-fedora-clang 1.0-5 133.73 OK
r-devel-linux-x86_64-fedora-gcc 1.0-5 143.85 OK
r-devel-windows-x86_64 1.0-5 27.00 91.00 118.00 OK
r-patched-linux-x86_64 1.0-5 23.98 55.38 79.36 OK
r-release-linux-x86_64 1.0-5 24.95 54.76 79.71 OK
r-release-macos-arm64 1.0-5 56.00 OK
r-release-macos-x86_64 1.0-5 88.00 OK
r-release-windows-x86_64 1.0-5 29.00 90.00 119.00 OK
r-oldrel-macos-arm64 1.0-5 51.00 OK
r-oldrel-macos-x86_64 1.0-5 72.00 OK
r-oldrel-windows-x86_64 1.0-5 36.00 96.00 132.00 OK

Check Details

Version: 1.0-5
Check: CRAN incoming feasibility
Result: NOTE Maintainer: ‘Alec Stephenson <alec_stephenson@hotmail.com>’ No Authors@R field in DESCRIPTION. Please add one, modifying Authors@R: c(person(given = "Alec", family = "Stephenson.", role = "aut"), person(given = "Alec", family = "Stephenson", role = "cre", email = "alec_stephenson@hotmail.com")) as necessary. Package CITATION file contains call(s) to old-style citEntry(). Please use bibentry() instead. The Description field contains solvers. See Rokicki, T. (2008) <arXiv:0803.3435> for the Kociemba Please refer to arXiv e-prints via their arXiv DOI <doi:10.48550/arXiv.YYMM.NNNNN>. Flavors: r-devel-linux-x86_64-debian-clang, r-devel-linux-x86_64-debian-gcc

These binaries (installable software) and packages are in development.
They may not be fully stable and should be used with caution. We make no claims about them.
Health stats visible at Monitor.