Last updated on 2025-05-03 22:49:50 CEST.
Flavor | Version | Tinstall | Tcheck | Ttotal | Status | Flags |
---|---|---|---|---|---|---|
r-devel-linux-x86_64-debian-clang | 0.1-4 | 11.79 | 66.63 | 78.42 | NOTE | |
r-devel-linux-x86_64-debian-gcc | 0.1-4 | 8.54 | 49.34 | 57.88 | NOTE | |
r-devel-linux-x86_64-fedora-clang | 0.1-4 | 122.58 | OK | |||
r-devel-linux-x86_64-fedora-gcc | 0.1-4 | 133.01 | OK | |||
r-devel-windows-x86_64 | 0.1-4 | 23.00 | 124.00 | 147.00 | OK | |
r-patched-linux-x86_64 | 0.1-4 | 11.93 | 63.92 | 75.85 | OK | |
r-release-linux-x86_64 | OK | |||||
r-release-macos-arm64 | 0.1-4 | 50.00 | OK | |||
r-release-macos-x86_64 | 0.1-4 | 89.00 | OK | |||
r-release-windows-x86_64 | 0.1-4 | 23.00 | 110.00 | 133.00 | OK | |
r-oldrel-macos-arm64 | 0.1-4 | 45.00 | NOTE | |||
r-oldrel-macos-x86_64 | 0.1-4 | 67.00 | NOTE | |||
r-oldrel-windows-x86_64 | 0.1-4 | 28.00 | 118.00 | 146.00 | OK |
Version: 0.1-4
Check: CRAN incoming feasibility
Result: NOTE
Maintainer: ‘Wei-Chen Chen <wccsnow@gmail.com>’
Package CITATION file contains call(s) to old-style personList() or
as.personList(). Please use c() on person objects instead.
Package CITATION file contains call(s) to old-style citEntry(). Please
use bibentry() instead.
Flavors: r-devel-linux-x86_64-debian-clang, r-devel-linux-x86_64-debian-gcc
Version: 0.1-4
Check: package dependencies
Result: NOTE
Package which this enhances but not available for checking: ‘pbdMPI’
Flavors: r-oldrel-macos-arm64, r-oldrel-macos-x86_64
These binaries (installable software) and packages are in development.
They may not be fully stable and should be used with caution. We make no claims about them.
Health stats visible at Monitor.