Last updated on 2024-05-02 09:51:28 CEST.
Flavor | Version | Tinstall | Tcheck | Ttotal | Status | Flags |
---|---|---|---|---|---|---|
r-devel-linux-x86_64-debian-clang | 2.1.0 | 51.95 | 259.38 | 311.33 | NOTE | |
r-devel-linux-x86_64-debian-gcc | 2.1.0 | 38.90 | 157.67 | 196.57 | NOTE | |
r-devel-linux-x86_64-fedora-clang | 2.1.0 | 370.60 | NOTE | |||
r-devel-linux-x86_64-fedora-gcc | 2.1.0 | 360.67 | NOTE | |||
r-devel-windows-x86_64 | 2.1.0 | 39.00 | 169.00 | 208.00 | NOTE | |
r-patched-linux-x86_64 | 2.1.0 | 44.74 | 232.84 | 277.58 | NOTE | |
r-release-linux-x86_64 | 2.1.0 | 49.09 | 233.87 | 282.96 | NOTE | |
r-release-macos-arm64 | 2.1.0 | 82.00 | ERROR | |||
r-release-windows-x86_64 | 2.1.0 | 41.00 | 176.00 | 217.00 | NOTE | |
r-oldrel-macos-arm64 | 2.1.0 | 123.00 | OK | |||
r-oldrel-macos-x86_64 | 2.1.0 | 359.00 | OK | |||
r-oldrel-windows-x86_64 | 2.1.0 | 46.00 | 219.00 | 265.00 | OK |
Version: 2.1.0
Check: Rd files
Result: NOTE
checkRd: (-1) cubintegrate.Rd:67: Lost braces; missing escapes or markup?
67 | evaluated} - {returnCode}{the actual integer return code
| ^
checkRd: (-1) cubintegrate.Rd:67-69: Lost braces
67 | evaluated} - {returnCode}{the actual integer return code
| ^
Flavors: r-devel-linux-x86_64-debian-clang, r-devel-linux-x86_64-debian-gcc, r-devel-linux-x86_64-fedora-clang, r-devel-linux-x86_64-fedora-gcc, r-devel-windows-x86_64, r-patched-linux-x86_64, r-release-linux-x86_64, r-release-macos-arm64, r-release-windows-x86_64
Version: 2.1.0
Check: tests
Result: ERROR
Running ‘testthat.R’ [0s/0s]
Running the tests in ‘tests/testthat.R’ failed.
Complete output:
> library(testthat)
Error: package or namespace load failed for 'testthat' in loadNamespace(j <- i[[1L]], c(lib.loc, .libPaths()), versionCheck = vI[[j]]):
there is no package called 'brio'
Execution halted
Flavor: r-release-macos-arm64
These binaries (installable software) and packages are in development.
They may not be fully stable and should be used with caution. We make no claims about them.
Health stats visible at Monitor.