Last updated on 2025-02-02 05:48:21 CET.
Flavor | Version | Tinstall | Tcheck | Ttotal | Status | Flags |
---|---|---|---|---|---|---|
r-devel-linux-x86_64-debian-clang | 1.1.0 | 10.20 | 97.15 | 107.35 | OK | |
r-devel-linux-x86_64-debian-gcc | 1.1.0 | 5.94 | 72.25 | 78.19 | OK | |
r-devel-linux-x86_64-fedora-clang | 1.1.0 | 177.95 | OK | |||
r-devel-linux-x86_64-fedora-gcc | 1.1.0 | 168.45 | OK | |||
r-devel-windows-x86_64 | 1.1.0 | 12.00 | 166.00 | 178.00 | OK | |
r-patched-linux-x86_64 | 1.1.0 | 9.77 | 88.57 | 98.34 | OK | |
r-release-linux-x86_64 | 1.1.0 | 8.74 | 88.86 | 97.60 | OK | |
r-release-macos-arm64 | 1.1.0 | 109.00 | OK | |||
r-release-macos-x86_64 | 1.1.0 | 151.00 | OK | |||
r-release-windows-x86_64 | 1.1.0 | 10.00 | 163.00 | 173.00 | OK | |
r-oldrel-macos-arm64 | 1.1.0 | 106.00 | OK | |||
r-oldrel-macos-x86_64 | 1.1.0 | 148.00 | ERROR | |||
r-oldrel-windows-x86_64 | 1.1.0 | 13.00 | 184.00 | 197.00 | OK |
Version: 1.1.0
Check: re-building of vignette outputs
Result: ERROR
Error(s) in re-building vignettes:
--- re-building ‘Bioactivity.Rmd’ using rmarkdown
Pandoc is required to build R Markdown vignettes but not available. Please make sure it is installed.
Quitting from lines 16-16 [unnamed-chunk-1] (Bioactivity.Rmd)
Error: processing vignette 'Bioactivity.Rmd' failed with diagnostics:
object 'params' not found
--- failed re-building ‘Bioactivity.Rmd’
--- re-building ‘Chemical.Rmd’ using rmarkdown
Pandoc is required to build R Markdown vignettes but not available. Please make sure it is installed.
Quitting from lines 16-16 [unnamed-chunk-1] (Chemical.Rmd)
Error: processing vignette 'Chemical.Rmd' failed with diagnostics:
object 'params' not found
--- failed re-building ‘Chemical.Rmd’
--- re-building ‘Exposure.Rmd’ using rmarkdown
Pandoc is required to build R Markdown vignettes but not available. Please make sure it is installed.
Quitting from lines 16-16 [unnamed-chunk-1] (Exposure.Rmd)
Error: processing vignette 'Exposure.Rmd' failed with diagnostics:
object 'params' not found
--- failed re-building ‘Exposure.Rmd’
--- re-building ‘Hazard.Rmd’ using rmarkdown
Pandoc is required to build R Markdown vignettes but not available. Please make sure it is installed.
Quitting from lines 16-16 [unnamed-chunk-1] (Hazard.Rmd)
Error: processing vignette 'Hazard.Rmd' failed with diagnostics:
object 'params' not found
--- failed re-building ‘Hazard.Rmd’
--- re-building ‘Introduction.Rmd’ using rmarkdown
Pandoc is required to build R Markdown vignettes but not available. Please make sure it is installed.
Quitting from lines 15-15 [unnamed-chunk-1] (Introduction.Rmd)
Error: processing vignette 'Introduction.Rmd' failed with diagnostics:
object 'params' not found
--- failed re-building ‘Introduction.Rmd’
SUMMARY: processing the following files failed:
‘Bioactivity.Rmd’ ‘Chemical.Rmd’ ‘Exposure.Rmd’ ‘Hazard.Rmd’
‘Introduction.Rmd’
Error: Vignette re-building failed.
Execution halted
Flavor: r-oldrel-macos-x86_64
These binaries (installable software) and packages are in development.
They may not be fully stable and should be used with caution. We make no claims about them.
Health stats visible at Monitor.