Last updated on 2025-05-03 22:49:50 CEST.
Flavor | Version | Tinstall | Tcheck | Ttotal | Status | Flags |
---|---|---|---|---|---|---|
r-devel-linux-x86_64-debian-clang | 3.10.2 | 1166.48 | 408.57 | 1575.05 | OK | |
r-devel-linux-x86_64-debian-gcc | 3.10.2 | 1000.01 | 304.60 | 1304.61 | OK | |
r-devel-linux-x86_64-fedora-clang | 3.10.2 | 2143.60 | NOTE | |||
r-devel-linux-x86_64-fedora-gcc | 3.10.2 | 3178.47 | NOTE | |||
r-devel-windows-x86_64 | 3.10.2 | 1015.00 | 421.00 | 1436.00 | OK | --no-vignettes |
r-patched-linux-x86_64 | 3.10.2 | 1222.94 | 442.62 | 1665.56 | OK | |
r-release-linux-x86_64 | OK | |||||
r-release-macos-arm64 | 3.10.2 | 547.00 | OK | |||
r-release-windows-x86_64 | 3.10.2 | 1012.00 | 365.00 | 1377.00 | OK | --no-vignettes |
r-oldrel-macos-arm64 | 3.10.2 | 323.00 | NOTE | |||
r-oldrel-windows-x86_64 | 3.10.2 | 1080.00 | 463.00 | 1543.00 | NOTE | --no-vignettes |
Version: 3.10.2
Check: dependencies in R code
Result: NOTE
Namespaces in Imports field not imported from:
‘rstantools’ ‘statmod’
All declared Imports should be used.
Flavors: r-devel-linux-x86_64-fedora-clang, r-devel-linux-x86_64-fedora-gcc
Version: 3.10.2
Check: installed package size
Result: NOTE
installed size is 201.7Mb
sub-directories of 1Mb or more:
R 2.0Mb
data 1.7Mb
libs 196.6Mb
Flavor: r-oldrel-macos-arm64
Version: 3.10.2
Check: for GNU extensions in Makefiles
Result: NOTE
GNU make is a SystemRequirements.
Flavor: r-oldrel-macos-arm64
Version: 3.10.2
Flags: --no-vignettes
Check: installed package size
Result: NOTE
installed size is 11.7Mb
sub-directories of 1Mb or more:
R 1.2Mb
data 1.7Mb
libs 7.5Mb
Flavor: r-oldrel-windows-x86_64
These binaries (installable software) and packages are in development.
They may not be fully stable and should be used with caution. We make no claims about them.
Health stats visible at Monitor.