CRAN Package Check Results for Package ctmle

Last updated on 2025-05-17 17:49:16 CEST.

Flavor Version Tinstall Tcheck Ttotal Status Flags
r-devel-linux-x86_64-debian-clang 0.1.2 8.90 155.98 164.88 NOTE
r-devel-linux-x86_64-debian-gcc 0.1.2 6.76 114.92 121.68 NOTE
r-devel-linux-x86_64-fedora-clang 0.1.2 260.82 OK
r-devel-linux-x86_64-fedora-gcc 0.1.2 293.26 OK
r-devel-windows-x86_64 0.1.2 12.00 172.00 184.00 OK
r-patched-linux-x86_64 0.1.2 9.37 148.24 157.61 OK
r-release-linux-x86_64 0.1.2 8.93 147.29 156.22 OK
r-release-macos-arm64 0.1.2 100.00 OK
r-release-macos-x86_64 0.1.2 175.00 OK
r-release-windows-x86_64 0.1.2 11.00 171.00 182.00 OK
r-oldrel-macos-arm64 0.1.2 79.00 OK
r-oldrel-macos-x86_64 0.1.2 121.00 OK
r-oldrel-windows-x86_64 0.1.2 16.00 213.00 229.00 OK

Check Details

Version: 0.1.2
Check: CRAN incoming feasibility
Result: NOTE Maintainer: ‘Cheng Ju <jucheng1992@gmail.com>’ The Description field contains algorithm (Ju et al. (2017) <arXiv:1706.10029>). Please refer to arXiv e-prints via their arXiv DOI <doi:10.48550/arXiv.YYMM.NNNNN>. Flavors: r-devel-linux-x86_64-debian-clang, r-devel-linux-x86_64-debian-gcc

These binaries (installable software) and packages are in development.
They may not be fully stable and should be used with caution. We make no claims about them.
Health stats visible at Monitor.